000
CXUS54 KMAF 251100
CF6GDP
PRELIMINARY LOCAL CLIMATOLOGICAL DATA (WS FORM: F-6)

                                          STATION:   Guadalupe Pass
                                          MONTH:     SEPTEMBER
                                          YEAR:      2016
                                          LATITUDE:   31 49 N
                                          LONGITUDE: 104 48 W

  TEMPERATURE IN F:       :PCPN:    SNOW:  WIND      :SUNSHINE: SKY     :PK WND
================================================================================
1   2   3   4   5  6A  6B    7    8   9   10  11  12  13   14  15   16   17  18
                                     12Z  AVG MX 2MIN
DY MAX MIN AVG DEP HDD CDD  WTR  SNW DPTH SPD SPD DIR MIN PSBL S-S WX    SPD DR
================================================================================

 1  74  61  68  -5   0   3    M  0.0    0 11.0 26  50   M    M   9 12     29  60
 2  75  61  68  -5   0   3 0.00  0.0    0 17.0 22  60   M    M   2 1      25  60
 3  83  64  74   1   0   9 0.00  0.0    0 10.2 24  80   M    M   2        27  90
 4  87  65  76   4   0  11 0.00  0.0    0 11.7 28 210   M    M   1        33 210
 5  85  67  76   4   0  11 0.00  0.0    0 11.6 22  50   M    M   1        26 240
 6  80  67  74   2   0   9    T  0.0    0 12.1 26 240   M    M   5        30 240
 7  79  62  71  -1   0   6 0.29  0.0    0 13.5 31 260   M    M   7 12     40 240
 8  78  61  70  -2   0   5 0.00  0.0    M 21.3 35 240   M    M   3 12     41 240
 9  83  61  72   1   0   7 0.00  0.0    0 15.2 29 250   M    M   1        34 250
10  77  57  67  -4   0   2 0.00  0.0    0 28.8 52  40   M    M   4 8      60  40
11  80  57  69  -2   0   4 0.00  0.0    0 12.7 24 240   M    M   2 12     29 240
12  85  63  74   4   0   9    T  0.0    0 14.7 24  70   M    M   2        31 190
13  84  61  73   3   0   8 0.00  0.0    0 13.2 23  40   M    M   1        25  40
14  77  60  69  -1   0   4    T  0.0    0 18.2 30  50   M    M   3 12     35  50
15  73  61  67  -3   0   2 0.33  0.0    0 21.0 30  50   M    M   7 1      36  60
16  82  59  71   1   0   6 0.07  0.0    0 11.1 29  50   M    M   0 1      31  50
17  85  60  73   4   0   8 0.02  0.0    0 14.2 32  50   M    M   3 12     34  50
18  88  61  75   6   0  10 0.00  0.0    0 11.0 22 240   M    M   0        26 260
19  91  68  80  11   0  15 0.00  0.0    0 11.4 23  40   M    M   0        25  40
20  86  69  78  10   0  13 0.00  0.0    0 11.8 26  50   M    M   2        28  50
21  84  68  76   8   0  11 0.00  0.0    0  9.5 24  50   M    M   1        29  50
22  88  70  79  11   0  14 0.00  0.0    0 12.8 23 110   M    M   0        31 110
23  87  65  76   8   0  11 0.00  0.0    0 15.0 32 240   M    M   1        36 250
24  82  59  71   4   0   6 0.00  0.0    0 16.0 35 250   M    M   1        44 240
================================================================================
SM 1973 1507         0 187  0.71     0.0 345.0          M       58
================================================================================
AV 82.2 62.8                              14.4 FASTST   M    M   2    MAX(MPH)
                                 MISC ---->  # 52  40               # 60   40
================================================================================
NOTES:
# LAST OF SEVERAL OCCURRENCES

COLUMN 17 PEAK WIND IN M.P.H.

PRELIMINARY LOCAL CLIMATOLOGICAL DATA (WS FORM: F-6) , PAGE 2

                                          STATION:  Guadalupe Pass
                                          MONTH:    SEPTEMBER
                                          YEAR:     2016
                                          LATITUDE:   31 49 N
                                          LONGITUDE: 104 48 W

[TEMPERATURE DATA]      [PRECIPITATION DATA]       SYMBOLS USED IN COLUMN 16

AVERAGE MONTHLY: 72.5   TOTAL FOR MONTH:   0.71    1 = FOG OR MIST
DPTR FM NORMAL:   2.2   DPTR FM NORMAL:   -0.91    2 = FOG REDUCING VISIBILITY
HIGHEST:    91 ON 19    GRTST 24HR  0.33 ON 15-15      TO 1/4 MILE OR LESS
LOWEST:     57 ON 11,10                            3 = THUNDER
                        SNOW, ICE PELLETS, HAIL    4 = ICE PELLETS
                        TOTAL MONTH:   0.0 INCH    5 = HAIL
                        GRTST 24HR     0.0         6 = FREEZING RAIN OR DRIZZLE
                        GRTST DEPTH:   0           7 = DUSTSTORM OR SANDSTORM:
                                                       VSBY 1/2 MILE OR LESS
                                                   8 = SMOKE OR HAZE
[NO. OF DAYS WITH]      [WEATHER - DAYS WITH]      9 = BLOWING SNOW
                                                   X = TORNADO
MAX 32 OR BELOW:   0    0.01 INCH OR MORE:   4
MAX 90 OR ABOVE:   1    0.10 INCH OR MORE:   2
MIN 32 OR BELOW:   0    0.50 INCH OR MORE:   0
MIN  0 OR BELOW:   0    1.00 INCH OR MORE:   0

[HDD (BASE 65) ]
TOTAL THIS MO.     0    CLEAR  (SCALE 0-3)  18
DPTR FM NORMAL   -16    PTCLDY (SCALE 4-7)   5
TOTAL FM JUL 1     1    CLOUDY (SCALE 8-10)  1
DPTR FM NORMAL   -18

[CDD (BASE 65) ]
TOTAL THIS MO.   187
DPTR FM NORMAL    43    [PRESSURE DATA]
TOTAL FM JAN 1  1349    HIGHEST SLP M ON M
DPTR FM NORMAL   -24    LOWEST  SLP 29.72 ON 23

[REMARKS]
