000
CXUS56 KOTX 240900
CF6GEG
PRELIMINARY LOCAL CLIMATOLOGICAL DATA (WS FORM: F-6)

                                          STATION:   SPOKANE WA AIRPORT
                                          MONTH:     JANUARY
                                          YEAR:      2017
                                          LATITUDE:   47 37 N
                                          LONGITUDE: 117 32 W

  TEMPERATURE IN F:       :PCPN:    SNOW:  WIND      :SUNSHINE: SKY     :PK WND
================================================================================
1   2   3   4   5  6A  6B    7    8   9   10  11  12  13   14  15   16   17  18
                                     12Z  AVG MX 2MIN
DY MAX MIN AVG DEP HDD CDD  WTR  SNW DPTH SPD SPD DIR MIN PSBL S-S WX    SPD DR
================================================================================

 1  26  19  23  -4  42   0 0.20  4.4    4  9.2 24  60   M    M  10 129    32  40
 2  20  12  16 -11  49   0    T    T    6 13.0 23  50   M    M   8        30  60
 3  16   6  11 -17  54   0 0.00  0.0    7  9.1 15  20   M    M   7 8      17  20
 4  18  -3   8 -20  57   0 0.00  0.0    7  7.6 17  20   M    M   1        20  30
 5  14  -3   6 -22  59   0    T    T    6  4.0  8  60   M    M   6 1      10  50
 6  18   0   9 -19  56   0 0.00  0.0    6  1.8  8  50   M    M   8 18      9  60
 7  19  -3   8 -20  57   0 0.13  1.5    6  4.7 12  40   M    M   8 16     15  50
 8  28  17  23  -5  42   0 0.43  2.9    7  9.0 16 200   M    M   9 126    21  60
 9  28  21  25  -4  40   0 0.15  1.7    9  6.5 17 250   M    M   9 126    20 250
10  27  14  21  -8  44   0 0.04  0.7   10  7.6 16  10   M    M   8 12     19  10
11  20   2  11 -18  54   0    T    T   11  6.5 15  30   M    M   6 1      17  20
12  18  -4   7 -22  58   0    T    M   10  2.4  7 260   M    M   6 1      10  30
13  17   2  10 -19  55   0 0.00  0.0   10  1.6  8 220   M    M   8 1       9 230
14  17  -4   7 -22  58   0 0.00  0.0   10  4.1  9 210   M    M   4 18     10 160
15  13  -2   6 -24  59   0    T    T   10  4.0 10 240   M    M   8 128    11 230
16  17  -2   8 -22  57   0    T  0.3   10  2.1  9 290   M    M   8 12     10  60
17  30   9  20 -10  45   0 0.24  0.1   10  3.1  9  60   M    M   9 146    11 110
18  41  30  36   6  29   0 0.41  0.7    8 10.4 20 160   M    M   8 146    26 160
19  40  29  35   5  30   0    T    T    6  7.6 17 160   M    M   7 1      22 160
20  43  26  35   5  30   0    T  0.0    6  6.9 15  70   M    M   7 16     17  80
21  39  32  36   6  29   0 0.03    T    6  5.0 13  70   M    M   9 1      14  70
22  41  32  37   7  28   0 0.20  0.7    7  8.3 15 150   M    M   7 1      22 150
23  34  28  31   0  34   0 0.00  0.0    7  5.2 10 240   M    M   9 12     14 160
================================================================================
SM  584  258      1066   0  1.83    13.0 139.7          M      170
================================================================================
AV 25.4 11.2                               6.1 FASTST   M    M   7    MAX(MPH)
                                 MISC ---->  # 24  60               # 32   40
================================================================================
NOTES:
# LAST OF SEVERAL OCCURRENCES

COLUMN 17 PEAK WIND IN M.P.H.

PRELIMINARY LOCAL CLIMATOLOGICAL DATA (WS FORM: F-6) , PAGE 2

                                          STATION:  SPOKANE WA AIRPORT
                                          MONTH:    JANUARY
                                          YEAR:     2017
                                          LATITUDE:   47 37 N
                                          LONGITUDE: 117 32 W

[TEMPERATURE DATA]      [PRECIPITATION DATA]       SYMBOLS USED IN COLUMN 16

AVERAGE MONTHLY: 18.3   TOTAL FOR MONTH:   1.83    1 = FOG OR MIST
DPTR FM NORMAL: -10.7   DPTR FM NORMAL:    0.44    2 = FOG REDUCING VISIBILITY
HIGHEST:    43 ON 20    GRTST 24HR  0.60 ON 17-18      TO 1/4 MILE OR LESS
LOWEST:     -4 ON 14,12                            3 = THUNDER
                        SNOW, ICE PELLETS, HAIL    4 = ICE PELLETS
                        TOTAL MONTH:  13.0 INCHES  5 = HAIL
                        GRTST 24HR   4.4 ON   M    6 = FREEZING RAIN OR DRIZZLE
                        GRTST DEPTH:  11 ON 11     7 = DUSTSTORM OR SANDSTORM:
                                                       VSBY 1/2 MILE OR LESS
                                                   8 = SMOKE OR HAZE
[NO. OF DAYS WITH]      [WEATHER - DAYS WITH]      9 = BLOWING SNOW
                                                   X = TORNADO
MAX 32 OR BELOW:  17    0.01 INCH OR MORE:   9
MAX 90 OR ABOVE:   0    0.10 INCH OR MORE:   7
MIN 32 OR BELOW:  23    0.50 INCH OR MORE:   0
MIN  0 OR BELOW:   8    1.00 INCH OR MORE:   0

[HDD (BASE 65) ]
TOTAL THIS MO.  1066    CLEAR  (SCALE 0-3)   1
DPTR FM NORMAL   239    PTCLDY (SCALE 4-7)  15
TOTAL FM JUL 1  3688    CLOUDY (SCALE 8-10)  7
DPTR FM NORMAL    27

[CDD (BASE 65) ]
TOTAL THIS MO.     0
DPTR FM NORMAL     0    [PRESSURE DATA]
TOTAL FM JAN 1     0    HIGHEST SLP M ON M
DPTR FM NORMAL     0    LOWEST  SLP 29.24 ON 20

[REMARKS]
