000
CXUS54 KSHV 011300
CF6GGG
PRELIMINARY LOCAL CLIMATOLOGICAL DATA (WS FORM: F-6)

                                          STATION:   LONGVIEW
                                          MONTH:     JULY
                                          YEAR:      2015
                                          LATITUDE:   32 22 N
                                          LONGITUDE:  94 43 W

  TEMPERATURE IN F:       :PCPN:    SNOW:  WIND      :SUNSHINE: SKY     :PK WND
================================================================================
1   2   3   4   5  6A  6B    7    8   9   10  11  12  13   14  15   16   17  18
                                     12Z  AVG MX 2MIN
DY MAX MIN AVG DEP HDD CDD  WTR  SNW DPTH SPD SPD DIR MIN PSBL S-S WX    SPD DR
================================================================================

 1  94   M   M   M   M   M 0.00  0.0    0  9.9 15 200   M    M   1         M  M
 2  94  76  85   2   0  20 0.00  0.0    0 11.0 20 210   M    M   2        26 210
 3  91  80  86   3   0  21 0.00  0.0    0  9.0 17 230   M    M   1        23 230
 4  95  78  87   4   0  22 0.01  0.0    0  9.6 21  60   M    M   4        27  60
 5   M   M   M   M   M   M 0.00  0.0    0  9.3 17 100   M    M   4        22 210
 6   M   M   M   M   M   M 0.00  0.0    0 11.3 21 200   M    M   2        27 200
 7  94  77  86   3   0  21 0.14  0.0    0 10.2 29 200   M    M   2 3      32 200
 8  93  79  86   3   0  21 0.00  0.0    0 13.2 22 190   M    M   3        29 190
 9  93  75  84   1   0  19 0.00  0.0    0  7.9 18 200   M    M   2        23 200
10  94  74  84   1   0  19 0.00  0.0    0  6.9 14 160   M    M   1        21 180
11  94  77  86   3   0  21 0.00  0.0    0  6.5 13 180   M    M   2        16 220
12  95  77  86   2   0  21 0.00  0.0    0  7.3 12 190   M    M   1        18 220
13  96  76  86   2   0  21 0.00  0.0    0  7.5 14 240   M    M   1        18 210
14  96  76  86   2   0  21 0.00  0.0    0  8.0 13 220   M    M   1        19 230
15  96  76  86   2   0  21 0.00  0.0    0  6.7 13 250   M    M   0        19 190
16  96  76  86   2   0  21 0.00  0.0    0  7.7 14 220   M    M   1        17 180
17  96  77  87   3   0  22 0.00  0.0    0  8.2 15 200   M    M   1        20 200
18  97  78  88   4   0  23 0.00  0.0    0  7.8 15 200   M    M   2        21 210
19  98  77  88   4   0  23 0.00  0.0    0  5.4 12 250   M    M   0        15 220
20  99  78  89   5   0  24 0.00  0.0    0  7.0 14 230   M    M   1        16 230
21  97  78  88   4   0  23 0.00  0.0    0  6.7 12 260   M    M   1        16 240
22  98  79  89   5   0  24 0.00  0.0    0  8.8 16 220   M    M   2        20 260
23  99  77  88   4   0  23 0.00  0.0    0  9.2 17 220   M    M   1        20 220
24 100  77  89   5   0  24 0.00  0.0    0  6.5 13 200   M    M   0        16 210
25 100  78  89   5   0  24 0.00  0.0    0  4.7 10 250   M    M   1        14 240
26 101  77  89   5   0  24 0.00  0.0    0  4.2 21 150   M    M   2        25 150
27 100  76  88   4   0  23 0.00  0.0    0  4.9 12 130   M    M   2        17 130
28 100  79  90   6   0  25 0.00  0.0    0  6.6 13 180   M    M   1        18 180
29 101  76  89   5   0  24 0.00  0.0    0  3.5 12 190   M    M   1        13 270
30 104  76  90   6   0  25 0.00  0.0    0  4.7 17  90   M    M   1        24  80
31  97  75  86   2   0  21 0.00  0.0    0  6.2 16  70   M    M   0        21  80
================================================================================
SM 2808 2155         0 621  0.15     0.0 236.4          M       44
================================================================================
AV 96.8 77.0                               7.6 FASTST   M    M   1    MAX(MPH)
                                 MISC ---->  # 29 200               # 32  200
================================================================================
NOTES:
# LAST OF SEVERAL OCCURRENCES

COLUMN 17 PEAK WIND IN M.P.H.

PRELIMINARY LOCAL CLIMATOLOGICAL DATA (WS FORM: F-6) , PAGE 2

                                          STATION:  LONGVIEW
                                          MONTH:    JULY
                                          YEAR:     2015
                                          LATITUDE:   32 22 N
                                          LONGITUDE:  94 43 W

[TEMPERATURE DATA]      [PRECIPITATION DATA]       SYMBOLS USED IN COLUMN 16

AVERAGE MONTHLY: 86.9   TOTAL FOR MONTH:   0.15    1 = FOG OR MIST
DPTR FM NORMAL:   3.5   DPTR FM NORMAL:   -2.74    2 = FOG REDUCING VISIBILITY
HIGHEST:   104 ON 30    GRTST 24HR  0.14 ON  7- 7      TO 1/4 MILE OR LESS
LOWEST:     74 ON 10                               3 = THUNDER
                        SNOW, ICE PELLETS, HAIL    4 = ICE PELLETS
                        TOTAL MONTH:   0.0 INCH    5 = HAIL
                        GRTST 24HR     0.0         6 = FREEZING RAIN OR DRIZZLE
                        GRTST DEPTH:   0           7 = DUSTSTORM OR SANDSTORM:
                                                       VSBY 1/2 MILE OR LESS
                                                   8 = SMOKE OR HAZE
[NO. OF DAYS WITH]      [WEATHER - DAYS WITH]      9 = BLOWING SNOW
                                                   X = TORNADO
MAX 32 OR BELOW:   0    0.01 INCH OR MORE:   2
MAX 90 OR ABOVE:  29    0.10 INCH OR MORE:   1
MIN 32 OR BELOW:   0    0.50 INCH OR MORE:   0
MIN  0 OR BELOW:   0    1.00 INCH OR MORE:   0

[HDD (BASE 65) ]
TOTAL THIS MO.     0    CLEAR  (SCALE 0-3)  29
DPTR FM NORMAL     0    PTCLDY (SCALE 4-7)   2
TOTAL FM JUL 1     0    CLOUDY (SCALE 8-10)  0
DPTR FM NORMAL     0

[CDD (BASE 65) ]
TOTAL THIS MO.   621
DPTR FM NORMAL    49    [PRESSURE DATA]
TOTAL FM JAN 1  1565    HIGHEST SLP 30.15 ON 11
DPTR FM NORMAL   175    LOWEST  SLP 29.79 ON 14

[REMARKS]
#FINAL-07-15#
