346
CXUS55 KGGW 220800
CF6GGW
PRELIMINARY LOCAL CLIMATOLOGICAL DATA (WS FORM: F-6)

                                          STATION:   GLASGOW MT
                                          MONTH:     JANUARY
                                          YEAR:      2018
                                          LATITUDE:   48 13 N
                                          LONGITUDE: 106 37 W

  TEMPERATURE IN F:       :PCPN:    SNOW:  WIND      :SUNSHINE: SKY     :PK WND
================================================================================
1   2   3   4   5  6A  6B    7    8   9   10  11  12  13   14  15   16   17  18
                                     12Z  AVG MX 2MIN
DY MAX MIN AVG DEP HDD CDD  WTR  SNW DPTH SPD SPD DIR MIN PSBL S-S WX    SPD DR
================================================================================

 1 -19 -31 -25 -38  90   0 0.00  0.0    6  6.8 16 100   M    M   0        17 100
 2  18 -31  -6 -19  71   0 0.00  0.0    5  6.6 13 320   M    M   3        15 310
 3  20   3  12  -1  53   0 0.00  0.0    5  4.6 12 300   M    M   1 1      13 310
 4  15   0   8  -5  57   0 0.00  0.0    5  4.6 10 310   M    M   0 1      11 290
 5  17   0   9  -4  56   0 0.00  0.0    5 13.1 21 110   M    M   8 12     23 110
 6  35  11  23  10  42   0    T  0.0    5  6.9 23 310   M    M   1        28 320
 7  37  13  25  12  40   0 0.00  0.0    4  5.6 21 320   M    M   5 12     26 300
 8  26  13  20   7  45   0 0.00  0.0    4  6.9 14 110   M    M   2 1      15 110
 9  33  16  25  12  40   0    T    T    4 10.0 28 340   M    M   2 16     33 340
10  26 -11   8  -5  57   0 0.31  5.7    6 19.3 32 320   M    M   7 18     37 320
11   2 -19  -8 -21  73   0 0.03  0.6    6  7.7 14  60   M    M   2 8      16 320
12  -8 -19 -13 -26  78   0    T    T    6 10.3 17 110   M    M   7        19 110
13   6 -18  -6 -19  71   0 0.00  0.0    6  7.7 15 110   M    M   5        18 100
14  27  -9   9  -4  56   0    T    T    6 10.7 24 330   M    M   4        30 340
15  -6 -20 -13 -26  78   0 0.00  0.0    5  9.6 17 110   M    M   0 1      20 110
16   9 -14  -2 -16  67   0 0.00  0.0    5 13.8 18 110   M    M   0        23 120
17  27  -6  11  -3  54   0 0.00  0.0    5  3.4  9 130   M    M   0        10 120
18  43  13  28  14  37   0    T  0.0    3  5.9 15 280   M    M   3        19 280
19  43  23  33  19  32   0    T  0.0    3  7.8 18 330   M    M   2        21 330
20  32  13  23   9  42   0 0.00  0.0    3  4.6  9 230   M    M   0        14 190
21  28   6  17   3  48   0 0.00  0.0    3  3.3 13 110   M    M   0 18     13 110
================================================================================
SM  411  -67      1187   0  0.34     6.3 169.2          M       52
================================================================================
AV 19.6 -3.2                               8.1 FASTST   M    M   2    MAX(MPH)
                                 MISC ---->  # 32 320               # 37  320
================================================================================
NOTES:
# LAST OF SEVERAL OCCURRENCES

COLUMN 17 PEAK WIND IN M.P.H.

PRELIMINARY LOCAL CLIMATOLOGICAL DATA (WS FORM: F-6) , PAGE 2

                                          STATION:  GLASGOW MT
                                          MONTH:    JANUARY
                                          YEAR:     2018
                                          LATITUDE:   48 13 N
                                          LONGITUDE: 106 37 W

[TEMPERATURE DATA]      [PRECIPITATION DATA]       SYMBOLS USED IN COLUMN 16

AVERAGE MONTHLY:  8.2   TOTAL FOR MONTH:   0.34    1 = FOG OR MIST
DPTR FM NORMAL:  -5.1   DPTR FM NORMAL:    0.06    2 = FOG REDUCING VISIBILITY
HIGHEST:    43 ON 19,18 GRTST 24HR  0.31 ON 10-10      TO 1/4 MILE OR LESS
LOWEST:    -31 ON  2, 1                            3 = THUNDER
                        SNOW, ICE PELLETS, HAIL    4 = ICE PELLETS
                        TOTAL MONTH:   6.3 INCHES  5 = HAIL
                        GRTST 24HR   5.7 ON 10-10  6 = FREEZING RAIN OR DRIZZLE
                        GRTST DEPTH:   6 ON 14,13  7 = DUSTSTORM OR SANDSTORM:
                                                       VSBY 1/2 MILE OR LESS
                                                   8 = SMOKE OR HAZE
[NO. OF DAYS WITH]      [WEATHER - DAYS WITH]      9 = BLOWING SNOW
                                                   X = TORNADO
MAX 32 OR BELOW:  16    0.01 INCH OR MORE:   2
MAX 90 OR ABOVE:   0    0.10 INCH OR MORE:   1
MIN 32 OR BELOW:  21    0.50 INCH OR MORE:   0
MIN  0 OR BELOW:  12    1.00 INCH OR MORE:   0

[HDD (BASE 65) ]
TOTAL THIS MO.  1187    CLEAR  (SCALE 0-3)  14
DPTR FM NORMAL   101    PTCLDY (SCALE 4-7)   7
TOTAL FM JUL 1  4599    CLOUDY (SCALE 8-10)  0
DPTR FM NORMAL    11

[CDD (BASE 65) ]
TOTAL THIS MO.     0
DPTR FM NORMAL     0    [PRESSURE DATA]
TOTAL FM JAN 1     0    HIGHEST SLP M ON M
DPTR FM NORMAL     0    LOWEST  SLP 29.46 ON  9

[REMARKS]
