000
CXUS55 KGGW 270800
CF6GGW
PRELIMINARY LOCAL CLIMATOLOGICAL DATA (WS FORM: F-6)

                                          STATION:   GLASGOW MT
                                          MONTH:     DECEMBER
                                          YEAR:      2014
                                          LATITUDE:   48 13 N
                                          LONGITUDE: 106 37 W

  TEMPERATURE IN F:       :PCPN:    SNOW:  WIND      :SUNSHINE: SKY     :PK WND
================================================================================
1   2   3   4   5  6A  6B    7    8   9   10  11  12  13   14  15   16   17  18
                                     12Z  AVG MX 2MIN
DY MAX MIN AVG DEP HDD CDD  WTR  SNW DPTH SPD SPD DIR MIN PSBL S-S WX    SPD DR
================================================================================

 1  15 -13   1 -20  64   0 0.00  0.0    3 10.1 20 120   M    M   1        22 120
 2  24  -5  10 -11  55   0 0.00  0.0    3  6.6 15 300   M    M   1        19 310
 3  21  -1  10 -10  55   0 0.00  0.0    3  8.5 15  90   M    M   0        17  90
 4  19   0  10 -10  55   0 0.00  0.0    3  4.2 12  60   M    M   3 128    12  60
 5  20   3  12  -8  53   0 0.00  0.0    3  9.9 17 110   M    M   5        22  70
 6  29  16  23   4  42   0    T  0.0    3 11.9 17 100   M    M   2 16     20 110
 7  39  19  29  10  36   0 0.03  0.1    3 10.5 30 310   M    M   3 1      37 310
 8  29  14  22   4  43   0 0.00  0.0    2 12.6 23 110   M    M   6 12     28 110
 9  37  18  28  10  37   0 0.00  0.0    2 10.0 15 100   M    M   0        17 100
10  44  26  35  17  30   0 0.00  0.0    1  9.2 17 110   M    M   0        20 120
11  43  33  38  21  27   0 0.00  0.0    T 13.0 20 120   M    M   0        21 130
12  46  31  39  22  26   0 0.00  0.0    T 11.6 16 110   M    M   0        18 110
13  42  31  37  20  28   0 0.00  0.0    T 11.6 26 320   M    M   1        32 320
14  32  25  29  13  36   0    T    T    T 17.7 25 330   M    M  10 16     29 330
15  28  23  26  10  39   0 0.00  0.0    T  7.9 21 340   M    M  10        25 340
16  24  18  21   5  44   0 0.00  0.0    T 12.4 20 130   M    M  10        22 130
17  24  17  21   5  44   0 0.00  0.0    T 12.5 17 120   M    M  10 1      20 110
18  34  20  27  12  38   0    T    T    0  3.9 13 120   M    M   4 18     15 120
19  39  17  28  13  37   0 0.00  0.0    0  5.3 13 110   M    M   3 128    15 110
20  45  22  34  19  31   0    T  0.0    0  7.4 21 280   M    M   2 6      25 280
21  37  22  30  15  35   0 0.06  0.0    0 11.4 28 300   M    M   7 1      34 310
22  35  27  31  17  34   0    T    T    0 18.9 31 300   M    M  10        39 300
23  38  22  30  16  35   0 0.00  0.0    0  8.9 16 330   M    M   3 1      20 330
24  37  25  31  17  34   0 0.02    T    0  6.9 15 350   M    M   7 6      18 350
25  28  19  24  10  41   0 0.00  0.0    0 11.8 22 340   M    M  10        26 330
26  27  14  21   7  44   0    T    T    0  8.8 15 290   M    M   7        19 280
================================================================================
SM  836  443      1043   0  0.11     0.1 263.5          M      115
================================================================================
AV 32.2 17.0                              10.1 FASTST   M    M   4    MAX(MPH)
                                 MISC ---->  # 31 300               # 39  300
================================================================================
NOTES:
# LAST OF SEVERAL OCCURRENCES

COLUMN 17 PEAK WIND IN M.P.H.

PRELIMINARY LOCAL CLIMATOLOGICAL DATA (WS FORM: F-6) , PAGE 2

                                          STATION:  GLASGOW MT
                                          MONTH:    DECEMBER
                                          YEAR:     2014
                                          LATITUDE:   48 13 N
                                          LONGITUDE: 106 37 W

[TEMPERATURE DATA]      [PRECIPITATION DATA]       SYMBOLS USED IN COLUMN 16

AVERAGE MONTHLY: 24.6   TOTAL FOR MONTH:   0.11    1 = FOG OR MIST
DPTR FM NORMAL:   7.7   DPTR FM NORMAL:   -0.22    2 = FOG REDUCING VISIBILITY
HIGHEST:    46 ON 12    GRTST 24HR  0.06 ON 21-21      TO 1/4 MILE OR LESS
LOWEST:    -13 ON  1                               3 = THUNDER
                        SNOW, ICE PELLETS, HAIL    4 = ICE PELLETS
                        TOTAL MONTH:   0.1 INCH    5 = HAIL
                        GRTST 24HR   0.1 ON   M    6 = FREEZING RAIN OR DRIZZLE
                        GRTST DEPTH:   3 ON  7, 6  7 = DUSTSTORM OR SANDSTORM:
                                                       VSBY 1/2 MILE OR LESS
                                                   8 = SMOKE OR HAZE
[NO. OF DAYS WITH]      [WEATHER - DAYS WITH]      9 = BLOWING SNOW
                                                   X = TORNADO
MAX 32 OR BELOW:  13    0.01 INCH OR MORE:   3
MAX 90 OR ABOVE:   0    0.10 INCH OR MORE:   0
MIN 32 OR BELOW:  25    0.50 INCH OR MORE:   0
MIN  0 OR BELOW:   4    1.00 INCH OR MORE:   0

[HDD (BASE 65) ]
TOTAL THIS MO.  1043    CLEAR  (SCALE 0-3)  14
DPTR FM NORMAL  -210    PTCLDY (SCALE 4-7)   6
TOTAL FM JUL 1  3128    CLOUDY (SCALE 8-10)  6
DPTR FM NORMAL  -118

[CDD (BASE 65) ]
TOTAL THIS MO.     0
DPTR FM NORMAL     0    [PRESSURE DATA]
TOTAL FM JAN 1   495    HIGHEST SLP M ON M
DPTR FM NORMAL   -38    LOWEST  SLP 29.37 ON 21

[REMARKS]
