000
CXUS55 KGJT 251000
CF6GJT
PRELIMINARY LOCAL CLIMATOLOGICAL DATA (WS FORM: F-6)

                                          STATION:   GRAND JUNCTION CO
                                          MONTH:     JANUARY
                                          YEAR:      2015
                                          LATITUDE:   39  7 N
                                          LONGITUDE: 108 32 W

  TEMPERATURE IN F:       :PCPN:    SNOW:  WIND      :SUNSHINE: SKY     :PK WND
================================================================================
1   2   3   4   5  6A  6B    7    8   9   10  11  12  13   14  15   16   17  18
                                     12Z  AVG MX 2MIN
DY MAX MIN AVG DEP HDD CDD  WTR  SNW DPTH SPD SPD DIR MIN PSBL S-S WX    SPD DR
================================================================================

 1  26   2  14 -12  51   0 0.00  0.0    2  4.1 13 130   M    M   4        13 140
 2  26   2  14 -12  51   0 0.00  0.0    2  3.1  8  70   M    M   1         9 270
 3  27   6  17  -9  48   0 0.00  0.0    2  3.6 12 110   M    M   6        12 110
 4  28   5  17  -9  48   0 0.00  0.0    2  2.5 10 110   M    M   6        12 110
 5  33  10  22  -4  43   0 0.00  0.0    2  3.7  9 130   M    M   0        10  70
 6  42  14  28   2  37   0 0.00  0.0    1  3.3  9 120   M    M   0        11 120
 7  48  18  33   7  32   0 0.00  0.0    T  4.1 12 160   M    M   0        14 150
 8  43  21  32   6  33   0 0.00  0.0    T  3.7  9 240   M    M   0 1      12 290
 9  44  22  33   7  32   0 0.00  0.0    T  3.5 12 130   M    M   0        14 120
10  42  25  34   7  31   0 0.00  0.0    0  2.5  9 300   M    M   6        10 150
11  34  30  32   5  33   0 0.16  1.3    T  2.1  7  80   M    M  10 12      7  80
12  42  32  37  10  28   0 0.03  0.0    T  5.4 14 140   M    M  10 1      17 130
13  39  30  35   8  30   0 0.25  0.0    0  4.2 14 110   M    M   9 12     17 120
14  46  26  36   9  29   0 0.00  0.0    0  2.7 12  90   M    M   2 1      13  90
15  45  23  34   7  31   0 0.00  0.0    0  4.7 14 130   M    M   0        16 140
16  41  24  33   6  32   0 0.00  0.0    0  4.8 13 320   M    M   2        15 320
17  47  25  36   9  29   0 0.00  0.0    0  3.9 14 120   M    M   0        17 130
18  46  24  35   8  30   0 0.00  0.0    0  4.4 13 110   M    M   1        15 110
19  42  24  33   6  32   0 0.00  0.0    0  3.1  8 270   M    M   2         9 120
20  47  23  35   8  30   0 0.00  0.0    0  3.9  9 270   M    M   1        11 130
21  41  24  33   5  32   0 0.00  0.0    0  6.4 20 360   M    M   1        24 350
22  37  18  28   0  37   0 0.00  0.0    0  4.8 14 130   M    M   0        17 140
23  42  17  30   2  35   0 0.00  0.0    0  5.3 15 140   M    M   2        17 140
24  41  18  30   2  35   0 0.00  0.0    0  5.6 15 140   M    M   0        18 120
================================================================================
SM  949  463       849   0  0.44     1.3  95.4          M       63
================================================================================
AV 39.5 19.3                               4.0 FASTST   M    M   3    MAX(MPH)
                                 MISC ---->  # 20 360               # 24  350
================================================================================
NOTES:
# LAST OF SEVERAL OCCURRENCES

COLUMN 17 PEAK WIND IN M.P.H.

PRELIMINARY LOCAL CLIMATOLOGICAL DATA (WS FORM: F-6) , PAGE 2

                                          STATION:  GRAND JUNCTION CO
                                          MONTH:    JANUARY
                                          YEAR:     2015
                                          LATITUDE:   39  7 N
                                          LONGITUDE: 108 32 W

[TEMPERATURE DATA]      [PRECIPITATION DATA]       SYMBOLS USED IN COLUMN 16

AVERAGE MONTHLY: 29.4   TOTAL FOR MONTH:   0.44    1 = FOG OR MIST
DPTR FM NORMAL:   2.6   DPTR FM NORMAL:   -0.02    2 = FOG REDUCING VISIBILITY
HIGHEST:    48 ON  7    GRTST 24HR  0.28 ON 12-13      TO 1/4 MILE OR LESS
LOWEST:      2 ON  2, 1                            3 = THUNDER
                        SNOW, ICE PELLETS, HAIL    4 = ICE PELLETS
                        TOTAL MONTH:   1.3 INCHES  5 = HAIL
                        GRTST 24HR   1.3 ON   M    6 = FREEZING RAIN OR DRIZZLE
                        GRTST DEPTH:   2 ON  5, 4  7 = DUSTSTORM OR SANDSTORM:
                                                       VSBY 1/2 MILE OR LESS
                                                   8 = SMOKE OR HAZE
[NO. OF DAYS WITH]      [WEATHER - DAYS WITH]      9 = BLOWING SNOW
                                                   X = TORNADO
MAX 32 OR BELOW:   4    0.01 INCH OR MORE:   3
MAX 90 OR ABOVE:   0    0.10 INCH OR MORE:   2
MIN 32 OR BELOW:  24    0.50 INCH OR MORE:   0
MIN  0 OR BELOW:   0    1.00 INCH OR MORE:   0

[HDD (BASE 65) ]
TOTAL THIS MO.   849    CLEAR  (SCALE 0-3)  17
DPTR FM NORMAL   -63    PTCLDY (SCALE 4-7)   4
TOTAL FM JUL 1  3087    CLOUDY (SCALE 8-10)  3
DPTR FM NORMAL  -184

[CDD (BASE 65) ]
TOTAL THIS MO.     0
DPTR FM NORMAL     0    [PRESSURE DATA]
TOTAL FM JAN 1     0    HIGHEST SLP M ON M
DPTR FM NORMAL     0    LOWEST  SLP 29.92 ON M

[REMARKS]
