000
CXUS53 KAPX 270631
CF6GLR
PRELIMINARY LOCAL CLIMATOLOGICAL DATA (WS FORM: F-6)

                                          STATION:   GAYLORD
                                          MONTH:     MARCH
                                          YEAR:      2015
                                          LATITUDE:   45  0 N
                                          LONGITUDE:  84 42 W

  TEMPERATURE IN F:       :PCPN:    SNOW:  WIND      :SUNSHINE: SKY     :PK WND
================================================================================
1   2   3   4   5  6A  6B    7    8   9   10  11  12  13   14  15   16   17  18
                                     12Z  AVG MX 2MIN
DY MAX MIN AVG DEP HDD CDD  WTR  SNW DPTH SPD SPD DIR MIN PSBL S-S WX    SPD DR
================================================================================

 1  24   6  15  -7  50   0    T    M    M  9.5 22 250   M    M   7 18     25 260
 2  22  -7   8 -14  57   0    T    M    M  6.9 17 300   M    M   4 18     26 300
 3  25  -6  10 -13  55   0    T    M    M 10.4 21 280   M    M   8 126    30 250
 4  24  -1  12 -11  53   0    T    M    M  9.4 21 260   M    M   8 189    31 250
 5  11 -19  -4 -27  69   0 0.00    M    M  6.1 17 240   M    M   1 8      23 260
 6  27  -1  13 -11  52   0 0.00    M    M 15.0 26 200   M    M   4 18     34 230
 7  30  12  21  -3  44   0    T    M    M  7.7 21 260   M    M   6 18     26 250
 8  38   3  21  -3  44   0    T    M    M  8.4 23 240   M    M   8 12     30 280
 9  44  20  32   7  33   0 0.00    M    M  9.6 20 210   M    M   4 12     30 210
10  50  33  42  17  23   0 0.00    M    M 12.5 25 230   M    M   2 1      31 230
11  44  24  34   9  31   0 0.00    M    M  6.9 16 290   M    M   1 1      27 290
12  41  22  32   6  33   0 0.00    M    M  7.3 16 180   M    M   5        20 150
13  53  31  42  16  23   0 0.00    M    M  9.1 18 180   M    M   1        25 190
14  42  30  36   9  29   0    T    M    M 10.5 21 290   M    M   9 1      32 350
15  45  28  37  10  28   0 0.00    M    M  8.0 18 210   M    M   5        24 210
16  53  33  43  16  22   0 0.14    M    M  5.5 13 340   M    M   5 1      22 250
17  33  20  27  -1  38   0 0.00    M    M  9.4 23 290   M    M   2        39 310
18  33  16  25  -3  40   0 0.00    M    M  4.7 16 270   M    M   0        22 280
19  37  11  24  -5  41   0 0.00    M    M  4.1 12 150   M    M   3        14 140
20  43  25  34   5  31   0    T    M    M  8.8 22 240   M    M   8 1      28 220
21  37  12  25  -5  40   0 0.03    M    M  9.4 20 300   M    M   5 1      28 310
22  26   7  17 -13  48   0 0.00    M    M  6.0 18 290   M    M   0        28 280
23  31  12  22  -8  43   0 0.00    M    M  3.9 12  50   M    M   0        15  60
24  41  13  27  -4  38   0 0.00    M    M  5.4 14 160   M    M   0        18 160
25  35  24  30  -1  35   0 0.21    M    M 17.0 31 250   M    M   8 16     40 250
26  35  15  25  -7  40   0    T    M    M 10.2 22 250   M    M   9        28 250
================================================================================
SM  924  363      1040   0  0.38    M    221.7          M      113
================================================================================
AV 35.5 14.0                               8.5 FASTST   M    M   4    MAX(MPH)
                                 MISC ---->  # 31 250               # 40  250
================================================================================
NOTES:
# LAST OF SEVERAL OCCURRENCES

COLUMN 17 PEAK WIND IN M.P.H.

PRELIMINARY LOCAL CLIMATOLOGICAL DATA (WS FORM: F-6) , PAGE 2

                                          STATION:  GAYLORD
                                          MONTH:    MARCH
                                          YEAR:     2015
                                          LATITUDE:   45  0 N
                                          LONGITUDE:  84 42 W

[TEMPERATURE DATA]      [PRECIPITATION DATA]       SYMBOLS USED IN COLUMN 16

AVERAGE MONTHLY: 24.8   TOTAL FOR MONTH:   0.38    1 = FOG OR MIST
DPTR FM NORMAL:  -1.8   DPTR FM NORMAL:   -0.91    2 = FOG REDUCING VISIBILITY
HIGHEST:    53 ON 16,13 GRTST 24HR  0.21 ON 25-25      TO 1/4 MILE OR LESS
LOWEST:    -19 ON  5                               3 = THUNDER
                        SNOW, ICE PELLETS, HAIL    4 = ICE PELLETS
                        TOTAL MONTH:    M          5 = HAIL
                        GRTST 24HR    M  ON   M    6 = FREEZING RAIN OR DRIZZLE
                        GRTST DEPTH:  M  ON   M    7 = DUSTSTORM OR SANDSTORM:
                                                       VSBY 1/2 MILE OR LESS
                                                   8 = SMOKE OR HAZE
[NO. OF DAYS WITH]      [WEATHER - DAYS WITH]      9 = BLOWING SNOW
                                                   X = TORNADO
MAX 32 OR BELOW:   9    0.01 INCH OR MORE:   3
MAX 90 OR ABOVE:   0    0.10 INCH OR MORE:   2
MIN 32 OR BELOW:  24    0.50 INCH OR MORE:   0
MIN  0 OR BELOW:   5    1.00 INCH OR MORE:   0

[HDD (BASE 65) ]
TOTAL THIS MO.  1040    CLEAR  (SCALE 0-3)  10
DPTR FM NORMAL    41    PTCLDY (SCALE 4-7)  12
TOTAL FM JUL 1  7767    CLOUDY (SCALE 8-10)  4
DPTR FM NORMAL   706

[CDD (BASE 65) ]
TOTAL THIS MO.     0
DPTR FM NORMAL     0    [PRESSURE DATA]
TOTAL FM JAN 1     0    HIGHEST SLP M ON M
DPTR FM NORMAL     0    LOWEST  SLP 29.53 ON  3

[REMARKS]
