000
CXUS54 KMAF 191100
CF6GNC
PRELIMINARY LOCAL CLIMATOLOGICAL DATA (WS FORM: F-6)

                                          STATION:   Gaines County Airport
                                          MONTH:     JANUARY
                                          YEAR:      2017
                                          LATITUDE:   32 40 N
                                          LONGITUDE: 102 39 W

  TEMPERATURE IN F:       :PCPN:    SNOW:  WIND      :SUNSHINE: SKY     :PK WND
================================================================================
1   2   3   4   5  6A  6B    7    8   9   10  11  12  13   14  15   16   17  18
                                     12Z  AVG MX 2MIN
DY MAX MIN AVG DEP HDD CDD  WTR  SNW DPTH SPD SPD DIR MIN PSBL S-S WX    SPD DR
================================================================================

 1  65  33  49   M  16   0 0.35    M    0  7.5 25 300   M    M   4        33 300
 2  60  42  51   M  14   0 0.00  0.0    0 11.7 20 280   M    M   0        28 280
 3  57  35  46   M  19   0 0.00  0.0    0  6.4 13  90   M    M   0        18  90
 4  53  30  42   M  23   0 0.00  0.0    0  7.6 12 210   M    M   1        17 220
 5  43  18  31   M  34   0 0.00  0.0    0 12.5 17  70   M    M   0        23  60
 6  25  14  20   M  45   0 0.00  0.0    0  7.6 15  60   M    M   4        21  60
 7  40  10  25   M  40   0 0.00  0.0    0  5.7 12 160   M    M   0        17 210
 8  59  20  40   M  25   0 0.00  0.0    0  7.6 14 220   M    M   0        17 210
 9  77  29  53   M  12   0 0.00  0.0    0  9.4 17 220   M    M   0        22 240
10  70  44  57   M   8   0 0.00  0.0    0  7.6 13 230   M    M   0         M  M
11  78  39  59   M   6   0 0.00  0.0    0 12.5 21 230   M    M   0        29 250
12  71  40  56   M   9   0 0.00  0.0    0  8.2 14  90   M    M   0        18  90
13  46  34  40   M  25   0 0.00  0.0    0  9.7 13  60   M    M  10 1      17  60
14  37  34  36   M  29   0 0.08    M    0  7.5  9  70   M    M  10 1       M  M
15  44  34  39   M  26   0 0.50    M    0  7.6 17 110   M    M   9 12     27 270
16  60  31  46   M  19   0 0.00  0.0    0  5.8 12  50   M    M   2 1       M  M
17  50  33  42   M  23   0 0.00  0.0    0  6.5 12  40   M    M   5 1       M  M
18  58  40  49   M  16   0 0.00  0.0    0  5.4 10 210   M    M   5 1      17 250
================================================================================
SM  993  560       389   0  0.93     0.0 146.8          M       50
================================================================================
AV 55.2 31.1                               8.2 FASTST   M    M   3    MAX(MPH)
                                 MISC ---->    25   M                 33    M
================================================================================
NOTES:
# LAST OF SEVERAL OCCURRENCES

COLUMN 17 PEAK WIND IN M.P.H.

PRELIMINARY LOCAL CLIMATOLOGICAL DATA (WS FORM: F-6) , PAGE 2

                                          STATION:  Gaines County Airport
                                          MONTH:    JANUARY
                                          YEAR:     2017
                                          LATITUDE:   32 40 N
                                          LONGITUDE: 102 39 W

[TEMPERATURE DATA]      [PRECIPITATION DATA]       SYMBOLS USED IN COLUMN 16

AVERAGE MONTHLY: 43.1   TOTAL FOR MONTH:   0.93    1 = FOG OR MIST
DPTR FM NORMAL:     M   DPTR FM NORMAL:       M    2 = FOG REDUCING VISIBILITY
HIGHEST:    78 ON 11    GRTST 24HR  0.50 ON 15-15      TO 1/4 MILE OR LESS
LOWEST:     10 ON  7                               3 = THUNDER
                        SNOW, ICE PELLETS, HAIL    4 = ICE PELLETS
                        TOTAL MONTH:   0.0 INCH    5 = HAIL
                        GRTST 24HR     0.0         6 = FREEZING RAIN OR DRIZZLE
                        GRTST DEPTH:   0           7 = DUSTSTORM OR SANDSTORM:
                                                       VSBY 1/2 MILE OR LESS
                                                   8 = SMOKE OR HAZE
[NO. OF DAYS WITH]      [WEATHER - DAYS WITH]      9 = BLOWING SNOW
                                                   X = TORNADO
MAX 32 OR BELOW:   1    0.01 INCH OR MORE:   3
MAX 90 OR ABOVE:   0    0.10 INCH OR MORE:   2
MIN 32 OR BELOW:   7    0.50 INCH OR MORE:   1
MIN  0 OR BELOW:   0    1.00 INCH OR MORE:   0

[HDD (BASE 65) ]
TOTAL THIS MO.   389    CLEAR  (SCALE 0-3)  11
DPTR FM NORMAL     M    PTCLDY (SCALE 4-7)   4
TOTAL FM JUL 1  1376    CLOUDY (SCALE 8-10)  3
DPTR FM NORMAL     M

[CDD (BASE 65) ]
TOTAL THIS MO.     0
DPTR FM NORMAL     M    [PRESSURE DATA]
TOTAL FM JAN 1     0    HIGHEST SLP M ON M
DPTR FM NORMAL     M    LOWEST  SLP M ON M

[REMARKS]
