417
CXUS55 KMSO 190900
CF6GPI
PRELIMINARY LOCAL CLIMATOLOGICAL DATA (WS FORM: F-6)

                                          STATION:   KALISPELL MT
                                          MONTH:     FEBRUARY
                                          YEAR:      2017
                                          LATITUDE:   48 17 N
                                          LONGITUDE: 114 16 W

  TEMPERATURE IN F:       :PCPN:    SNOW:  WIND      :SUNSHINE: SKY     :PK WND
================================================================================
1   2   3   4   5  6A  6B    7    8   9   10  11  12  13   14  15   16   17  18
                                     12Z  AVG MX 2MIN
DY MAX MIN AVG DEP HDD CDD  WTR  SNW DPTH SPD SPD DIR MIN PSBL S-S WX    SPD DR
================================================================================

 1  25  -7   9 -17  56   0 0.00  0.0   10  5.7 16  20   M    M   0        19  20
 2  19 -16   2 -24  63   0 0.00  0.0   10  0.8  8  10   M    M   0         9  10
 3  14 -15   0 -26  65   0 0.43 10.5   17  4.6 17  40   M    M   8 128    20  40
 4  20  12  16 -10  49   0 0.39  5.5   17  7.6 21  20   M    M  10 1289   25  20
 5  38  16  27   1  38   0 0.15  1.5   18  7.7 33  20   M    M  10 19     40  30
 6  19   8  14 -12  51   0 0.14  2.5   19 15.7 36  20   M    M   8 1289   44  20
 7  22  -1  11 -15  54   0    T  0.1   22  3.8 12 360   M    M   5 1      14 360
 8  19  -4   8 -18  57   0 0.14  2.2   20  0.4  6 270   M    M   9 1       6 270
 9  41  17  29   3  36   0 0.46  2.5   24  5.6 21 150   M    M  10 16     29 150
10  45  30  38  12  27   0 0.01  0.0   17 10.3 28 270   M    M   3        34 260
11  40  21  31   5  34   0 0.00  0.0   17  9.4 24 220   M    M   6        29 230
12  36   5  21  -5  44   0 0.00  0.0   17  2.9 12 180   M    M   1        13 180
13  40   6  23  -4  42   0 0.00  0.0   16  0.5  8 170   M    M   0 1       8 180
14  40   2  21  -6  44   0 0.00  0.0   16   M   M   M   M    M   M         M  M
15  38   4  21  -6  44   0    T  0.0   16   M   M   M   M    M   M 1       M  M
16  41  32  37  10  28   0 0.06  0.0   16  2.3 14 190   M    M  10 18     19 190
17  44  29  37  10  28   0 0.00  0.0   15  6.2 16 150   M    M   7        18 150
18  39  26  33   6  32   0 0.05    T   14  4.3 14  40   M    M   8 1      17  30
================================================================================
SM  580  165       792   0  1.83    24.8  87.8          M       95
================================================================================
AV 32.2  9.2                               5.5 FASTST   M    M   6    MAX(MPH)
                                 MISC ---->  # 36  20               # 44   20
================================================================================
NOTES:
# LAST OF SEVERAL OCCURRENCES

COLUMN 17 PEAK WIND IN M.P.H.

PRELIMINARY LOCAL CLIMATOLOGICAL DATA (WS FORM: F-6) , PAGE 2

                                          STATION:  KALISPELL MT
                                          MONTH:    FEBRUARY
                                          YEAR:     2017
                                          LATITUDE:   48 17 N
                                          LONGITUDE: 114 16 W

[TEMPERATURE DATA]      [PRECIPITATION DATA]       SYMBOLS USED IN COLUMN 16

AVERAGE MONTHLY: 20.7   TOTAL FOR MONTH:   1.83    1 = FOG OR MIST
DPTR FM NORMAL:  -5.6   DPTR FM NORMAL:    1.22    2 = FOG REDUCING VISIBILITY
HIGHEST:    45 ON 10    GRTST 24HR  0.73 ON  3- 4      TO 1/4 MILE OR LESS
LOWEST:    -16 ON  2                               3 = THUNDER
                        SNOW, ICE PELLETS, HAIL    4 = ICE PELLETS
                        TOTAL MONTH:  24.8 INCHES  5 = HAIL
                        GRTST 24HR  10.5 ON  3- 3  6 = FREEZING RAIN OR DRIZZLE
                        GRTST DEPTH:  24 ON  9     7 = DUSTSTORM OR SANDSTORM:
                                                       VSBY 1/2 MILE OR LESS
                                                   8 = SMOKE OR HAZE
[NO. OF DAYS WITH]      [WEATHER - DAYS WITH]      9 = BLOWING SNOW
                                                   X = TORNADO
MAX 32 OR BELOW:   7    0.01 INCH OR MORE:   9
MAX 90 OR ABOVE:   0    0.10 INCH OR MORE:   6
MIN 32 OR BELOW:  18    0.50 INCH OR MORE:   0
MIN  0 OR BELOW:   5    1.00 INCH OR MORE:   0

[HDD (BASE 65) ]
TOTAL THIS MO.   792    CLEAR  (SCALE 0-3)   4
DPTR FM NORMAL    96    PTCLDY (SCALE 4-7)   7
TOTAL FM JUL 1  5821    CLOUDY (SCALE 8-10)  5
DPTR FM NORMAL   334

[CDD (BASE 65) ]
TOTAL THIS MO.     0
DPTR FM NORMAL     0    [PRESSURE DATA]
TOTAL FM JAN 1     0    HIGHEST SLP M ON M
DPTR FM NORMAL     0    LOWEST  SLP 29.26 ON  6

[REMARKS]
