000
CXUS55 KLIX 281000
CF6GPT
PRELIMINARY LOCAL CLIMATOLOGICAL DATA (WS FORM: F-6)

                                          STATION:   GULFPORT
                                          MONTH:     MARCH
                                          YEAR:      2017
                                          LATITUDE:   30 23 N
                                          LONGITUDE:  89  4 W

  TEMPERATURE IN F:       :PCPN:    SNOW:  WIND      :SUNSHINE: SKY     :PK WND
================================================================================
1   2   3   4   5  6A  6B    7    8   9   10  11  12  13   14  15   16   17  18
                                     12Z  AVG MX 2MIN
DY MAX MIN AVG DEP HDD CDD  WTR  SNW DPTH SPD SPD DIR MIN PSBL S-S WX    SPD DR
================================================================================

 1  80  63  72  16   0   7 0.26  0.0    0  9.4 24 340   M    M   6 18     34 330
 2  69  50  60   4   5   0 0.00  0.0    0 12.9 24  20   M    M   3        31  20
 3  72  40  56  -1   9   0 0.00  0.0    0  7.4 18  50   M    M   0        29  40
 4  67  46  57   0   8   0 0.00  0.0    0  8.6 21 140   M    M   0        30 110
 5  72  55  64   7   1   0 0.00  0.0    0 13.1 24 120   M    M   4        31 110
 6  75  64  70  13   0   5 0.00  0.0    0 16.5 25 130   M    M   9        33 110
 7  74  64  69  12   0   4 0.80  0.0    0  8.8 17 340   M    M  10 18     22 170
 8  75  56  66   8   0   1 0.01  0.0    0  6.3 17  40   M    M   5 1      28  50
 9  74  53  64   6   1   0 0.00  0.0    0  4.2 13 150   M    M   0        16 160
10  78  58  68  10   0   3    T  0.0    0  2.7 10 320   M    M   5 1      19  20
11  69  55  62   4   3   0 0.00  0.0    0  7.1 20 130   M    M   3        24 130
12  63  46  55  -3  10   0 0.49    M    0 10.1 21  20   M    M   6 1      27  10
13  62  50  56  -3   9   0 0.07  0.0    0  9.3 22 340   M    M   9 1      29 340
14  60  43  52  -7  13   0 0.00  0.0    0  8.8 20 340   M    M   3        24 340
15  58  40  49 -10  16   0 0.00  0.0    0  8.1 17  10   M    M   3        24  20
16  60  36  48 -11  17   0 0.00  0.0    0  3.3 12 160   M    M   2 18     14 160
17  69  50  60   0   5   0 0.00  0.0    0  5.5 15 140   M    M   4 18     19 150
18  79  50  65   5   0   0 0.00  0.0    0  3.7 14 200   M    M   3 1      19 190
19  77  54  66   6   0   1 0.00  0.0    0  3.3 12 200   M    M   0 18     15 190
20  80  57  69   9   0   4 0.00  0.0    0  5.1 16 200   M    M   2 128    23 190
21  81  58  70  10   0   5 0.00  0.0    0  5.9 16 280   M    M   2 128    21 280
22  87  65  76  15   0  11 0.00  0.0    0  7.8 15 320   M    M   3 18     20 340
23  76  62  69   8   0   4 0.00  0.0    0 12.4 22 130   M    M   4 18     28 120
24  77  69  73  12   0   8 0.00  0.0    0 18.7 29 120   M    M  10 18     35 130
25  77  62  70   9   0   5 0.79  0.0    0 11.1 28 140   M    M   8 138    33 150
26  79  67  73  11   0   8 0.00  0.0    0  8.5 16 140   M    M   5        20 150
27  78  72  75  13   0  10 0.00  0.0    0 11.1 21 150   M    M   9 1      27 150
================================================================================
SM 1968 1485        97  76  2.42     0.0 229.7          M      118
================================================================================
AV 72.9 55.0                               8.5 FASTST   M    M   4    MAX(MPH)
                                 MISC ---->  # 29 120               # 35  130
================================================================================
NOTES:
# LAST OF SEVERAL OCCURRENCES

COLUMN 17 PEAK WIND IN M.P.H.

PRELIMINARY LOCAL CLIMATOLOGICAL DATA (WS FORM: F-6) , PAGE 2

                                          STATION:  GULFPORT
                                          MONTH:    MARCH
                                          YEAR:     2017
                                          LATITUDE:   30 23 N
                                          LONGITUDE:  89  4 W

[TEMPERATURE DATA]      [PRECIPITATION DATA]       SYMBOLS USED IN COLUMN 16

AVERAGE MONTHLY: 63.9   TOTAL FOR MONTH:   2.42    1 = FOG OR MIST
DPTR FM NORMAL:   5.0   DPTR FM NORMAL:   -2.72    2 = FOG REDUCING VISIBILITY
HIGHEST:    87 ON 22    GRTST 24HR  0.80 ON  7- 7      TO 1/4 MILE OR LESS
LOWEST:     36 ON 16                               3 = THUNDER
                        SNOW, ICE PELLETS, HAIL    4 = ICE PELLETS
                        TOTAL MONTH:   0.0 INCH    5 = HAIL
                        GRTST 24HR     0.0         6 = FREEZING RAIN OR DRIZZLE
                        GRTST DEPTH:   0           7 = DUSTSTORM OR SANDSTORM:
                                                       VSBY 1/2 MILE OR LESS
                                                   8 = SMOKE OR HAZE
[NO. OF DAYS WITH]      [WEATHER - DAYS WITH]      9 = BLOWING SNOW
                                                   X = TORNADO
MAX 32 OR BELOW:   0    0.01 INCH OR MORE:   6
MAX 90 OR ABOVE:   0    0.10 INCH OR MORE:   4
MIN 32 OR BELOW:   0    0.50 INCH OR MORE:   2
MIN  0 OR BELOW:   0    1.00 INCH OR MORE:   0

[HDD (BASE 65) ]
TOTAL THIS MO.    97    CLEAR  (SCALE 0-3)  13
DPTR FM NORMAL   -86    PTCLDY (SCALE 4-7)   9
TOTAL FM JUL 1   821    CLOUDY (SCALE 8-10)  5
DPTR FM NORMAL  -731

[CDD (BASE 65) ]
TOTAL THIS MO.    76
DPTR FM NORMAL    55    [PRESSURE DATA]
TOTAL FM JAN 1   150    HIGHEST SLP M ON M
DPTR FM NORMAL   116    LOWEST  SLP 29.89 ON 27

[REMARKS]
