000
CXUS53 KGRB 230751
CF6GRB
PRELIMINARY LOCAL CLIMATOLOGICAL DATA (WS FORM: F-6)

                                          STATION:   GREEN BAY WI
                                          MONTH:     JULY
                                          YEAR:      2016
                                          LATITUDE:   44 28 N
                                          LONGITUDE:  88  8 W

  TEMPERATURE IN F:       :PCPN:    SNOW:  WIND      :SUNSHINE: SKY     :PK WND
================================================================================
1   2   3   4   5  6A  6B    7    8   9   10  11  12  13   14  15   16   17  18
                                     12Z  AVG MX 2MIN
DY MAX MIN AVG DEP HDD CDD  WTR  SNW DPTH SPD SPD DIR MIN PSBL S-S WX    SPD DR
================================================================================

 1  75  53  64  -4   1   0 0.00  0.0    0  7.6 23  10   M    M   2        31  30
 2  78  51  65  -4   0   0 0.00  0.0    0  3.4 12 190   M    M   1        17 180
 3  80  54  67  -2   0   2 0.00  0.0    0  3.7 15 150   M    M   0 1      18 150
 4  78  53  66  -3   0   1 0.00  0.0    0  3.9 12 150   M    M   5        15 140
 5  86  65  76   7   0  11 0.01  0.0    0  6.8 14 260   M    M   1        18 270
 6  85  68  77   8   0  12 0.06  0.0    0  5.9 22 140   M    M   4 3      26 140
 7  75  66  71   2   0   6 0.18  0.0    0  6.5 20  40   M    M   4 1      22  40
 8  80  62  71   2   0   6 0.01  0.0    0  8.4 20 330   M    M   6        25 320
 9  80  59  70   1   0   5 0.00  0.0    0  7.6 17 330   M    M   1        23 330
10  79  55  67  -2   0   2 0.01  0.0    0  6.8 18 140   M    M   2        21 150
11  86  67  77   8   0  12 0.33  0.0    0 11.9 23 170   M    M   5 13     29 170
12  84  65  75   6   0  10 0.39  0.0    0  9.1 23 320   M    M   1 13     31 310
13  88  67  78   9   0  13 0.00  0.0    0 10.2 18 250   M    M   0        26 220
14  77  62  70   1   0   5 0.10  0.0    0 12.2 26 280   M    M   6 18     32 290
15  68  54  61  -8   4   0 0.14  0.0    0  5.5 14 360   M    M   6 1      18 360
16  77  50  64  -5   1   0 0.00  0.0    0  6.2 15 210   M    M   2 1      22 220
17  81  59  70   1   0   5 0.34  0.0    0 10.0 20 260   M    M   5 13     27 230
18  83  61  72   3   0   7 0.00  0.0    0  6.3 14  50   M    M   1        18 290
19  84  58  71   2   0   6 0.00  0.0    0  5.2 16  90   M    M   2        21 100
20  86  63  75   6   0  10 0.00  0.0    0  8.3 17 220   M    M   1        25 230
21  88  68  78   9   0  13 0.45  0.0    0  8.0 35 300   M    M   4 13     46 300
22  90  66  78   9   0  13 0.00  0.0    0  4.1 10 260   M    M   0        16 240
================================================================================
SM 1788 1326         6 139  2.02     0.0 157.6          M       59
================================================================================
AV 81.3 60.3                               7.2 FASTST   M    M   3    MAX(MPH)
                                 MISC ---->  # 35 300               # 46  300
================================================================================
NOTES:
# LAST OF SEVERAL OCCURRENCES

COLUMN 17 PEAK WIND IN M.P.H.

PRELIMINARY LOCAL CLIMATOLOGICAL DATA (WS FORM: F-6) , PAGE 2

                                          STATION:  GREEN BAY WI
                                          MONTH:    JULY
                                          YEAR:     2016
                                          LATITUDE:   44 28 N
                                          LONGITUDE:  88  8 W

[TEMPERATURE DATA]      [PRECIPITATION DATA]       SYMBOLS USED IN COLUMN 16

AVERAGE MONTHLY: 70.8   TOTAL FOR MONTH:   2.02    1 = FOG OR MIST
DPTR FM NORMAL:   1.8   DPTR FM NORMAL:   -0.52    2 = FOG REDUCING VISIBILITY
HIGHEST:    90 ON 22    GRTST 24HR  0.45 ON 21-21      TO 1/4 MILE OR LESS
LOWEST:     50 ON 16                               3 = THUNDER
                        SNOW, ICE PELLETS, HAIL    4 = ICE PELLETS
                        TOTAL MONTH:   0.0 INCH    5 = HAIL
                        GRTST 24HR     0.0         6 = FREEZING RAIN OR DRIZZLE
                        GRTST DEPTH:   0           7 = DUSTSTORM OR SANDSTORM:
                                                       VSBY 1/2 MILE OR LESS
                                                   8 = SMOKE OR HAZE
[NO. OF DAYS WITH]      [WEATHER - DAYS WITH]      9 = BLOWING SNOW
                                                   X = TORNADO
MAX 32 OR BELOW:   0    0.01 INCH OR MORE:  11
MAX 90 OR ABOVE:   1    0.10 INCH OR MORE:   7
MIN 32 OR BELOW:   0    0.50 INCH OR MORE:   0
MIN  0 OR BELOW:   0    1.00 INCH OR MORE:   0

[HDD (BASE 65) ]
TOTAL THIS MO.     6    CLEAR  (SCALE 0-3)  13
DPTR FM NORMAL   -16    PTCLDY (SCALE 4-7)   9
TOTAL FM JUL 1     6    CLOUDY (SCALE 8-10)  0
DPTR FM NORMAL   -16

[CDD (BASE 65) ]
TOTAL THIS MO.   139
DPTR FM NORMAL    29    [PRESSURE DATA]
TOTAL FM JAN 1   272    HIGHEST SLP M ON M
DPTR FM NORMAL    61    LOWEST  SLP 29.60 ON  6

[REMARKS]
