000
CXUS53 KIWX 170800
CF6GSH
PRELIMINARY LOCAL CLIMATOLOGICAL DATA (WS FORM: F-6)

                                          STATION:   GOSHEN
                                          MONTH:     APRIL
                                          YEAR:      2014
                                          LATITUDE:   41 31 N
                                          LONGITUDE:  85 47 W

  TEMPERATURE IN F:       :PCPN:    SNOW:  WIND      :SUNSHINE: SKY     :PK WND
================================================================================
1   2   3   4   5  6A  6B    7    8   9   10  11  12  13   14  15   16   17  18
                                     12Z  AVG MX 2MIN
DY MAX MIN AVG DEP HDD CDD  WTR  SNW DPTH SPD SPD DIR MIN PSBL S-S WX    SPD DR
================================================================================

 1  57  43  50   6  15   0 0.07    M    0 18.4 31 270   M    M   4        38 250
 2  53  34  44   0  21   0 0.00  0.0    0  5.7 12  80   M    M   4        16  80
 3  49  35  42  -2  23   0 1.91    M    0 16.6 28 100   M    M  10 13     36  90
 4  47  36  42  -3  23   0 0.01    M    0 17.0 35 260   M    M  10 128    43 270
 5  49  29  39  -6  26   0 0.00  0.0    0 10.6 29 300   M    M   4        35 310
 6  57  25  41  -4  24   0 0.00  0.0    0  3.9 15 150   M    M   0 8      19 160
 7  57  35  46   0  19   0 0.40    M    0  8.5 17  80   M    M   6 1      21  20
 8  57  36  47   1  18   0    T    M    0 10.0 22 320   M    M   4 1      26 320
 9  61  30  46   0  19   0 0.00  0.0    0  7.2 18 230   M    M   2 18     27 250
10  68  41  55   8  10   0 0.01  0.0    0 13.5 31 230   M    M   3 12     41 230
11  68  33  51   4  14   0 0.00  0.0    0  3.4 14 250   M    M   4 12     17 240
12  78  46  62  14   3   0 0.00  0.0    0 13.9 31 210   M    M   2        38 200
13  73  59  66  18   0   1 0.26  0.0    0 15.4 29 220   M    M   7 13     35 220
14  66  30  48   0  17   0 0.18    M    0 18.2 31 210   M    M  10 168    43 190
15  36  24  30 -19  35   0    T    M    M 12.5 24 320   M    M   5 1      31 310
16  50  24  37 -12  28   0 0.00  0.0    M 11.6 24 140   M    M   0        28 160
================================================================================
SM  926  560       295   1  2.84     0.0 186.4          M       75
================================================================================
AV 57.9 35.0                              11.6 FASTST   M    M   5    MAX(MPH)
                                 MISC ---->  # 35 260               # 43  270
================================================================================
NOTES:
# LAST OF SEVERAL OCCURRENCES

COLUMN 17 PEAK WIND IN M.P.H.

PRELIMINARY LOCAL CLIMATOLOGICAL DATA (WS FORM: F-6) , PAGE 2

                                          STATION:  GOSHEN
                                          MONTH:    APRIL
                                          YEAR:     2014
                                          LATITUDE:   41 31 N
                                          LONGITUDE:  85 47 W

[TEMPERATURE DATA]      [PRECIPITATION DATA]       SYMBOLS USED IN COLUMN 16

AVERAGE MONTHLY: 46.4   TOTAL FOR MONTH:   2.84    1 = FOG OR MIST
DPTR FM NORMAL:   0.1   DPTR FM NORMAL:    1.22    2 = FOG REDUCING VISIBILITY
HIGHEST:    78 ON 12    GRTST 24HR  1.91 ON  3- 3      TO 1/4 MILE OR LESS
LOWEST:     24 ON 16,15                            3 = THUNDER
                        SNOW, ICE PELLETS, HAIL    4 = ICE PELLETS
                        TOTAL MONTH:   0.0 INCH    5 = HAIL
                        GRTST 24HR     0.0         6 = FREEZING RAIN OR DRIZZLE
                        GRTST DEPTH:   0           7 = DUSTSTORM OR SANDSTORM:
                                                       VSBY 1/2 MILE OR LESS
                                                   8 = SMOKE OR HAZE
[NO. OF DAYS WITH]      [WEATHER - DAYS WITH]      9 = BLOWING SNOW
                                                   X = TORNADO
MAX 32 OR BELOW:   0    0.01 INCH OR MORE:   7
MAX 90 OR ABOVE:   0    0.10 INCH OR MORE:   4
MIN 32 OR BELOW:   6    0.50 INCH OR MORE:   1
MIN  0 OR BELOW:   0    1.00 INCH OR MORE:   1

[HDD (BASE 65) ]
TOTAL THIS MO.   295    CLEAR  (SCALE 0-3)   5
DPTR FM NORMAL    -6    PTCLDY (SCALE 4-7)   8
TOTAL FM JUL 1  6570    CLOUDY (SCALE 8-10)  3
DPTR FM NORMAL   603

[CDD (BASE 65) ]
TOTAL THIS MO.     1
DPTR FM NORMAL     1    [PRESSURE DATA]
TOTAL FM JAN 1     1    HIGHEST SLP M ON M
DPTR FM NORMAL     1    LOWEST  SLP 29.34 ON 14

[REMARKS]
