000
CXUS52 KRAH 231345
CF6GSO
PRELIMINARY LOCAL CLIMATOLOGICAL DATA (WS FORM: F-6)

                                          STATION:   PIEDMONT TRIAD INTL AIRPORT NC
                                          MONTH:     JULY
                                          YEAR:      2017
                                          LATITUDE:   36  4 N
                                          LONGITUDE:  79 57 W

  TEMPERATURE IN F:       :PCPN:    SNOW:  WIND      :SUNSHINE: SKY     :PK WND
================================================================================
1   2   3   4   5  6A  6B    7    8   9   10  11  12  13   14  15   16   17  18
                                     12Z  AVG MX 2MIN
DY MAX MIN AVG DEP HDD CDD  WTR  SNW DPTH SPD SPD DIR MIN PSBL S-S WX    SPD DR
================================================================================

 1  88  72  80   2   0  15 0.04  0.0    0  8.2 15 190   M    M   9 13     19 250
 2  89  69  79   1   0  14    T  0.0    0  4.7 13 290   M    M   6 1      15 260
 3  89  71  80   2   0  15 0.01  0.0    0  5.2 18 210   M    M   7 13     22 180
 4  89  69  79   1   0  14 0.00  0.0    0  4.5 12  30   M    M   8        13  30
 5  90  70  80   2   0  15 0.00  0.0    0  3.8 13 220   M    M   8 3      16 220
 6  91  69  80   2   0  15    T  0.0    0  6.8 26 320   M    M   7        31 310
 7  88  71  80   2   0  15    T  0.0    0  9.2 20 300   M    M   5        26 300
 8  92  69  81   3   0  16 0.01  0.0    0  8.6 24 220   M    M   5 13     33 230
 9  87  65  76  -3   0  11 0.00  0.0    0  4.4 12  40   M    M   6 12     16  50
10  91  67  79   0   0  14 0.00  0.0    0  5.0 16 200   M    M   6        20 190
11  92  72  82   3   0  17 0.00  0.0    0  7.4 14 250   M    M   7 1      19 250
12  92  74  83   4   0  18 0.00  0.0    0  8.1 14 250   M    M   7        17 210
13  94  75  85   6   0  20    T  0.0    0  7.7 15 280   M    M   6 3      20 310
14  94  73  84   5   0  19 0.00  0.0    0  8.1 15 260   M    M   5        20 260
15  92  72  82   3   0  17 0.00  0.0    0  6.9 15 250   M    M   6 3      19 250
16  90  70  80   1   0  15 0.00  0.0    0  6.1 16 180   M    M   7        19 170
17  88  70  79   0   0  14 0.00  0.0    0  5.5 20 150   M    M   8 3      23 150
18  88  68  78  -1   0  13 0.04  0.0    0  6.6 25 130   M    M   7 13     35 130
19  93  68  81   2   0  16 0.00  0.0    0  3.8 12  30   M    M   4        17  30
20  96  71  84   5   0  19 0.00  0.0    0  4.5 13 140   M    M   5        15 150
21  97  74  86   7   0  21 0.00  0.0    0  4.0 16 310   M    M   8        21 290
22  97  75  86   7   0  21    T  0.0    0  8.2 23 300   M    M   5 3      27 290
================================================================================
SM 2007 1554         0 354  0.10     0.0 137.3          M      142
================================================================================
AV 91.2 70.6                               6.2 FASTST   M    M   6    MAX(MPH)
                                 MISC ---->  # 26 320               # 35  130
================================================================================
NOTES:
# LAST OF SEVERAL OCCURRENCES

COLUMN 17 PEAK WIND IN M.P.H.

PRELIMINARY LOCAL CLIMATOLOGICAL DATA (WS FORM: F-6) , PAGE 2

                                          STATION:  PIEDMONT TRIAD INTL AIRPORT NC
                                          MONTH:    JULY
                                          YEAR:     2017
                                          LATITUDE:   36  4 N
                                          LONGITUDE:  79 57 W

[TEMPERATURE DATA]      [PRECIPITATION DATA]       SYMBOLS USED IN COLUMN 16

AVERAGE MONTHLY: 80.9   TOTAL FOR MONTH:   0.10    1 = FOG OR MIST
DPTR FM NORMAL:   2.3   DPTR FM NORMAL:   -3.00    2 = FOG REDUCING VISIBILITY
HIGHEST:    97 ON 22,21 GRTST 24HR  0.13 ON 30- 1      TO 1/4 MILE OR LESS
LOWEST:     65 ON  9                               3 = THUNDER
                        SNOW, ICE PELLETS, HAIL    4 = ICE PELLETS
                        TOTAL MONTH:   0.0 INCH    5 = HAIL
                        GRTST 24HR     0.0         6 = FREEZING RAIN OR DRIZZLE
                        GRTST DEPTH:   0           7 = DUSTSTORM OR SANDSTORM:
                                                       VSBY 1/2 MILE OR LESS
                                                   8 = SMOKE OR HAZE
[NO. OF DAYS WITH]      [WEATHER - DAYS WITH]      9 = BLOWING SNOW
                                                   X = TORNADO
MAX 32 OR BELOW:   0    0.01 INCH OR MORE:   4
MAX 90 OR ABOVE:  14    0.10 INCH OR MORE:   0
MIN 32 OR BELOW:   0    0.50 INCH OR MORE:   0
MIN  0 OR BELOW:   0    1.00 INCH OR MORE:   0

[HDD (BASE 65) ]
TOTAL THIS MO.     0    CLEAR  (SCALE 0-3)   0
DPTR FM NORMAL     0    PTCLDY (SCALE 4-7)  21
TOTAL FM JUL 1     0    CLOUDY (SCALE 8-10)  1
DPTR FM NORMAL     0

[CDD (BASE 65) ]
TOTAL THIS MO.   354
DPTR FM NORMAL    52    [PRESSURE DATA]
TOTAL FM JAN 1   880    HIGHEST SLP M ON M
DPTR FM NORMAL   112    LOWEST  SLP 29.84 ON M

[REMARKS]
