000
CXUS56 KTFX 241205
CF6GTF
PRELIMINARY LOCAL CLIMATOLOGICAL DATA (WS FORM: F-6)

                                          STATION:   GREAT FALLS MT
                                          MONTH:     JUNE
                                          YEAR:      2017
                                          LATITUDE:   47 28 N
                                          LONGITUDE: 111 22 W

  TEMPERATURE IN F:       :PCPN:    SNOW:  WIND      :SUNSHINE: SKY     :PK WND
================================================================================
1   2   3   4   5  6A  6B    7    8   9   10  11  12  13   14  15   16   17  18
                                     12Z  AVG MX 2MIN
DY MAX MIN AVG DEP HDD CDD  WTR  SNW DPTH SPD SPD DIR MIN PSBL S-S WX    SPD DR
================================================================================

 1  77  52  65   9   0   0 0.25  0.0    0  8.7 45 240   M    M   0 13     54 240
 2  73  48  61   5   4   0 0.00  0.0    0 16.1 32 280   M    M   0        38 260
 3  81  41  61   5   4   0 0.00  0.0    0  5.9 14 230   M    M   0        19 230
 4  85  52  69  12   0   4 0.01  0.0    0 10.2 26 160   M    M   2 3      32 160
 5  64  50  57   0   8   0 0.44  0.0    0  8.7 30 280   M    M   6 1      35 280
 6  73  44  59   2   6   0 0.00  0.0    0  7.0 15  80   M    M   0        20  80
 7  83  53  68  10   0   3 0.00  0.0    0  9.3 21 200   M    M   0        26 200
 8  91  57  74  16   0   9 0.00  0.0    0 10.4 28 260   M    M   0        35 250
 9  72  46  59   1   6   0 0.00  0.0    0 15.1 33 260   M    M   0        39 250
10  66  43  55  -3  10   0 0.00  0.0    0 15.8 26 250   M    M   3        33 240
11  71  40  56  -2   9   0 0.00  0.0    0 10.4 20 220   M    M   0        24 220
12  77  38  58  -1   7   0 0.78  0.0    0  8.1 30 180   M    M   2 135    37 210
13  65  49  57  -2   8   0 0.50  0.0    0 11.3 28 320   M    M   8 13     35 340
14  69  48  59   0   6   0 0.11  0.0    0 16.5 28 260   M    M   3        36 270
15  69  44  57  -3   8   0    T  0.0    0 12.6 26 260   M    M   4        35 250
16  70  54  62   2   3   0    T  0.0    0 16.7 23 230   M    M   5        39 240
17  70  50  60   0   5   0    T  0.0    0 11.6 24 240   M    M   6        32 240
18  72  50  61   1   4   0 0.00  0.0    0 14.6 26 270   M    M   6        34 270
19  77  48  63   2   2   0 0.00  0.0    0  9.1 16  80   M    M   2        21  80
20  87  54  71  10   0   6 0.00  0.0    0  8.5 30 270   M    M   1        36 250
21  80  49  65   4   0   0 0.00  0.0    0 12.9 31 290   M    M   1        36 290
22  68  46  57  -4   8   0 0.00  0.0    0  8.7 24  10   M    M   4        32  20
23  69  37  53  -9  12   0 0.00  0.0    0  5.0 12  50   M    M   6        14  30
================================================================================
SM 1709 1093       110  22  2.09     0.0 253.2          M       59
================================================================================
AV 74.3 47.5                              11.0 FASTST   M    M   3    MAX(MPH)
                                 MISC ---->  # 45 240               # 54  240
================================================================================
NOTES:
# LAST OF SEVERAL OCCURRENCES

COLUMN 17 PEAK WIND IN M.P.H.

PRELIMINARY LOCAL CLIMATOLOGICAL DATA (WS FORM: F-6) , PAGE 2

                                          STATION:  GREAT FALLS MT
                                          MONTH:    JUNE
                                          YEAR:     2017
                                          LATITUDE:   47 28 N
                                          LONGITUDE: 111 22 W

[TEMPERATURE DATA]      [PRECIPITATION DATA]       SYMBOLS USED IN COLUMN 16

AVERAGE MONTHLY: 60.9   TOTAL FOR MONTH:   2.09    1 = FOG OR MIST
DPTR FM NORMAL:   2.1   DPTR FM NORMAL:    0.01    2 = FOG REDUCING VISIBILITY
HIGHEST:    91 ON  8    GRTST 24HR  0.78 ON 12-12      TO 1/4 MILE OR LESS
LOWEST:     37 ON 23                               3 = THUNDER
                        SNOW, ICE PELLETS, HAIL    4 = ICE PELLETS
                        TOTAL MONTH:   0.0 INCH    5 = HAIL
                        GRTST 24HR     0.0         6 = FREEZING RAIN OR DRIZZLE
                        GRTST DEPTH:   0           7 = DUSTSTORM OR SANDSTORM:
                                                       VSBY 1/2 MILE OR LESS
                                                   8 = SMOKE OR HAZE
[NO. OF DAYS WITH]      [WEATHER - DAYS WITH]      9 = BLOWING SNOW
                                                   X = TORNADO
MAX 32 OR BELOW:   0    0.01 INCH OR MORE:   6
MAX 90 OR ABOVE:   1    0.10 INCH OR MORE:   5
MIN 32 OR BELOW:   0    0.50 INCH OR MORE:   2
MIN  0 OR BELOW:   0    1.00 INCH OR MORE:   0

[HDD (BASE 65) ]
TOTAL THIS MO.   110    CLEAR  (SCALE 0-3)  14
DPTR FM NORMAL   -52    PTCLDY (SCALE 4-7)   9
TOTAL FM JUL 1  7602    CLOUDY (SCALE 8-10)  0
DPTR FM NORMAL   -95

[CDD (BASE 65) ]
TOTAL THIS MO.    22
DPTR FM NORMAL     3    [PRESSURE DATA]
TOTAL FM JAN 1    29    HIGHEST SLP M ON M
DPTR FM NORMAL     3    LOWEST  SLP 29.47 ON 12

[REMARKS]
