000
CXGM50 PGUM 291850
CF6GUM
PRELIMINARY LOCAL CLIMATOLOGICAL DATA (WS FORM: F-6)

                                          STATION:   GUAM INTERNATIONAL AIRPORT
                                          MONTH:     JUNE
                                          YEAR:      2015
                                          LATITUDE:   13 29 N
                                          LONGITUDE: 144-48 E

  TEMPERATURE IN F:       :PCPN:    SNOW:  WIND      :SUNSHINE: SKY     :PK WND
================================================================================
1   2   3   4   5  6A  6B    7    8   9   10  11  12  13   14  15   16   17  18
                                     12Z  AVG MX 2MIN
DY MAX MIN AVG DEP HDD CDD  WTR  SNW DPTH SPD SPD DIR MIN PSBL S-S WX    SPD DR
================================================================================

 1  88  78  83   0   0  18 0.12  0.0    0 12.5 24  60   M    M   4 18     29  60
 2  88  77  83   0   0  18 0.01  0.0    0 12.6 23  80   M    M   4        30  70
 3  83  76  80  -3   0  15 1.07  0.0    0 11.9 21  70   M    M   7 1      28  60
 4  82  75  79  -4   0  14 2.24  0.0    0  9.7 21 110   M    M   7 1      36 130
 5  86  78  82  -1   0  17 0.19  0.0    0 12.2 23 100   M    M   5 1      30 110
 6  86  78  82  -1   0  17 0.10  0.0    0  8.3 16 100   M    M   4 1      21 110
 7  86  78  82  -1   0  17 0.02  0.0    0 11.5 21 100   M    M   5 1      29  90
 8  87  80  84   1   0  19 0.06  0.0    0 10.7 17  80   M    M   3 18     23  80
 9  88  79  84   1   0  19 0.07  0.0    0 12.5 21  70   M    M   3 1      26  80
10  88  78  83   0   0  18    T  0.0    0 13.1 24  70   M    M   4        32  80
11  89  80  85   2   0  20 0.01  0.0    0 12.7 23  80   M    M   3        28  80
12  88  78  83   0   0  18 0.06  0.0    0  9.1 18  80   M    M   4 1      22  80
13  88  79  84   1   0  19 0.09  0.0    0 10.1 17  80   M    M   3 1      24  90
14  88  78  83   0   0  18 0.33  0.0    0 11.6 21  90   M    M   4 1      25 100
15  88  78  83   0   0  18 0.04  0.0    0 11.9 21  70   M    M   3 1      25  60
16  88  78  83   0   0  18    T  0.0    0  8.6 18  70   M    M   4        23  70
17  88  79  84   1   0  19    T  0.0    0 10.3 20  80   M    M   3        24  80
18  88  80  84   1   0  19 0.00  0.0    0 10.6 20  80   M    M   2        24  70
19  89  80  85   2   0  20    T  0.0    0 11.0 21  80   M    M   2        26  70
20  89  79  84   1   0  19 0.00  0.0    0 10.2 20  80   M    M   2        25  70
21  89  77  83   0   0  18 0.01  0.0    0 12.2 22  60   M    M   2        26  60
22  89  79  84   1   0  19 0.20  0.0    0 11.9 21  70   M    M   4 1      26  80
23  90  79  85   3   0  20 0.01  0.0    0 10.5 18  80   M    M   2        22  80
24  89  79  84   2   0  19 0.06  0.0    0  8.9 17  70   M    M   2        22  70
25  89  79  84   2   0  19    T  0.0    0  8.4 16  80   M    M   2        24 100
26  89  77  83   1   0  18 0.02  0.0    0  8.8 21  80   M    M   3 1      25  80
27  88  77  83   1   0  18 0.23  0.0    0 10.9 21  80   M    M   3 18     26  90
28  89  79  84   2   0  19 0.06  0.0    0 11.1 20  70   M    M   3 1      30  90
29  90  78  84   2   0  19    T  0.0    0 10.4 20  70   M    M   3        23  80
================================================================================
SM 2547 2270         0 529  5.00     0.0 314.2          M      100
================================================================================
AV 87.8 78.3                              10.8 FASTST   M    M   3    MAX(MPH)
                                 MISC ---->  # 24  60               # 36  130
================================================================================
NOTES:
# LAST OF SEVERAL OCCURRENCES

COLUMN 17 PEAK WIND IN M.P.H.

PRELIMINARY LOCAL CLIMATOLOGICAL DATA (WS FORM: F-6) , PAGE 2

                                          STATION:  GUAM INTERNATIONAL AIRPORT
                                          MONTH:    JUNE
                                          YEAR:     2015
                                          LATITUDE:   13 29 N
                                          LONGITUDE: 144-48 E

[TEMPERATURE DATA]      [PRECIPITATION DATA]       SYMBOLS USED IN COLUMN 16

AVERAGE MONTHLY: 83.1   TOTAL FOR MONTH:   5.00    1 = FOG OR MIST
DPTR FM NORMAL:   0.3   DPTR FM NORMAL:   -1.77    2 = FOG REDUCING VISIBILITY
HIGHEST:    90 ON 29,23 GRTST 24HR  2.24 ON  4- 4      TO 1/4 MILE OR LESS
LOWEST:     75 ON  4                               3 = THUNDER
                        SNOW, ICE PELLETS, HAIL    4 = ICE PELLETS
                        TOTAL MONTH:   0.0 INCH    5 = HAIL
                        GRTST 24HR     0.0         6 = FREEZING RAIN OR DRIZZLE
                        GRTST DEPTH:   0           7 = DUSTSTORM OR SANDSTORM:
                                                       VSBY 1/2 MILE OR LESS
                                                   8 = SMOKE OR HAZE
[NO. OF DAYS WITH]      [WEATHER - DAYS WITH]      9 = BLOWING SNOW
                                                   X = TORNADO
MAX 32 OR BELOW:   0    0.01 INCH OR MORE:  21
MAX 90 OR ABOVE:   2    0.10 INCH OR MORE:   8
MIN 32 OR BELOW:   0    0.50 INCH OR MORE:   2
MIN  0 OR BELOW:   0    1.00 INCH OR MORE:   2

[HDD (BASE 65) ]
TOTAL THIS MO.     0    CLEAR  (SCALE 0-3)  15
DPTR FM NORMAL     0    PTCLDY (SCALE 4-7)  14
TOTAL FM JUL 1     0    CLOUDY (SCALE 8-10)  0
DPTR FM NORMAL     0

[CDD (BASE 65) ]
TOTAL THIS MO.   529
DPTR FM NORMAL    12    [PRESSURE DATA]
TOTAL FM JAN 1  3034    HIGHEST SLP M ON M
DPTR FM NORMAL    89    LOWEST  SLP 29.75 ON 17

[REMARKS]
