000
CXUS54 KFWD 300730
CF6GVT
PRELIMINARY LOCAL CLIMATOLOGICAL DATA (WS FORM: F-6)

                                          STATION:   GREENVILLE
                                          MONTH:     JUNE
                                          YEAR:      2015
                                          LATITUDE:   33  4 N
                                          LONGITUDE:  96  4 W

  TEMPERATURE IN F:       :PCPN:    SNOW:  WIND      :SUNSHINE: SKY     :PK WND
================================================================================
1   2   3   4   5  6A  6B    7    8   9   10  11  12  13   14  15   16   17  18
                                     12Z  AVG MX 2MIN
DY MAX MIN AVG DEP HDD CDD  WTR  SNW DPTH SPD SPD DIR MIN PSBL S-S WX    SPD DR
================================================================================

 1  82  59  71  -6   0   6 0.00  0.0    0  1.2  6 190   M    M   1         M  M
 2  86  63  75  -3   0  10 0.00  0.0    0  3.8 10 140   M    M   0        16 110
 3  88  66  77  -1   0  12 0.00  0.0    0  6.4 10 140   M    M   0         M  M
 4  90  68  79   1   0  14 0.00  0.0    0  3.9 10 150   M    M   1         M  M
 5  90  70  80   2   0  15 0.00  0.0    0  2.9  8 110   M    M   1         M  M
 6  91  70  81   2   0  16 0.00  0.0    0  1.4  8 160   M    M   1         M  M
 7  93  70  82   3   0  17 0.00  0.0    0  5.0 10 150   M    M   1 1       M  M
 8  95  73  84   5   0  19 0.00  0.0    0  5.2  8 230   M    M   1         M  M
 9  97  73  85   6   0  20 0.00  0.0    0  3.0  7 210   M    M   1         M  M
10  95  70  83   3   0  18 0.00  0.0    0  4.7 12 120   M    M   1         M  M
11  91  73  82   2   0  17 0.00  0.0    0  8.8 15 150   M    M   0        21 180
12  91  77  84   4   0  19 0.02  0.0    0  9.1 13 160   M    M   2        17 170
13  91  75  83   3   0  18 0.00  0.0    0 10.0 15 140   M    M   4        18 140
14  88  73  81   1   0  16 0.15  0.0    0 10.8 16 150   M    M   5 3      23 150
15  90  73  82   1   0  17 0.00  0.0    0  7.1 13 150   M    M   5        16 120
16  82  73  78  -3   0  13 0.39  0.0    0  4.6 13 120   M    M   8 3       M  M
17  81  73  77  -4   0  12 1.68  0.0    0 15.2 21 150   M    M   9        31 100
18  91  75  83   2   0  18 0.00  0.0    0 10.3 23 190   M    M   5        30 190
19  91  73  82   1   0  17 0.00  0.0    0  6.8 12 220   M    M   2         M  M
20  82  73  78  -4   0  13 0.00  0.0    0  7.5 13 200   M    M   1         M  M
21   M   M   M   M   M   M    M    M    M   M   M   M   M    M   M         M  M
22  90  75  83   1   0  18 0.00  0.0    0  7.7 13 170   M    M   4 1      20 200
23  91  72  82   0   0  17 0.00  0.0    0  4.4 10 220   M    M   0 1       M  M
24  91  73  82   0   0  17 0.00  0.0    0  4.3  9 200   M    M   1         M  M
25   M  73   M   M   M   M 0.00  0.0    0  5.2  9 200   M    M   1         M  M
26  93  73  83   0   0  18 0.41  0.0    0  9.7 29 170   M    M   M 3      37 170
27  88  72  80  -3   0  15 0.43  0.0    0  4.2 10 340   M    M   3 3      17 350
28  90  68  79  -4   0  14 0.00  0.0    0  1.6  7 130   M    M   1         M  M
29  95  70  83   0   0  18 0.00  0.0    0  6.2 10 230   M    M   1         M  M
================================================================================
SM 2423 1996         0 424  3.08     0.0 171.0          M       60
================================================================================
AV 89.7 71.3                               6.1 FASTST   M    M   2    MAX(MPH)
                                 MISC ---->    29   M                 37    M
================================================================================
NOTES:
# LAST OF SEVERAL OCCURRENCES

COLUMN 17 PEAK WIND IN M.P.H.

PRELIMINARY LOCAL CLIMATOLOGICAL DATA (WS FORM: F-6) , PAGE 2

                                          STATION:  GREENVILLE
                                          MONTH:    JUNE
                                          YEAR:     2015
                                          LATITUDE:   33  4 N
                                          LONGITUDE:  96  4 W

[TEMPERATURE DATA]      [PRECIPITATION DATA]       SYMBOLS USED IN COLUMN 16

AVERAGE MONTHLY: 80.5   TOTAL FOR MONTH:   3.08    1 = FOG OR MIST
DPTR FM NORMAL:   0.0   DPTR FM NORMAL:   -0.99    2 = FOG REDUCING VISIBILITY
HIGHEST:    97 ON  9    GRTST 24HR  1.68 ON 17-17      TO 1/4 MILE OR LESS
LOWEST:     59 ON  1                               3 = THUNDER
                        SNOW, ICE PELLETS, HAIL    4 = ICE PELLETS
                        TOTAL MONTH:   0.0 INCH    5 = HAIL
                        GRTST 24HR     0.0         6 = FREEZING RAIN OR DRIZZLE
                        GRTST DEPTH:   0           7 = DUSTSTORM OR SANDSTORM:
                                                       VSBY 1/2 MILE OR LESS
                                                   8 = SMOKE OR HAZE
[NO. OF DAYS WITH]      [WEATHER - DAYS WITH]      9 = BLOWING SNOW
                                                   X = TORNADO
MAX 32 OR BELOW:   0    0.01 INCH OR MORE:   6
MAX 90 OR ABOVE:  19    0.10 INCH OR MORE:   5
MIN 32 OR BELOW:   0    0.50 INCH OR MORE:   1
MIN  0 OR BELOW:   0    1.00 INCH OR MORE:   1

[HDD (BASE 65) ]
TOTAL THIS MO.     0    CLEAR  (SCALE 0-3)  19
DPTR FM NORMAL     0    PTCLDY (SCALE 4-7)   7
TOTAL FM JUL 1  2565    CLOUDY (SCALE 8-10)  1
DPTR FM NORMAL   162

[CDD (BASE 65) ]
TOTAL THIS MO.   424
DPTR FM NORMAL   -25    [PRESSURE DATA]
TOTAL FM JAN 1   768    HIGHEST SLP M ON M
DPTR FM NORMAL   -66    LOWEST  SLP M ON M

[REMARKS]
