000
CXUS54 KJAN 171200
CF6GWO
PRELIMINARY LOCAL CLIMATOLOGICAL DATA (WS FORM: F-6)

                                          STATION:   GREENWOOD
                                          MONTH:     DECEMBER
                                          YEAR:      2017
                                          LATITUDE:   33 30 N
                                          LONGITUDE:  90  5 W

  TEMPERATURE IN F:       :PCPN:    SNOW:  WIND      :SUNSHINE: SKY     :PK WND
================================================================================
1   2   3   4   5  6A  6B    7    8   9   10  11  12  13   14  15   16   17  18
                                     12Z  AVG MX 2MIN
DY MAX MIN AVG DEP HDD CDD  WTR  SNW DPTH SPD SPD DIR MIN PSBL S-S WX    SPD DR
================================================================================

 1  69  39  54   5  11   0 0.00  0.0    0  3.1  9  20   M    M   0        12  30
 2  71  43  57   8   8   0 0.00  0.0    0  0.9  6  50   M    M   0 1       9 290
 3  74  42  58   9   7   0 0.00  0.0    0  4.1 10 150   M    M   0 1      14 150
 4  75  47  61  13   4   0    T  0.0    0 10.8 20 170   M    M   4        23 150
 5  68  41  55   7  10   0 1.22  0.0    0  9.7 22 180   M    M   7 1      27 180
 6  50  38  44  -4  21   0 0.00  0.0    0  2.2 10  20   M    M   1        12  20
 7  49  36  43  -5  22   0 0.00  0.0    0  6.1 14 350   M    M   3        20 350
 8  42  24  33 -14  32   0 0.00  0.0    0  6.5 15  20   M    M   5        19  30
 9  51  22  37 -10  28   0 0.00  0.0    0  5.1 14 270   M    M   0        21 300
10  55  24  40  -7  25   0 0.00  0.0    0  5.5 16 210   M    M   0        22 200
11  65  33  49   2  16   0 0.00  0.0    0  7.1 16 210   M    M   0        21 200
12  53  28  41  -5  24   0 0.00  0.0    0  5.0 17 340   M    M   0        26 350
13  60  25  43  -3  22   0 0.00  0.0    0  8.1 23 210   M    M   0        28 200
14  61  32  47   1  18   0 0.00  0.0    0  5.0 12 360   M    M   0        16  20
15  46  27  37  -9  28   0 0.00  0.0    0  1.3  9  30   M    M   0        12 350
16  57  26  42  -4  23   0 0.00  0.0    0  4.1 10 140   M    M   1        14 160
================================================================================
SM  946  527       299   0  1.22     0.0  84.6          M       21
================================================================================
AV 59.1 32.9                               5.3 FASTST   M    M   1    MAX(MPH)
                                 MISC ---->  # 23 210               # 28  200
================================================================================
NOTES:
# LAST OF SEVERAL OCCURRENCES

COLUMN 17 PEAK WIND IN M.P.H.

PRELIMINARY LOCAL CLIMATOLOGICAL DATA (WS FORM: F-6) , PAGE 2

                                          STATION:  GREENWOOD
                                          MONTH:    DECEMBER
                                          YEAR:     2017
                                          LATITUDE:   33 30 N
                                          LONGITUDE:  90  5 W

[TEMPERATURE DATA]      [PRECIPITATION DATA]       SYMBOLS USED IN COLUMN 16

AVERAGE MONTHLY: 46.0   TOTAL FOR MONTH:   1.22    1 = FOG OR MIST
DPTR FM NORMAL:  -1.3   DPTR FM NORMAL:   -1.91    2 = FOG REDUCING VISIBILITY
HIGHEST:    75 ON  4    GRTST 24HR  1.22 ON  5- 5      TO 1/4 MILE OR LESS
LOWEST:     22 ON  9                               3 = THUNDER
                        SNOW, ICE PELLETS, HAIL    4 = ICE PELLETS
                        TOTAL MONTH:   0.0 INCH    5 = HAIL
                        GRTST 24HR     0.0         6 = FREEZING RAIN OR DRIZZLE
                        GRTST DEPTH:   0           7 = DUSTSTORM OR SANDSTORM:
                                                       VSBY 1/2 MILE OR LESS
                                                   8 = SMOKE OR HAZE
[NO. OF DAYS WITH]      [WEATHER - DAYS WITH]      9 = BLOWING SNOW
                                                   X = TORNADO
MAX 32 OR BELOW:   0    0.01 INCH OR MORE:   1
MAX 90 OR ABOVE:   0    0.10 INCH OR MORE:   1
MIN 32 OR BELOW:   8    0.50 INCH OR MORE:   1
MIN  0 OR BELOW:   0    1.00 INCH OR MORE:   1

[HDD (BASE 65) ]
TOTAL THIS MO.   299    CLEAR  (SCALE 0-3)  13
DPTR FM NORMAL    12    PTCLDY (SCALE 4-7)   3
TOTAL FM JUL 1   713    CLOUDY (SCALE 8-10)  0
DPTR FM NORMAL   -42

[CDD (BASE 65) ]
TOTAL THIS MO.     0
DPTR FM NORMAL     0    [PRESSURE DATA]
TOTAL FM JAN 1  2341    HIGHEST SLP M ON M
DPTR FM NORMAL   182    LOWEST  SLP 29.92 ON M

[REMARKS]
