356
CXUS55 KBOU 280810
CF6GXY
PRELIMINARY LOCAL CLIMATOLOGICAL DATA (WS FORM: F-6)

                                          STATION:   GREELEY  CO
                                          MONTH:     JULY
                                          YEAR:      2017
                                          LATITUDE:   40 25 N
                                          LONGITUDE: 104 38 W

  TEMPERATURE IN F:       :PCPN:    SNOW:  WIND      :SUNSHINE: SKY     :PK WND
================================================================================
1   2   3   4   5  6A  6B    7    8   9   10  11  12  13   14  15   16   17  18
                                     12Z  AVG MX 2MIN
DY MAX MIN AVG DEP HDD CDD  WTR  SNW DPTH SPD SPD DIR MIN PSBL S-S WX    SPD DR
================================================================================

 1  88  50  69   M   0   4    M    M    M  4.0  7  50   M    M   0         M  M
 2  93  52  73   M   0   8    M    M    M  5.1 13 300   M    M   0 8       M  M
 3  88  53  71   M   0   6    M    M    M  5.3 14 130   M    M   0 8      25 340
 4  93  53  73   M   0   8    M    M    M  6.3 14  30   M    M   0 38     23  20
 5  99  54  77   M   0  12    M    M    M  5.0 10 110   M    M   0 8       M  M
 6 100  58  79   M   0  14    M    M    M  7.1 17  50   M    M   0 38     40  10
 7  89  58  74   M   0   9    M    M    M  8.4 18  10   M    M   0 8      28  10
 8  94  61  78   M   0  13    M    M    M  4.3  9 350   M    M   0 38      M  M
 9  98  55  77   M   0  12    M    M    M  5.1 15 310   M    M   0        30  30
10  97  60  79   M   0  14    M    M    M  6.5 20 360   M    M   0        44 350
11  97  61  79   M   0  14    M    M    M  4.7 20 330   M    M   1 18     36 330
12  76  63  70   M   0   5    M    M    M  4.6 12  40   M    M   2 8       M  M
13  89  56  73   M   0   8    M    M    M  6.2 12 160   M    M   0        18 160
14  92  58  75   M   0  10    M    M    M  5.6 15 130   M    M   0 18      M  M
15  89  59  74   M   0   9    M    M    M  5.5 17 180   M    M   0 3      33 170
16  89  53  71   M   0   6    M    M    M  5.8 10 120   M    M   0 8      16  99
17  96  59  78   M   0  13    M    M    M  6.2 17  20   M    M   0 8      21 210
18  96  59  78   M   0  13    M    M    M  5.7 12  10   M    M   0 8      18  10
19 102  63  83   M   0  18    M    M    M  6.8 21 350   M    M   0        27 350
20  96  64  80   M   0  15    M    M    M  5.2 15  10   M    M   0         M  M
21  96  61  79   M   0  14    M    M    M  6.7 18 310   M    M   0        35 290
22  93  59  76   M   0  11    M    M    M  6.3 13 120   M    M   0         M  M
23  94  58  76   M   0  11    M    M    M  6.4 15 160   M    M   0         M  M
24 101  62  82   M   0  17    M    M    M  5.4 15 170   M    M   0         M  M
25  94  59  77   M   0  12    M    M    M  5.4 12 210   M    M   1 8      18 210
26  83  64  74   M   0   9    M    M    M  5.8  9  50   M    M   1 38     17 360
27  91  61  76   M   0  11    M    M    M  4.7 12 180   M    M   0 1       M  M
================================================================================
SM 2513 1573         0 296    M     M    154.1          M        5
================================================================================
AV 93.1 58.3                               5.7 FASTST   M    M   0    MAX(MPH)
                                 MISC ---->  # 21 350               # 44  350
================================================================================
NOTES:
# LAST OF SEVERAL OCCURRENCES

COLUMN 17 PEAK WIND IN M.P.H.

PRELIMINARY LOCAL CLIMATOLOGICAL DATA (WS FORM: F-6) , PAGE 2

                                          STATION:  GREELEY  CO
                                          MONTH:    JULY
                                          YEAR:     2017
                                          LATITUDE:   40 25 N
                                          LONGITUDE: 104 38 W

[TEMPERATURE DATA]      [PRECIPITATION DATA]       SYMBOLS USED IN COLUMN 16

AVERAGE MONTHLY: 75.7   TOTAL FOR MONTH:      M    1 = FOG OR MIST
DPTR FM NORMAL:     M   DPTR FM NORMAL:       M    2 = FOG REDUCING VISIBILITY
HIGHEST:   102 ON 19    GRTST 24HR  0.01 ON 30- 1      TO 1/4 MILE OR LESS
LOWEST:     50 ON  1                               3 = THUNDER
                        SNOW, ICE PELLETS, HAIL    4 = ICE PELLETS
                        TOTAL MONTH:    M          5 = HAIL
                        GRTST 24HR    M  ON   M    6 = FREEZING RAIN OR DRIZZLE
                        GRTST DEPTH:  M  ON   M    7 = DUSTSTORM OR SANDSTORM:
                                                       VSBY 1/2 MILE OR LESS
                                                   8 = SMOKE OR HAZE
[NO. OF DAYS WITH]      [WEATHER - DAYS WITH]      9 = BLOWING SNOW
                                                   X = TORNADO
MAX 32 OR BELOW:   0    0.01 INCH OR MORE:   0
MAX 90 OR ABOVE:  19    0.10 INCH OR MORE:   0
MIN 32 OR BELOW:   0    0.50 INCH OR MORE:   0
MIN  0 OR BELOW:   0    1.00 INCH OR MORE:   0

[HDD (BASE 65) ]
TOTAL THIS MO.     0    CLEAR  (SCALE 0-3)  27
DPTR FM NORMAL     M    PTCLDY (SCALE 4-7)   0
TOTAL FM JUL 1     0    CLOUDY (SCALE 8-10)  0
DPTR FM NORMAL     M

[CDD (BASE 65) ]
TOTAL THIS MO.   296
DPTR FM NORMAL     M    [PRESSURE DATA]
TOTAL FM JAN 1   451    HIGHEST SLP M ON M
DPTR FM NORMAL     M    LOWEST  SLP M ON M

[REMARKS]
