000
CXUS51 KGYX 181000
CF6GYX
PRELIMINARY LOCAL CLIMATOLOGICAL DATA (WS FORM: F-6)

                                          STATION:   GRAY ME
                                          MONTH:     JANUARY
                                          YEAR:      2017
                                          LATITUDE:   43 53 N
                                          LONGITUDE:  70 15 W

  TEMPERATURE IN F:       :PCPN:    SNOW:  WIND      :SUNSHINE: SKY     :PK WND
================================================================================
1   2   3   4   5  6A  6B    7    8   9   10  11  12  13   14  15   16   17  18
                                     12Z  AVG MX 2MIN
DY MAX MIN AVG DEP HDD CDD  WTR  SNW DPTH SPD SPD DIR MIN PSBL S-S WX    SPD DR
================================================================================

 1  39  23  31   8  34   0 0.03  0.4   20   M   M   M   M    M   M         M  M
 2  37  21  29   7  36   0 0.00  0.0   19   M   M   M   M    M   M         M  M
 3  34  25  30   8  35   0 0.55    T   17   M   M   M   M    M   M         M  M
 4  40  29  35  13  30   0 0.02  0.0   14   M   M   M   M    M   M         M  M
 5  30  21  26   4  39   0    T    T   14   M   M   M   M    M   M         M  M
 6  26  13  20  -2  45   0    T  0.1   13   M   M   M   M    M   M         M  M
 7  16   9  13  -9  52   0 0.09  1.2   13   M   M   M   M    M   M         M  M
 8  17   5  11 -10  54   0 0.01  0.2   14   M   M   M   M    M   M         M  M
 9  14   0   7 -14  58   0 0.00  0.0   14   M   M   M   M    M   M         M  M
10  38   3  21   0  44   0 0.18    T   13   M   M   M   M    M   M         M  M
11  50  37  44  23  21   0 0.26  0.0   11   M   M   M   M    M   M         M  M
12  49  36  43  22  22   0 0.08  0.0   10   M   M   M   M    M   M 1       M  M
13  48  14  31  10  34   0    T  0.0    7   M   M   M   M    M   M 1       M  M
14  20   6  13  -8  52   0 0.00  0.0    7   M   M   M   M    M   M         M  M
15  29  11  20   0  45   0 0.00  0.0    7   M   M   M   M    M   M         M  M
16  36  11  24   4  41   0 0.00  0.0    7   M   M   M   M    M   M         M  M
17  38  24  31  11  34   0    T    T    6   M   M   M   M    M   M         M  M
================================================================================
SM  561  288       676   0  1.22     1.9     M          M        M
================================================================================
AV 33.0 16.9                                 M FASTST   M    M   5    MAX(MPH)
                                 MISC ---->     M   M                  M    M
================================================================================
NOTES:
# LAST OF SEVERAL OCCURRENCES

COLUMN 17 PEAK WIND IN M.P.H.

PRELIMINARY LOCAL CLIMATOLOGICAL DATA (WS FORM: F-6) , PAGE 2

                                          STATION:  GRAY ME
                                          MONTH:    JANUARY
                                          YEAR:     2017
                                          LATITUDE:   43 53 N
                                          LONGITUDE:  70 15 W

[TEMPERATURE DATA]      [PRECIPITATION DATA]       SYMBOLS USED IN COLUMN 16

AVERAGE MONTHLY: 25.0   TOTAL FOR MONTH:   1.22    1 = FOG OR MIST
DPTR FM NORMAL:   3.7   DPTR FM NORMAL:   -0.74    2 = FOG REDUCING VISIBILITY
HIGHEST:    50 ON 11    GRTST 24HR  0.55 ON  3- 3      TO 1/4 MILE OR LESS
LOWEST:      0 ON  9                               3 = THUNDER
                        SNOW, ICE PELLETS, HAIL    4 = ICE PELLETS
                        TOTAL MONTH:   1.9 INCHES  5 = HAIL
                        GRTST 24HR   1.2 ON   M    6 = FREEZING RAIN OR DRIZZLE
                        GRTST DEPTH:  20 ON  1     7 = DUSTSTORM OR SANDSTORM:
                                                       VSBY 1/2 MILE OR LESS
                                                   8 = SMOKE OR HAZE
[NO. OF DAYS WITH]      [WEATHER - DAYS WITH]      9 = BLOWING SNOW
                                                   X = TORNADO
MAX 32 OR BELOW:   7    0.01 INCH OR MORE:   8
MAX 90 OR ABOVE:   0    0.10 INCH OR MORE:   3
MIN 32 OR BELOW:  15    0.50 INCH OR MORE:   1
MIN  0 OR BELOW:   1    1.00 INCH OR MORE:   0

[HDD (BASE 65) ]
TOTAL THIS MO.   676    CLEAR  (SCALE 0-3)   0
DPTR FM NORMAL   -67    PTCLDY (SCALE 4-7)   0
TOTAL FM JUL 1  3176    CLOUDY (SCALE 8-10)  0
DPTR FM NORMAL  -233

[CDD (BASE 65) ]
TOTAL THIS MO.     0
DPTR FM NORMAL     0    [PRESSURE DATA]
TOTAL FM JAN 1     0    HIGHEST SLP M ON M
DPTR FM NORMAL     0    LOWEST  SLP M ON M

[REMARKS]
