000
CXUS54 KJAN 221200
CF6HBG
PRELIMINARY LOCAL CLIMATOLOGICAL DATA (WS FORM: F-6)

                                          STATION:   HATTIESBURG
                                          MONTH:     NOVEMBER
                                          YEAR:      2017
                                          LATITUDE:   31 16 N
                                          LONGITUDE:  89 15 W

  TEMPERATURE IN F:       :PCPN:    SNOW:  WIND      :SUNSHINE: SKY     :PK WND
================================================================================
1   2   3   4   5  6A  6B    7    8   9   10  11  12  13   14  15   16   17  18
                                     12Z  AVG MX 2MIN
DY MAX MIN AVG DEP HDD CDD  WTR  SNW DPTH SPD SPD DIR MIN PSBL S-S WX    SPD DR
================================================================================

 1  74  50  62   0   3   0 0.15  0.0    0  3.6 15 170   M    M   4 1      21 170
 2  81  62  72  10   0   7 0.07  0.0    0  5.7 14 160   M    M   6 12     21 140
 3  85  62  74  13   0   9 0.00  0.0    0  2.1  8 280   M    M   5 12     11 290
 4  82  65  74  13   0   9 0.00  0.0    0  2.6  9 210   M    M   5 1      13 220
 5  81  59  70   9   0   5 0.00  0.0    0  4.1 12 190   M    M   4 12     16 190
 6  82  68  75  15   0  10 0.00  0.0    0  4.3 13 220   M    M   6        16 210
 7  81  64  73  13   0   8 0.00  0.0    0  2.7 13 270   M    M   5 1      16 250
 8  68  56  62   2   3   0 0.04  0.0    0  5.7 12 350   M    M   9 1      16 350
 9  60  45  53  -7  12   0 0.18  0.0    0  4.2 13 360   M    M   7 1      16 340
10  67  41  54  -5  11   0 0.00  0.0    0  4.4 14  10   M    M   0 1      19  70
11  71  40  56  -3   9   0 0.00  0.0    0  2.2  9 150   M    M   1        13  80
12  66  50  58  -1   7   0 0.00  0.0    0  3.4  9  20   M    M   7 1      11 360
13  70  48  59   1   6   0 0.00  0.0    0  4.7 13 350   M    M   1 1      18  40
14  70  43  57  -1   8   0 0.00  0.0    0  1.4  8 360   M    M   0 1      12 360
15  73  41  57  -1   8   0 0.00  0.0    0  1.9 12 150   M    M   1 1      16 170
16  76  48  62   5   3   0 0.00  0.0    0  1.2  8 360   M    M   5 12     11 360
17  77  51  64   7   1   0 0.00  0.0    0  4.4 13 180   M    M   2 12     19 170
18  80  54  67  10   0   2 0.14  0.0    0 10.4 25 320   M    M   6 18     33 330
19  60  38  49  -7  16   0 0.00  0.0    0  7.8 18 340   M    M   1        26 340
20  59  31  45 -11  20   0 0.00  0.0    0  2.0  9  90   M    M   0        12  90
21  70  35  53  -3  12   0 0.00  0.0    0  1.8 10 290   M    M   2        12 290
================================================================================
SM 1533 1051       119  50  0.58     0.0  80.6          M       77
================================================================================
AV 73.0 50.1                               3.8 FASTST   M    M   4    MAX(MPH)
                                 MISC ---->  # 25 320               # 33  330
================================================================================
NOTES:
# LAST OF SEVERAL OCCURRENCES

COLUMN 17 PEAK WIND IN M.P.H.

PRELIMINARY LOCAL CLIMATOLOGICAL DATA (WS FORM: F-6) , PAGE 2

                                          STATION:  HATTIESBURG
                                          MONTH:    NOVEMBER
                                          YEAR:     2017
                                          LATITUDE:   31 16 N
                                          LONGITUDE:  89 15 W

[TEMPERATURE DATA]      [PRECIPITATION DATA]       SYMBOLS USED IN COLUMN 16

AVERAGE MONTHLY: 61.5   TOTAL FOR MONTH:   0.58    1 = FOG OR MIST
DPTR FM NORMAL:   2.6   DPTR FM NORMAL:   -2.25    2 = FOG REDUCING VISIBILITY
HIGHEST:    85 ON  3    GRTST 24HR  0.18 ON  9- 9      TO 1/4 MILE OR LESS
LOWEST:     31 ON 20                               3 = THUNDER
                        SNOW, ICE PELLETS, HAIL    4 = ICE PELLETS
                        TOTAL MONTH:   0.0 INCH    5 = HAIL
                        GRTST 24HR     0.0         6 = FREEZING RAIN OR DRIZZLE
                        GRTST DEPTH:   0           7 = DUSTSTORM OR SANDSTORM:
                                                       VSBY 1/2 MILE OR LESS
                                                   8 = SMOKE OR HAZE
[NO. OF DAYS WITH]      [WEATHER - DAYS WITH]      9 = BLOWING SNOW
                                                   X = TORNADO
MAX 32 OR BELOW:   0    0.01 INCH OR MORE:   5
MAX 90 OR ABOVE:   0    0.10 INCH OR MORE:   3
MIN 32 OR BELOW:   1    0.50 INCH OR MORE:   0
MIN  0 OR BELOW:   0    1.00 INCH OR MORE:   0

[HDD (BASE 65) ]
TOTAL THIS MO.   119    CLEAR  (SCALE 0-3)   9
DPTR FM NORMAL   -33    PTCLDY (SCALE 4-7)  11
TOTAL FM JUL 1   203    CLOUDY (SCALE 8-10)  1
DPTR FM NORMAL   -24

[CDD (BASE 65) ]
TOTAL THIS MO.    50
DPTR FM NORMAL    25    [PRESSURE DATA]
TOTAL FM JAN 1  2544    HIGHEST SLP M ON M
DPTR FM NORMAL   157    LOWEST  SLP 29.71 ON 18

[REMARKS]
