000
CXUS54 KOUN 290700
CF6HBR
PRELIMINARY LOCAL CLIMATOLOGICAL DATA (WS FORM: F-6)

                                          STATION:   HOBART
                                          MONTH:     MAY
                                          YEAR:      2017
                                          LATITUDE:   35  0 N
                                          LONGITUDE:  99  3 W

  TEMPERATURE IN F:       :PCPN:    SNOW:  WIND      :SUNSHINE: SKY     :PK WND
================================================================================
1   2   3   4   5  6A  6B    7    8   9   10  11  12  13   14  15   16   17  18
                                     12Z  AVG MX 2MIN
DY MAX MIN AVG DEP HDD CDD  WTR  SNW DPTH SPD SPD DIR MIN PSBL S-S WX    SPD DR
================================================================================

 1  76  36  56  -8   9   0 0.00  0.0    0  8.5 18 330   M    M   0        22 340
 2  82  47  65   1   0   0 0.00  0.0    0  9.9 20 150   M    M   0        25 160
 3  69  51  60  -5   5   0 0.07  0.0    0 19.5 30 360   M    M   5 1      42  10
 4  72  47  60  -5   5   0 0.00  0.0    0 12.9 23  10   M    M   1        28  20
 5  79  42  61  -5   4   0 0.00  0.0    0  5.0 12 270   M    M   0        17  30
 6  86  48  67   1   0   2 0.00  0.0    0  8.6 16 220   M    M   0 1      21 160
 7  88  60  74   8   0   9 0.00  0.0    0 13.7 22 150   M    M   0        29 150
 8  84  61  73   7   0   8    T  0.0    0 13.4 22 170   M    M   1        29 150
 9  82  64  73   6   0   8 0.00  0.0    0 11.6 21 160   M    M   7        26 160
10  81  63  72   5   0   7 0.74  0.0    0 10.0 21 170   M    M   6 13     27 180
11  80  60  70   2   0   5 0.02  0.0    0 11.5 26 360   M    M   2 138    35  10
12  76  54  65  -3   0   0 0.00  0.0    0 11.7 21  10   M    M   1        30 360
13  81  48  65  -3   0   0 0.00  0.0    0  7.7 16 160   M    M   0        20 170
14  92  58  75   7   0  10 0.00  0.0    0 14.3 22 170   M    M   0        28 160
15  92  68  80  11   0  15 0.00  0.0    0 17.6 26 150   M    M   0        37 170
16  81  65  73   4   0   8 0.53  0.0    0 22.3 41 170   M    M   8 123    54 170
17  87  58  73   3   0   8    T  0.0    0 16.1 30 250   M    M   0 3      36 240
18  85  62  74   4   0   9 0.01  0.0    0 17.1 33 170   M    M   4 3      47 180
19  79  60  70   0   0   5 0.06  0.0    0 13.4 29 200   M    M   3 13     38 230
20  75  52  64  -6   1   0 0.01  0.0    0 12.1 25 340   M    M   1 3      31 350
21  80  47  64  -7   1   0 0.00  0.0    0  7.0 16 170   M    M   0        20 180
22  67  54  61 -10   4   0 0.21  0.0    0  7.3 18 340   M    M   8 13     23 340
23  73  49  61 -11   4   0 0.01  0.0    0 11.7 22  10   M    M   5 1      28 360
24  82  44  63  -9   2   0 0.00  0.0    0  7.1 17 280   M    M   0        23 350
25  95  54  75   3   0  10 0.00  0.0    0 16.7 24 170   M    M   0        30 170
26  92  56  74   2   0   9 0.00  0.0    0  9.2 21 350   M    M   0        25 350
27  97  69  83  10   0  18 0.00  0.0    0 12.3 26  30   M    M   0 1      35  30
28  85  61  73   0   0   8 0.00  0.0    0 12.2 26  30   M    M   0        35  20
================================================================================
SM 2298 1538        35 139  1.66     0.0 340.4          M       52
================================================================================
AV 82.1 54.9                              12.2 FASTST   M    M   2    MAX(MPH)
                                 MISC ---->  # 41 170               # 54  170
================================================================================
NOTES:
# LAST OF SEVERAL OCCURRENCES

COLUMN 17 PEAK WIND IN M.P.H.

PRELIMINARY LOCAL CLIMATOLOGICAL DATA (WS FORM: F-6) , PAGE 2

                                          STATION:  HOBART
                                          MONTH:    MAY
                                          YEAR:     2017
                                          LATITUDE:   35  0 N
                                          LONGITUDE:  99  3 W

[TEMPERATURE DATA]      [PRECIPITATION DATA]       SYMBOLS USED IN COLUMN 16

AVERAGE MONTHLY: 68.5   TOTAL FOR MONTH:   1.66    1 = FOG OR MIST
DPTR FM NORMAL:  -0.1   DPTR FM NORMAL:   -1.66    2 = FOG REDUCING VISIBILITY
HIGHEST:    97 ON 27    GRTST 24HR  0.74 ON 10-10      TO 1/4 MILE OR LESS
LOWEST:     36 ON  1                               3 = THUNDER
                        SNOW, ICE PELLETS, HAIL    4 = ICE PELLETS
                        TOTAL MONTH:   0.0 INCH    5 = HAIL
                        GRTST 24HR     0.0         6 = FREEZING RAIN OR DRIZZLE
                        GRTST DEPTH:   0           7 = DUSTSTORM OR SANDSTORM:
                                                       VSBY 1/2 MILE OR LESS
                                                   8 = SMOKE OR HAZE
[NO. OF DAYS WITH]      [WEATHER - DAYS WITH]      9 = BLOWING SNOW
                                                   X = TORNADO
MAX 32 OR BELOW:   0    0.01 INCH OR MORE:   9
MAX 90 OR ABOVE:   5    0.10 INCH OR MORE:   3
MIN 32 OR BELOW:   0    0.50 INCH OR MORE:   2
MIN  0 OR BELOW:   0    1.00 INCH OR MORE:   0

[HDD (BASE 65) ]
TOTAL THIS MO.    35    CLEAR  (SCALE 0-3)  21
DPTR FM NORMAL    -9    PTCLDY (SCALE 4-7)   7
TOTAL FM JUL 1  2710    CLOUDY (SCALE 8-10)  0
DPTR FM NORMAL  -953

[CDD (BASE 65) ]
TOTAL THIS MO.   139
DPTR FM NORMAL    -6    [PRESSURE DATA]
TOTAL FM JAN 1   239    HIGHEST SLP M ON M
DPTR FM NORMAL    50    LOWEST  SLP 29.46 ON 25

[REMARKS]
