000
CXUS53 KGID 210859
CF6HDE
PRELIMINARY LOCAL CLIMATOLOGICAL DATA (WS FORM: F-6)

                                          STATION:   HOLDREGE
                                          MONTH:     JANUARY
                                          YEAR:      2017
                                          LATITUDE:   40 27 N
                                          LONGITUDE:  99 20 W

  TEMPERATURE IN F:       :PCPN:    SNOW:  WIND      :SUNSHINE: SKY     :PK WND
================================================================================
1   2   3   4   5  6A  6B    7    8   9   10  11  12  13   14  15   16   17  18
                                     12Z  AVG MX 2MIN
DY MAX MIN AVG DEP HDD CDD  WTR  SNW DPTH SPD SPD DIR MIN PSBL S-S WX    SPD DR
================================================================================

 1  38  23  31   5  34   0 0.00    M    M  9.8 17 150   M    M   6        18 180
 2  35  18  27   1  38   0 0.00    M    M 10.7 21 350   M    M  10 12     29 350
 3  21   7  14 -12  51   0 0.00    M    M 14.0 23 340   M    M   3        31 350
 4  11  -2   5 -21  60   0    M    M    M  6.6 13 360   M    M   9        18 360
 5  11  -8   2 -24  63   0    T    M    M  7.0 15 320   M    M   5         M  M
 6  17 -12   3 -23  62   0 0.00    M    M  5.4  9 270   M    M   0         M  M
 7  17  -1   8 -18  57   0 0.00    M    M  6.4  9 150   M    M   0         M  M
 8  33   6  20  -6  45   0 0.00    M    M 11.8 24 160   M    M   2        28 160
 9  39  18  29   3  36   0 0.00    M    M  8.8 16 170   M    M   1        21 150
10  44  28  36  10  29   0 0.05    M    M 10.0 20 330   M    M   3        31 320
11  38  11  25  -1  40   0 0.00    M    M 14.6 30  10   M    M   3        36  10
12  23   4  14 -12  51   0    M    M    M  5.6 14  20   M    M   1         M  M
13  25  14  20  -6  45   0 0.00    M    M  4.5 12 100   M    M   2         M  M
14  34  16  25  -1  40   0 0.00    M    M  0.9  7 220   M    M   5         M  M
15  31  27  29   3  36   0    M    M    M  3.6  6 100   M    M  10 1       M  M
16  33  31  32   6  33   0    M    M    M  5.6 12  20   M    M   9 1       M  M
17  44  24  34   8  31   0 0.00    M    M  3.5  8 210   M    M   0         M  M
18  47  28  38  12  27   0 0.00    M    M  8.3 15 190   M    M   1        22 190
19  42  37  40  14  25   0 0.00    M    M  5.9 12 160   M    M  10 12      M  M
20  40  35  38  12  27   0    T    M    M  2.8  9 250   M    M  10 12      M  M
================================================================================
SM  623  304       830   0  0.05    M    145.8          M       90
================================================================================
AV 31.2 15.2                               7.3 FASTST   M    M   5    MAX(MPH)
                                 MISC ---->    30   M                 36    M
================================================================================
NOTES:
# LAST OF SEVERAL OCCURRENCES

COLUMN 17 PEAK WIND IN M.P.H.

PRELIMINARY LOCAL CLIMATOLOGICAL DATA (WS FORM: F-6) , PAGE 2

                                          STATION:  HOLDREGE
                                          MONTH:    JANUARY
                                          YEAR:     2017
                                          LATITUDE:   40 27 N
                                          LONGITUDE:  99 20 W

[TEMPERATURE DATA]      [PRECIPITATION DATA]       SYMBOLS USED IN COLUMN 16

AVERAGE MONTHLY: 23.2   TOTAL FOR MONTH:   0.05    1 = FOG OR MIST
DPTR FM NORMAL:  -2.8   DPTR FM NORMAL:   -0.26    2 = FOG REDUCING VISIBILITY
HIGHEST:    47 ON 18    GRTST 24HR  0.05 ON 10-10      TO 1/4 MILE OR LESS
LOWEST:    -12 ON  6                               3 = THUNDER
                        SNOW, ICE PELLETS, HAIL    4 = ICE PELLETS
                        TOTAL MONTH:    M          5 = HAIL
                        GRTST 24HR    M  ON   M    6 = FREEZING RAIN OR DRIZZLE
                        GRTST DEPTH:  M  ON   M    7 = DUSTSTORM OR SANDSTORM:
                                                       VSBY 1/2 MILE OR LESS
                                                   8 = SMOKE OR HAZE
[NO. OF DAYS WITH]      [WEATHER - DAYS WITH]      9 = BLOWING SNOW
                                                   X = TORNADO
MAX 32 OR BELOW:   8    0.01 INCH OR MORE:   1
MAX 90 OR ABOVE:   0    0.10 INCH OR MORE:   0
MIN 32 OR BELOW:  18    0.50 INCH OR MORE:   0
MIN  0 OR BELOW:   4    1.00 INCH OR MORE:   0

[HDD (BASE 65) ]
TOTAL THIS MO.   830    CLEAR  (SCALE 0-3)  11
DPTR FM NORMAL    37    PTCLDY (SCALE 4-7)   3
TOTAL FM JUL 1  2957    CLOUDY (SCALE 8-10)  6
DPTR FM NORMAL  -358

[CDD (BASE 65) ]
TOTAL THIS MO.     0
DPTR FM NORMAL     0    [PRESSURE DATA]
TOTAL FM JAN 1     0    HIGHEST SLP M ON M
DPTR FM NORMAL     0    LOWEST  SLP M ON M

[REMARKS]
