000
CXUS54 KEWX 270910
CF6HDO
PRELIMINARY LOCAL CLIMATOLOGICAL DATA (WS FORM: F-6)

                                          STATION:   HONDO
                                          MONTH:     MARCH
                                          YEAR:      2015
                                          LATITUDE:   29 21 N
                                          LONGITUDE:  99 10 W

  TEMPERATURE IN F:       :PCPN:    SNOW:  WIND      :SUNSHINE: SKY     :PK WND
================================================================================
1   2   3   4   5  6A  6B    7    8   9   10  11  12  13   14  15   16   17  18
                                     12Z  AVG MX 2MIN
DY MAX MIN AVG DEP HDD CDD  WTR  SNW DPTH SPD SPD DIR MIN PSBL S-S WX    SPD DR
================================================================================

 1  51  41  46 -12  19   0    T    M    M  7.5 16  30   M    M  10 18     18  40
 2  51  42  47 -11  18   0 0.03    M    M  6.8 15  30   M    M  10 1      18  30
 3  58  46  52  -6  13   0 0.04    M    0  4.6  9  80   M    M   9 1      12 100
 4  68  38  53  -6  12   0 0.01    M    0 10.2 33  10   M    M  10 12     42  10
 5  50  28  39 -20  26   0 0.01    M    0 16.1 29 360   M    M   5        36 360
 6  55  25  40 -19  25   0 0.00  0.0    0  4.4 12 130   M    M   3        14 110
 7  61  40  51  -9  14   0 0.01    M    0  5.7 15 130   M    M   6 3      20 140
 8  59  50  55  -5  10   0 0.22    M    0  5.2 14 130   M    M   9 1      20 160
 9  63  53  58  -2   7   0 0.28    M    0  4.5 12 100   M    M  10 1      23 130
10  70  48  59  -1   6   0 0.00    M    0  6.7 16  10   M    M   4        19  10
11  64  43  54  -6  11   0    T    M    0  9.2 20  40   M    M   4        22  20
12  76  42  59  -2   6   0 0.00  0.0    0  7.7 17 360   M    M   1        22  10
13  77  44  61   0   4   0 0.00  0.0    0  4.7  9  40   M    M   1        15  80
14  80  48  64   3   1   0 0.00  0.0    0  8.5 23  20   M    M   2        31  30
15  77  51  64   3   1   0 0.00  0.0    0  6.1 13  30   M    M   0        16  30
16  73  49  61  -1   4   0    T    M    0  6.3 14 140   M    M   8 1      17 110
17  68  61  65   3   0   0 0.10  0.0    0  4.8 20  70   M    M  10 1      25  70
18  73  61  67   5   0   2    T  0.0    0  5.2 22  80   M    M   9 1      27  80
19  73  65  69   7   0   4    T  0.0    0  5.9 13 180   M    M   9 12     16 170
20  72  59  66   4   0   1 1.09    M    0  7.5 21  10   M    M  10 1      24  10
21  67  57  62  -1   3   0 0.60  0.0    0  7.1 20  50   M    M  10 1      24  50
22  81  56  69   6   0   4 0.00  0.0    0  6.1 14 310   M    M   5 1      21 290
23  81  53  67   4   0   2 0.00  0.0    0  7.5 13 150   M    M   0        18 170
24  83  58  71   8   0   6 0.00  0.0    0  7.7 17 210   M    M   2 1      20 200
25  81  61  71   7   0   6 0.00  0.0    0  8.2 17 170   M    M   6 1      22 190
26  72  43  58  -6   7   0 0.01    M    0 14.6 30  10   M    M   3 1      37  20
================================================================================
SM 1784 1262       187  25  2.40     0.0 188.8          M      156
================================================================================
AV 68.6 48.5                               7.3 FASTST   M    M   6    MAX(MPH)
                                 MISC ---->  # 33  10               # 42   10
================================================================================
NOTES:
# LAST OF SEVERAL OCCURRENCES

COLUMN 17 PEAK WIND IN M.P.H.

PRELIMINARY LOCAL CLIMATOLOGICAL DATA (WS FORM: F-6) , PAGE 2

                                          STATION:  HONDO
                                          MONTH:    MARCH
                                          YEAR:     2015
                                          LATITUDE:   29 21 N
                                          LONGITUDE:  99 10 W

[TEMPERATURE DATA]      [PRECIPITATION DATA]       SYMBOLS USED IN COLUMN 16

AVERAGE MONTHLY: 58.6   TOTAL FOR MONTH:   2.40    1 = FOG OR MIST
DPTR FM NORMAL:  -2.4   DPTR FM NORMAL:    0.58    2 = FOG REDUCING VISIBILITY
HIGHEST:    83 ON 24    GRTST 24HR  1.09 ON 20-20      TO 1/4 MILE OR LESS
LOWEST:     25 ON  6                               3 = THUNDER
                        SNOW, ICE PELLETS, HAIL    4 = ICE PELLETS
                        TOTAL MONTH:   0.0 INCH    5 = HAIL
                        GRTST 24HR     0.0         6 = FREEZING RAIN OR DRIZZLE
                        GRTST DEPTH:   0           7 = DUSTSTORM OR SANDSTORM:
                                                       VSBY 1/2 MILE OR LESS
                                                   8 = SMOKE OR HAZE
[NO. OF DAYS WITH]      [WEATHER - DAYS WITH]      9 = BLOWING SNOW
                                                   X = TORNADO
MAX 32 OR BELOW:   0    0.01 INCH OR MORE:  11
MAX 90 OR ABOVE:   0    0.10 INCH OR MORE:   5
MIN 32 OR BELOW:   2    0.50 INCH OR MORE:   2
MIN  0 OR BELOW:   0    1.00 INCH OR MORE:   1

[HDD (BASE 65) ]
TOTAL THIS MO.   187    CLEAR  (SCALE 0-3)   8
DPTR FM NORMAL    38    PTCLDY (SCALE 4-7)   7
TOTAL FM JUL 1  1778    CLOUDY (SCALE 8-10) 11
DPTR FM NORMAL   253

[CDD (BASE 65) ]
TOTAL THIS MO.    25
DPTR FM NORMAL   -19    [PRESSURE DATA]
TOTAL FM JAN 1    30    HIGHEST SLP M ON M
DPTR FM NORMAL   -33    LOWEST  SLP 29.76 ON  4

[REMARKS]
