000
CXUS54 KJAN 290800
CF6HEZ
PRELIMINARY LOCAL CLIMATOLOGICAL DATA (WS FORM: F-6)

                                          STATION:   NATCHEZ
                                          MONTH:     APRIL
                                          YEAR:      2016
                                          LATITUDE:   31 37 N
                                          LONGITUDE:  91 15 W

  TEMPERATURE IN F:       :PCPN:    SNOW:  WIND      :SUNSHINE: SKY     :PK WND
================================================================================
1   2   3   4   5  6A  6B    7    8   9   10  11  12  13   14  15   16   17  18
                                     12Z  AVG MX 2MIN
DY MAX MIN AVG DEP HDD CDD  WTR  SNW DPTH SPD SPD DIR MIN PSBL S-S WX    SPD DR
================================================================================

 1  73  54  64   M   1   0 0.08  0.0    0  7.9 14  30   M    M   6 3      23  30
 2  64  43  54   M  11   0 0.00  0.0    0  7.1 17 330   M    M   0        23 330
 3  72  39  56   M   9   0 0.00  0.0    0  3.6 14 230   M    M   0        18 270
 4  77  45  61   M   4   0 0.00  0.0    0  3.6  9 250   M    M   0         M  M
 5  82  52  67   M   0   2 0.00  0.0    0  3.3  9 250   M    M   1         M  M
 6  73  55  64   M   1   0 0.00  0.0    0  7.0 14 210   M    M   3        22 180
 7  79  46  63   M   2   0 0.00  0.0    0  4.5 12 260   M    M   0        16 250
 8  72  52  62   M   3   0 0.00  0.0    0  6.7 15 330   M    M   0        24 340
 9  75  45  60   M   5   0 0.00  0.0    0  2.0  8 260   M    M   1         M  M
10  81  54  68   M   0   3 0.00  0.0    0 12.2 22 160   M    M   2        32 180
11  77  63  70   M   0   5 0.72  0.0    0 10.1 17 180   M    M   8 3      24 180
12  70  61  66   M   0   1 0.00  0.0    0  7.1 10 360   M    M   9        17  60
13  72  61  67   M   0   2 0.11  0.0    0  6.2 21 130   M    M   9 3      31 130
14  70  63  67   M   0   2 0.56  0.0    0  6.0 12  10   M    M  10 3      18  10
15  72  63  68   M   0   3 0.02  0.0    0  9.2 13 120   M    M  10        20 150
16  70  63  67   M   0   2 0.00  0.0    0  9.3 14  90   M    M  10        18 110
17  79  63  71   M   0   6 0.00  0.0    0 10.8 16 140   M    M   4        24 120
18  79  63  71   M   0   6 0.00  0.0    0  9.9 15 130   M    M   3        20 130
19  75  63  69   M   0   4 0.00  0.0    0  7.4 10 190   M    M   8         M  M
20  79  64  72   M   0   7 0.80  0.0    0  6.6 12 190   M    M   7 3       M  M
21  75  61  68   M   0   3 0.07  0.0    0  3.7  8 180   M    M   9         M  M
22  79  57  68   M   0   3 0.00  0.0    0  4.6 13 320   M    M   5        18 330
23  79  52  66   M   0   1 0.00  0.0    0  4.3 13  30   M    M   1        21  10
24  81  52  67   M   0   2 0.00  0.0    0  4.9 13 140   M    M   2         M  M
25  84  59  72   M   0   7 0.00  0.0    0  5.9 12 180   M    M   1        16 180
26  86  64  75   M   0  10 0.00  0.0    0  9.0 14 170   M    M   4        18 160
27  81  70  76   M   0  11 0.11  0.0    0  9.0 20 170   M    M   5 3      29 160
28  88  64  76   M   0  11 0.00  0.0    0  4.1 12 140   M    M   2         M  M
================================================================================
SM 2144 1591        36  91  2.47     0.0 186.0          M      120
================================================================================
AV 76.6 56.8                               6.6 FASTST   M    M   4    MAX(MPH)
                                 MISC ---->    22   M                 32    M
================================================================================
NOTES:
# LAST OF SEVERAL OCCURRENCES

COLUMN 17 PEAK WIND IN M.P.H.

PRELIMINARY LOCAL CLIMATOLOGICAL DATA (WS FORM: F-6) , PAGE 2

                                          STATION:  NATCHEZ
                                          MONTH:    APRIL
                                          YEAR:     2016
                                          LATITUDE:   31 37 N
                                          LONGITUDE:  91 15 W

[TEMPERATURE DATA]      [PRECIPITATION DATA]       SYMBOLS USED IN COLUMN 16

AVERAGE MONTHLY: 66.7   TOTAL FOR MONTH:   2.47    1 = FOG OR MIST
DPTR FM NORMAL:     M   DPTR FM NORMAL:       M    2 = FOG REDUCING VISIBILITY
HIGHEST:    88 ON 28    GRTST 24HR  0.80 ON 20-20      TO 1/4 MILE OR LESS
LOWEST:     39 ON  3                               3 = THUNDER
                        SNOW, ICE PELLETS, HAIL    4 = ICE PELLETS
                        TOTAL MONTH:   0.0 INCH    5 = HAIL
                        GRTST 24HR     0.0         6 = FREEZING RAIN OR DRIZZLE
                        GRTST DEPTH:   0           7 = DUSTSTORM OR SANDSTORM:
                                                       VSBY 1/2 MILE OR LESS
                                                   8 = SMOKE OR HAZE
[NO. OF DAYS WITH]      [WEATHER - DAYS WITH]      9 = BLOWING SNOW
                                                   X = TORNADO
MAX 32 OR BELOW:   0    0.01 INCH OR MORE:   8
MAX 90 OR ABOVE:   0    0.10 INCH OR MORE:   5
MIN 32 OR BELOW:   0    0.50 INCH OR MORE:   3
MIN  0 OR BELOW:   0    1.00 INCH OR MORE:   0

[HDD (BASE 65) ]
TOTAL THIS MO.    36    CLEAR  (SCALE 0-3)  13
DPTR FM NORMAL     M    PTCLDY (SCALE 4-7)   8
TOTAL FM JUL 1  1488    CLOUDY (SCALE 8-10)  7
DPTR FM NORMAL     M

[CDD (BASE 65) ]
TOTAL THIS MO.    91
DPTR FM NORMAL     M    [PRESSURE DATA]
TOTAL FM JAN 1   172    HIGHEST SLP M ON M
DPTR FM NORMAL     M    LOWEST  SLP M ON M

[REMARKS]
