000
CXUS54 KJAN 261200
CF6HEZ
PRELIMINARY LOCAL CLIMATOLOGICAL DATA (WS FORM: F-6)

                                          STATION:   NATCHEZ
                                          MONTH:     NOVEMBER
                                          YEAR:      2014
                                          LATITUDE:   31 37 N
                                          LONGITUDE:  91 15 W

  TEMPERATURE IN F:       :PCPN:    SNOW:  WIND      :SUNSHINE: SKY     :PK WND
================================================================================
1   2   3   4   5  6A  6B    7    8   9   10  11  12  13   14  15   16   17  18
                                     12Z  AVG MX 2MIN
DY MAX MIN AVG DEP HDD CDD  WTR  SNW DPTH SPD SPD DIR MIN PSBL S-S WX    SPD DR
================================================================================

 1  55  34  45   M  20   0 0.00  0.0    0  7.2 15 360   M    M   0        21  10
 2  64  32  48   M  17   0 0.00  0.0    0  3.2 12 120   M    M   0         M  M
 3  72  39  56   M   9   0 0.00  0.0    0  4.9 10 140   M    M   0        17 160
 4  79  55  67   M   0   2 0.00  0.0    0  9.5 18 170   M    M   3        23 170
 5  73  63  68   M   0   3 0.01  0.0    0  6.2 12 150   M    M   5         M  M
 6  66  48  57   M   8   0 0.02    M    0  4.7  9 340   M    M   5         M  M
 7  59  39  49   M  16   0 0.00  0.0    0  5.1 12  60   M    M   0         M  M
 8  66  36  51   M  14   0 0.00  0.0    0  1.5  7 280   M    M   0         M  M
 9  66  37  52   M  13   0 0.00  0.0    0  2.3  9  80   M    M   0         M  M
10  77  39  58   M   7   0 0.00  0.0    0  7.3 14 160   M    M   1        20 200
11  79  48  64   M   1   0 0.00  0.0    0  8.9 17  10   M    M   7        24 340
12  46  37  42   M  23   0 0.00  0.0    0 10.8 16 350   M    M   9        21 350
13  43  32  38   M  27   0 0.00  0.0    0 12.1 18  20   M    M   4        25  10
14  45  27  36   M  29   0 0.00  0.0    0  5.7 12  10   M    M   1        18  40
15  54  27  41   M  24   0 0.00  0.0    0  3.7  9 150   M    M   7         M  M
16  57  43  50   M  15   0 1.96  0.0    0  7.0 15 150   M    M  10        20 160
17  46  30  38   M  27   0 0.11    M    0 11.0 17 350   M    M   5        25 350
18  45  27  36   M  29   0 0.00  0.0    0  5.5 12  30   M    M   0        16 340
19  59  25  42   M  23   0 0.00  0.0    0  5.5 12 210   M    M   0        18 200
20  70  43  57   M   8   0 0.00  0.0    0  6.9 12 160   M    M   5         M  M
21  70  46  58   M   7   0 0.00  0.0    0  8.0 17 140   M    M   6        22 130
22  72  52  62   M   3   0 0.00  0.0    0  8.9 18 130   M    M   6        23 130
23  73  63  68   M   0   3 0.13  0.0    0 11.9 16 110   M    M   6        28 130
24  64  45  55   M  10   0 0.00  0.0    0  6.9 15 330   M    M   1        20 350
25  52  34  43   M  22   0 0.00  0.0    0  3.4  9 340   M    M   1         M  M
================================================================================
SM 1552 1001       352   8  2.23     0.0 168.1          M       82
================================================================================
AV 62.1 40.0                               6.7 FASTST   M    M   3    MAX(MPH)
                                 MISC ---->    18   M                 28    M
================================================================================
NOTES:
# LAST OF SEVERAL OCCURRENCES

COLUMN 17 PEAK WIND IN M.P.H.

PRELIMINARY LOCAL CLIMATOLOGICAL DATA (WS FORM: F-6) , PAGE 2

                                          STATION:  NATCHEZ
                                          MONTH:    NOVEMBER
                                          YEAR:     2014
                                          LATITUDE:   31 37 N
                                          LONGITUDE:  91 15 W

[TEMPERATURE DATA]      [PRECIPITATION DATA]       SYMBOLS USED IN COLUMN 16

AVERAGE MONTHLY: 51.1   TOTAL FOR MONTH:   2.23    1 = FOG OR MIST
DPTR FM NORMAL:     M   DPTR FM NORMAL:       M    2 = FOG REDUCING VISIBILITY
HIGHEST:    79 ON 11, 4 GRTST 24HR  1.96 ON 16-16      TO 1/4 MILE OR LESS
LOWEST:     25 ON 19                               3 = THUNDER
                        SNOW, ICE PELLETS, HAIL    4 = ICE PELLETS
                        TOTAL MONTH:   0.0 INCH    5 = HAIL
                        GRTST 24HR     0.0         6 = FREEZING RAIN OR DRIZZLE
                        GRTST DEPTH:   0           7 = DUSTSTORM OR SANDSTORM:
                                                       VSBY 1/2 MILE OR LESS
                                                   8 = SMOKE OR HAZE
[NO. OF DAYS WITH]      [WEATHER - DAYS WITH]      9 = BLOWING SNOW
                                                   X = TORNADO
MAX 32 OR BELOW:   0    0.01 INCH OR MORE:   5
MAX 90 OR ABOVE:   0    0.10 INCH OR MORE:   3
MIN 32 OR BELOW:   7    0.50 INCH OR MORE:   1
MIN  0 OR BELOW:   0    1.00 INCH OR MORE:   1

[HDD (BASE 65) ]
TOTAL THIS MO.   352    CLEAR  (SCALE 0-3)  13
DPTR FM NORMAL     M    PTCLDY (SCALE 4-7)  10
TOTAL FM JUL 1   420    CLOUDY (SCALE 8-10)  2
DPTR FM NORMAL     M

[CDD (BASE 65) ]
TOTAL THIS MO.     8
DPTR FM NORMAL     M    [PRESSURE DATA]
TOTAL FM JAN 1  2165    HIGHEST SLP M ON M
DPTR FM NORMAL     M    LOWEST  SLP M ON M

[REMARKS]
