000
CXUS51 KLWX 250620
CF6HGR
PRELIMINARY LOCAL CLIMATOLOGICAL DATA (WS FORM: F-6)

                                          STATION:   HAGERSTOWN MD
                                          MONTH:     SEPTEMBER
                                          YEAR:      2017
                                          LATITUDE:   39 42 N
                                          LONGITUDE:  77 43 W

  TEMPERATURE IN F:       :PCPN:    SNOW:  WIND      :SUNSHINE: SKY     :PK WND
================================================================================
1   2   3   4   5  6A  6B    7    8   9   10  11  12  13   14  15   16   17  18
                                     12Z  AVG MX 2MIN
DY MAX MIN AVG DEP HDD CDD  WTR  SNW DPTH SPD SPD DIR MIN PSBL S-S WX    SPD DR
================================================================================

 1  66  55  61 -10   4   0    T    M    M  5.4 15  30   M    M   3        18  30
 2  61  55  58 -12   7   0 0.29    M    M  6.6 13  70   M    M   9 1      16  70
 3  77  57  67  -3   0   2 0.01    M    M  6.8 16 280   M    M   6 1      22 250
 4  83  56  70   0   0   5 0.00    M    M  8.0 17 190   M    M   0        21 180
 5  84  62  73   3   0   8 0.67    M    M  7.1 40 270   M    M   6 1238   63 290
 6  66  60  63  -6   2   0 0.43    M    M  2.9 10 330   M    M  10 12     14 330
 7  71  56  64  -5   1   0 0.01    M    M  7.8 17 260   M    M   4 1      23 280
 8  75  51  63  -6   2   0 0.00    M    M  6.4 21 300   M    M   3 8      25 300
 9  70  49  60  -8   5   0 0.00    M    M  6.3 15  30   M    M   1 8      20  30
10  73  48  61  -7   4   0 0.00    M    M  5.0 14  20   M    M   1 8      19  10
11  73  50  62  -6   3   0 0.00    M    M  3.4  8 360   M    M   0        11  50
12  74  56  65  -2   0   0 0.00    M    M  2.3  9  70   M    M   3        12 100
13  76  62  69   2   0   4 0.01    M    M  3.9 13 160   M    M   8 18     16 180
14  79  63  71   5   0   6 0.03    M    M  4.7 13 290   M    M   7 1      17 280
15  82  58  70   4   0   5 0.00    M    M  1.8  8 280   M    M   4 12     12  10
16  82  62  72   6   0   7 0.00    M    M  1.7  7  50   M    M   4 128    10 310
17  84  64  74   9   0   9 0.00    M    M  2.4  9  70   M    M   3 1      11  90
18  82  64  73   8   0   8 0.00    M    M  5.3 13  70   M    M   4 128    16  90
19  83  64  74   9   0   9 0.00    M    M  5.8 12 330   M    M   4 18     15 330
20  87  60  74  10   0   9 0.00    M    M  3.8 15 320   M    M   1 128    18 310
21  87  62  75  11   0  10 0.00    M    M  2.1 10 330   M    M   0        14 330
22  87  63  75  12   0  10 0.00    M    M  3.5 14 350   M    M   0 1      18 350
23  89  59  74  11   0   9 0.00    M    M  3.9 12  30   M    M   0        14  20
24  91  61  76  14   0  11 0.00    M    M  2.7 13  70   M    M   0        17  50
================================================================================
SM 1882 1397        28 112  1.45    M    109.6          M       81
================================================================================
AV 78.4 58.2                               4.6 FASTST   M    M   3    MAX(MPH)
                                 MISC ---->  # 40 270               # 63  290
================================================================================
NOTES:
# LAST OF SEVERAL OCCURRENCES

COLUMN 17 PEAK WIND IN M.P.H.

PRELIMINARY LOCAL CLIMATOLOGICAL DATA (WS FORM: F-6) , PAGE 2

                                          STATION:  HAGERSTOWN MD
                                          MONTH:    SEPTEMBER
                                          YEAR:     2017
                                          LATITUDE:   39 42 N
                                          LONGITUDE:  77 43 W

[TEMPERATURE DATA]      [PRECIPITATION DATA]       SYMBOLS USED IN COLUMN 16

AVERAGE MONTHLY: 68.3   TOTAL FOR MONTH:   1.45    1 = FOG OR MIST
DPTR FM NORMAL:   1.4   DPTR FM NORMAL:   -1.38    2 = FOG REDUCING VISIBILITY
HIGHEST:    91 ON 24    GRTST 24HR  0.67 ON  5- 5      TO 1/4 MILE OR LESS
LOWEST:     48 ON 10                               3 = THUNDER
                        SNOW, ICE PELLETS, HAIL    4 = ICE PELLETS
                        TOTAL MONTH:    M          5 = HAIL
                        GRTST 24HR    M  ON   M    6 = FREEZING RAIN OR DRIZZLE
                        GRTST DEPTH:  M  ON   M    7 = DUSTSTORM OR SANDSTORM:
                                                       VSBY 1/2 MILE OR LESS
                                                   8 = SMOKE OR HAZE
[NO. OF DAYS WITH]      [WEATHER - DAYS WITH]      9 = BLOWING SNOW
                                                   X = TORNADO
MAX 32 OR BELOW:   0    0.01 INCH OR MORE:   7
MAX 90 OR ABOVE:   1    0.10 INCH OR MORE:   3
MIN 32 OR BELOW:   0    0.50 INCH OR MORE:   1
MIN  0 OR BELOW:   0    1.00 INCH OR MORE:   0

[HDD (BASE 65) ]
TOTAL THIS MO.    28    CLEAR  (SCALE 0-3)  10
DPTR FM NORMAL   -10    PTCLDY (SCALE 4-7)  12
TOTAL FM JUL 1    29    CLOUDY (SCALE 8-10)  2
DPTR FM NORMAL   -14

[CDD (BASE 65) ]
TOTAL THIS MO.   112
DPTR FM NORMAL    27    [PRESSURE DATA]
TOTAL FM JAN 1  1212    HIGHEST SLP M ON M
DPTR FM NORMAL   259    LOWEST  SLP 29.73 ON  5

[REMARKS]
