000
CXUS51 KLWX 210620
CF6HGR
PRELIMINARY LOCAL CLIMATOLOGICAL DATA (WS FORM: F-6)

                                          STATION:   HAGERSTOWN MD
                                          MONTH:     OCTOBER
                                          YEAR:      2014
                                          LATITUDE:   39 42 N
                                          LONGITUDE:  77 43 W

  TEMPERATURE IN F:       :PCPN:    SNOW:  WIND      :SUNSHINE: SKY     :PK WND
================================================================================
1   2   3   4   5  6A  6B    7    8   9   10  11  12  13   14  15   16   17  18
                                     12Z  AVG MX 2MIN
DY MAX MIN AVG DEP HDD CDD  WTR  SNW DPTH SPD SPD DIR MIN PSBL S-S WX    SPD DR
================================================================================

 1  69  57  63   3   2   0    T    M    M  4.1  8  70   M    M   6 18     10  70
 2  73  54  64   5   1   0 0.00    M    M  3.5  8  40   M    M   6 128    10 120
 3  68  61  65   6   0   0 0.12    M    M 10.9 21 140   M    M   9 18     27 170
 4  66  43  55  -4  10   0 0.02    M    M 11.0 26 300   M    M   5 1      32 300
 5  60  39  50  -8  15   0 0.00    M    M  6.1 17 270   M    M   3        24 260
 6  72  40  56  -2   9   0 0.07    M    M  7.8 26 170   M    M   4 1      36 190
 7  66  56  61   3   4   0 0.15    M    M  9.2 17 160   M    M   5 1      22 200
 8  73  53  63   6   2   0 0.00    M    M  8.6 23 280   M    M   1        30 290
 9  71  48  60   3   5   0 0.00    M    M  7.8 23 290   M    M   1        27 280
10  58  51  55  -1  10   0 0.10    M    M  4.0  9  40   M    M   8 1      11  40
11  59  51  55  -1  10   0 0.21    M    M  3.9 12 350   M    M   7 18     14  10
12  62  44  53  -3  12   0 0.00    M    M  5.7 12 170   M    M   7 1      15 180
13  64  56  60   4   5   0    T    M    M  7.2 14 160   M    M   9 1      20 160
14  77  64  71  16   0   6    T    M    M 14.4 25 120   M    M   9 18     32 110
15  72  57  65  10   0   0 1.46    M    M  7.1 23 150   M    M   9 123    30 150
16  67  55  61   6   4   0 0.00    M    M  4.0 12 260   M    M   9 12     17 280
17  71  53  62   8   3   0 0.00    M    M  8.1 18 180   M    M   3        22 150
18  63  50  57   3   8   0    T    M    M 11.5 24 270   M    M   8        29 280
19  57  44  51  -3  14   0 0.00    M    M 11.8 28 330   M    M   3        34 330
20  61  38  50  -3  15   0    T    M    M  5.1 18 180   M    M   2        24 180
================================================================================
SM 1329 1014       129   6  2.13    M    151.8          M      114
================================================================================
AV 66.4 50.7                               7.6 FASTST   M    M   6    MAX(MPH)
                                 MISC ---->  # 28 330               # 36  190
================================================================================
NOTES:
# LAST OF SEVERAL OCCURRENCES

COLUMN 17 PEAK WIND IN M.P.H.

PRELIMINARY LOCAL CLIMATOLOGICAL DATA (WS FORM: F-6) , PAGE 2

                                          STATION:  HAGERSTOWN MD
                                          MONTH:    OCTOBER
                                          YEAR:     2014
                                          LATITUDE:   39 42 N
                                          LONGITUDE:  77 43 W

[TEMPERATURE DATA]      [PRECIPITATION DATA]       SYMBOLS USED IN COLUMN 16

AVERAGE MONTHLY: 58.6   TOTAL FOR MONTH:   2.13    1 = FOG OR MIST
DPTR FM NORMAL:   2.1   DPTR FM NORMAL:    0.10    2 = FOG REDUCING VISIBILITY
HIGHEST:    77 ON 14    GRTST 24HR  1.46 ON 15-15      TO 1/4 MILE OR LESS
LOWEST:     38 ON 20                               3 = THUNDER
                        SNOW, ICE PELLETS, HAIL    4 = ICE PELLETS
                        TOTAL MONTH:    M          5 = HAIL
                        GRTST 24HR    M  ON   M    6 = FREEZING RAIN OR DRIZZLE
                        GRTST DEPTH:  M  ON   M    7 = DUSTSTORM OR SANDSTORM:
                                                       VSBY 1/2 MILE OR LESS
                                                   8 = SMOKE OR HAZE
[NO. OF DAYS WITH]      [WEATHER - DAYS WITH]      9 = BLOWING SNOW
                                                   X = TORNADO
MAX 32 OR BELOW:   0    0.01 INCH OR MORE:   7
MAX 90 OR ABOVE:   0    0.10 INCH OR MORE:   5
MIN 32 OR BELOW:   0    0.50 INCH OR MORE:   1
MIN  0 OR BELOW:   0    1.00 INCH OR MORE:   1

[HDD (BASE 65) ]
TOTAL THIS MO.   129    CLEAR  (SCALE 0-3)   3
DPTR FM NORMAL   -51    PTCLDY (SCALE 4-7)  11
TOTAL FM JUL 1   183    CLOUDY (SCALE 8-10)  6
DPTR FM NORMAL   -71

[CDD (BASE 65) ]
TOTAL THIS MO.     6
DPTR FM NORMAL    -3    [PRESSURE DATA]
TOTAL FM JAN 1   938    HIGHEST SLP M ON M
DPTR FM NORMAL   -30    LOWEST  SLP 29.60 ON  4

[REMARKS]
