000
CXUS56 KPQR 281502
CF6HIO
PRELIMINARY LOCAL CLIMATOLOGICAL DATA (WS FORM: F-6)

                                          STATION:   HILLSBORO OR
                                          MONTH:     MAY
                                          YEAR:      2016
                                          LATITUDE:   45 32 N
                                          LONGITUDE: 122 57 W

  TEMPERATURE IN F:       :PCPN:    SNOW:  WIND      :SUNSHINE: SKY     :PK WND
================================================================================
1   2   3   4   5  6A  6B    7    8   9   10  11  12  13   14  15   16   17  18
                                     12Z  AVG MX 2MIN
DY MAX MIN AVG DEP HDD CDD  WTR  SNW DPTH SPD SPD DIR MIN PSBL S-S WX    SPD DR
================================================================================

 1  81  44  63  10   2   0 0.00  0.0    0  5.8 20  60   M    M   0        25  60
 2  85  47  66  13   0   1 0.00  0.0    0  4.1 16 280   M    M   0        19 280
 3  75  53  64  11   1   0 0.15  0.0    0  4.6 17 300   M    M   3 1      20 300
 4  62  50  56   2   9   0    T  0.0    0  6.4 13 330   M    M   7        18 280
 5  72  51  62   8   3   0 0.00  0.0    0  8.7 13 350   M    M   4        16  60
 6  83  50  67  13   0   2 0.00  0.0    0  5.8 16 350   M    M   0        21 350
 7  87  52  70  16   0   5 0.00  0.0    0  8.9 26 310   M    M   0        33 300
 8  64  49  57   3   8   0 0.00  0.0    0 12.8 24 330   M    M   4        29 320
 9  70  40  55   0  10   0 0.00  0.0    0  3.8 12 300   M    M   4        16 330
10  79  43  61   6   4   0 0.00  0.0    0  3.6 12  30   M    M   0        14  50
11  84  44  64   9   1   0 0.00  0.0    0  2.1  9 300   M    M   0        14 240
12  82  44  63   8   2   0 0.00  0.0    0  2.4  9  70   M    M   0        11 230
13  85  46  66  10   0   1 0.01  0.0    0  3.7 21 310   M    M   1 38     25 310
14  57  53  55  -1  10   0 0.10  0.0    0  3.1 20 300   M    M   9 18     25 300
15  60  53  57   1   8   0 0.37  0.0    0  3.0  8 330   M    M   9 1      11 330
16  61  53  57   1   8   0 0.00  0.0    0  7.4 13 320   M    M  10        16 320
17  75  47  61   5   4   0 0.00  0.0    0  4.1 12 330   M    M   3        14 330
18  73  49  61   5   4   0 0.00  0.0    0  5.8 23 320   M    M   4 1      31 310
19  62  48  55  -2  10   0 0.07  0.0    0  3.5 17 290   M    M   9 1      22 310
20  66  42  54  -3  11   0 0.00  0.0    0  3.2 14  50   M    M   7 1      17  50
21  62  49  56  -1   9   0 0.01  0.0    0  5.9 16 230   M    M   9        24 220
22  64  49  57   0   8   0 0.07  0.0    0  7.3 18 170   M    M   9        24 150
23  66  50  58   1   7   0 0.01  0.0    0  5.4 14 170   M    M   7        17 170
24  71  49  60   2   5   0 0.00  0.0    0  5.5 16 320   M    M   7        20 330
25  67  52  60   2   5   0 0.00  0.0    0  6.6 18 330   M    M   9        22 330
26  63  50  57  -1   8   0 0.00  0.0    0  6.7 17 320   M    M   8        22 320
27  63  48  56  -2   9   0 0.01  0.0    0  5.4 14 320   M    M   9        17 320
================================================================================
SM 1919 1305       146   9  0.80     0.0 145.6          M      132
================================================================================
AV 71.1 48.3                               5.4 FASTST   M    M   5    MAX(MPH)
                                 MISC ---->  # 26 310               # 33  300
================================================================================
NOTES:
# LAST OF SEVERAL OCCURRENCES

COLUMN 17 PEAK WIND IN M.P.H.

PRELIMINARY LOCAL CLIMATOLOGICAL DATA (WS FORM: F-6) , PAGE 2

                                          STATION:  HILLSBORO OR
                                          MONTH:    MAY
                                          YEAR:     2016
                                          LATITUDE:   45 32 N
                                          LONGITUDE: 122 57 W

[TEMPERATURE DATA]      [PRECIPITATION DATA]       SYMBOLS USED IN COLUMN 16

AVERAGE MONTHLY: 59.7   TOTAL FOR MONTH:   0.80    1 = FOG OR MIST
DPTR FM NORMAL:   4.1   DPTR FM NORMAL:   -1.25    2 = FOG REDUCING VISIBILITY
HIGHEST:    87 ON  7    GRTST 24HR  0.41 ON 14-15      TO 1/4 MILE OR LESS
LOWEST:     40 ON  9                               3 = THUNDER
                        SNOW, ICE PELLETS, HAIL    4 = ICE PELLETS
                        TOTAL MONTH:   0.0 INCH    5 = HAIL
                        GRTST 24HR     0.0         6 = FREEZING RAIN OR DRIZZLE
                        GRTST DEPTH:   0           7 = DUSTSTORM OR SANDSTORM:
                                                       VSBY 1/2 MILE OR LESS
                                                   8 = SMOKE OR HAZE
[NO. OF DAYS WITH]      [WEATHER - DAYS WITH]      9 = BLOWING SNOW
                                                   X = TORNADO
MAX 32 OR BELOW:   0    0.01 INCH OR MORE:   9
MAX 90 OR ABOVE:   0    0.10 INCH OR MORE:   3
MIN 32 OR BELOW:   0    0.50 INCH OR MORE:   0
MIN  0 OR BELOW:   0    1.00 INCH OR MORE:   0

[HDD (BASE 65) ]
TOTAL THIS MO.   146    CLEAR  (SCALE 0-3)  10
DPTR FM NORMAL  -113    PTCLDY (SCALE 4-7)   8
TOTAL FM JUL 1  3929    CLOUDY (SCALE 8-10)  9
DPTR FM NORMAL  -892

[CDD (BASE 65) ]
TOTAL THIS MO.     9
DPTR FM NORMAL     9    [PRESSURE DATA]
TOTAL FM JAN 1    16    HIGHEST SLP M ON M
DPTR FM NORMAL    16    LOWEST  SLP 29.72 ON 20

[REMARKS]
