000
CXUS52 KGSP 190817
CF6HKY
PRELIMINARY LOCAL CLIMATOLOGICAL DATA (WS FORM: F-6)

                                          STATION:   HICKORY NC
                                          MONTH:     FEBRUARY
                                          YEAR:      2017
                                          LATITUDE:   35 45 N
                                          LONGITUDE:  81 23 W

  TEMPERATURE IN F:       :PCPN:    SNOW:  WIND      :SUNSHINE: SKY     :PK WND
================================================================================
1   2   3   4   5  6A  6B    7    8   9   10  11  12  13   14  15   16   17  18
                                     12Z  AVG MX 2MIN
DY MAX MIN AVG DEP HDD CDD  WTR  SNW DPTH SPD SPD DIR MIN PSBL S-S WX    SPD DR
================================================================================

 1  71  36  54  14  11   0 0.00    M    M  5.0 18 190   M    M   1        26 190
 2  62  46  54  14  11   0    T    M    M  3.5 14 270   M    M   9        20 260
 3  47  30  39  -2  26   0 0.04    M    M  4.6 13 340   M    M   6        19 350
 4  43  19  31 -10  34   0 0.00    M    M  2.4 10 320   M    M   0        12 320
 5  62  28  45   4  20   0    T    M    M  4.6 13 270   M    M   3        18 200
 6  66  31  49   8  16   0    T    M    M  4.9 15 200   M    M   0        21 190
 7  69  46  58  17   7   0 0.04    M    M  8.4 28 220   M    M   4 1      38 220
 8  66  48  57  16   8   0 0.34    M    M  3.3 10 200   M    M   6 123    16 210
 9  57  29  43   2  22   0 0.13    M    M 12.7 30 300   M    M   3 1      49 300
10  50  26  38  -4  27   0 0.00    M    M  5.9 16 220   M    M   0        21 190
11  75  43  59  17   6   0 0.00    M    M  8.4 16 200   M    M   2        21 200
12  83  52  68  26   0   3 0.00    M    M  9.8 23 320   M    M   4        34 300
13  61  40  51   9  14   0 0.00    M    M  8.4 22 330   M    M   0        33 330
14  61  30  46   4  19   0 0.00    M    M  1.6  8 190   M    M   5        13 180
15  56  40  48   6  17   0 0.31    M    M  6.6 21 320   M    M   4 1      29 300
16  54  33  44   1  21   0 0.00    M    M  8.5 22 290   M    M   2        30 310
17  69  37  53  10  12   0 0.00    M    M  4.0 17 220   M    M   0        23 230
18  67  37  52   9  13   0    T    M    M  5.7 20 210   M    M   1        29 200
================================================================================
SM 1119  651       284   3  0.86    M    108.3          M       50
================================================================================
AV 62.2 36.2                               6.0 FASTST   M    M   3    MAX(MPH)
                                 MISC ---->  # 30 300               # 49  300
================================================================================
NOTES:
# LAST OF SEVERAL OCCURRENCES

COLUMN 17 PEAK WIND IN M.P.H.

PRELIMINARY LOCAL CLIMATOLOGICAL DATA (WS FORM: F-6) , PAGE 2

                                          STATION:  HICKORY NC
                                          MONTH:    FEBRUARY
                                          YEAR:     2017
                                          LATITUDE:   35 45 N
                                          LONGITUDE:  81 23 W

[TEMPERATURE DATA]      [PRECIPITATION DATA]       SYMBOLS USED IN COLUMN 16

AVERAGE MONTHLY: 49.2   TOTAL FOR MONTH:   0.86    1 = FOG OR MIST
DPTR FM NORMAL:   7.6   DPTR FM NORMAL:   -1.49    2 = FOG REDUCING VISIBILITY
HIGHEST:    83 ON 12    GRTST 24HR  0.47 ON  8- 9      TO 1/4 MILE OR LESS
LOWEST:     19 ON  4                               3 = THUNDER
                        SNOW, ICE PELLETS, HAIL    4 = ICE PELLETS
                        TOTAL MONTH:    M          5 = HAIL
                        GRTST 24HR    M  ON   M    6 = FREEZING RAIN OR DRIZZLE
                        GRTST DEPTH:  M  ON   M    7 = DUSTSTORM OR SANDSTORM:
                                                       VSBY 1/2 MILE OR LESS
                                                   8 = SMOKE OR HAZE
[NO. OF DAYS WITH]      [WEATHER - DAYS WITH]      9 = BLOWING SNOW
                                                   X = TORNADO
MAX 32 OR BELOW:   0    0.01 INCH OR MORE:   5
MAX 90 OR ABOVE:   0    0.10 INCH OR MORE:   3
MIN 32 OR BELOW:   7    0.50 INCH OR MORE:   0
MIN  0 OR BELOW:   0    1.00 INCH OR MORE:   0

[HDD (BASE 65) ]
TOTAL THIS MO.   284    CLEAR  (SCALE 0-3)  11
DPTR FM NORMAL  -137    PTCLDY (SCALE 4-7)   6
TOTAL FM JUL 1  2019    CLOUDY (SCALE 8-10)  1
DPTR FM NORMAL  -630

[CDD (BASE 65) ]
TOTAL THIS MO.     3
DPTR FM NORMAL     3    [PRESSURE DATA]
TOTAL FM JAN 1     3    HIGHEST SLP M ON M
DPTR FM NORMAL     3    LOWEST  SLP 29.51 ON 15

[REMARKS]
