000
CXUS52 KGSP 270817
CF6HKY
PRELIMINARY LOCAL CLIMATOLOGICAL DATA (WS FORM: F-6)

                                          STATION:   HICKORY NC
                                          MONTH:     DECEMBER
                                          YEAR:      2014
                                          LATITUDE:   35 45 N
                                          LONGITUDE:  81 23 W

  TEMPERATURE IN F:       :PCPN:    SNOW:  WIND      :SUNSHINE: SKY     :PK WND
================================================================================
1   2   3   4   5  6A  6B    7    8   9   10  11  12  13   14  15   16   17  18
                                     12Z  AVG MX 2MIN
DY MAX MIN AVG DEP HDD CDD  WTR  SNW DPTH SPD SPD DIR MIN PSBL S-S WX    SPD DR
================================================================================

 1  73  40  57  12   8   0 0.00    M    M  3.2 12 190   M    M   0 1      16 200
 2  54  40  47   3  18   0 0.00    M    M  5.2 17  60   M    M   8 1      24  50
 3  61  40  51   7  14   0 0.00    M    M  1.7 16 280   M    M   6 128    21 250
 4  56  41  49   5  16   0 0.00    M    M  3.5  8  80   M    M   5 1      10  80
 5  48  41  45   2  20   0 0.04    M    M  2.8  9  60   M    M  10 1      10  50
 6  51  45  48   5  17   0 0.15    M    M  3.2 17 320   M    M   8 1      26 320
 7  53  37  45   2  20   0 0.00    M    M  8.1 17  60   M    M   0        23  20
 8  42  35  39  -4  26   0    T    M    M  6.6 15  60   M    M   8 18     20  60
 9  52  33  43   1  22   0    T    M    M  5.7 16 300   M    M   7 12     23 340
10  49  31  40  -2  25   0 0.00    M    M  8.4 18 350   M    M   1        27 310
11  49  27  38  -4  27   0 0.00    M    M  4.6 13 300   M    M   0        18 320
12  59  29  44   2  21   0 0.00    M    M  6.0 13 280   M    M   0        16 280
13  65  31  48   7  17   0 0.00    M    M  5.6 12 310   M    M   0        16 320
14  63  31  47   6  18   0 0.00    M    M  3.4  9 310   M    M   0        12 320
15  57  28  43   2  22   0 0.00    M    M  1.6  6 170   M    M   0         8 130
16  52  39  46   5  19   0 0.07    M    M  3.1 12 280   M    M   7 18     14 280
17  58  35  47   6  18   0 0.00    M    M  4.0 10 300   M    M   0        14 320
18  52  32  42   2  23   0 0.00    M    M  2.8  9 210   M    M   5        13 200
19  54  32  43   3  22   0 0.00    M    M  2.9  8 300   M    M   1        11 280
20  44  38  41   1  24   0 0.01    M    M  2.0  9  60   M    M   9        11  70
21  45  40  43   3  22   0 0.00    M    M  2.3  8  10   M    M  10 18      9  70
22  43  37  40   0  25   0 0.01    M    M  6.4 12  50   M    M  10 1      15  60
23  43  37  40   0  25   0 0.30    M    M  2.9  9  20   M    M   9 12     12  40
24  52  43  48   8  17   0 1.28    M    M  3.0 13 270   M    M  10 12     18 280
25  52  33  43   3  22   0 0.00    M    M  4.6 14 320   M    M   1        20 290
26  58  29  44   5  21   0 0.00    M    M  2.0  9 190   M    M   0        12 190
================================================================================
SM 1385  924       529   0  1.86    M    105.6          M      115
================================================================================
AV 53.3 35.5                               4.1 FASTST   M    M   4    MAX(MPH)
                                 MISC ---->  # 18 350               # 27  310
================================================================================
NOTES:
# LAST OF SEVERAL OCCURRENCES

COLUMN 17 PEAK WIND IN M.P.H.

PRELIMINARY LOCAL CLIMATOLOGICAL DATA (WS FORM: F-6) , PAGE 2

                                          STATION:  HICKORY NC
                                          MONTH:    DECEMBER
                                          YEAR:     2014
                                          LATITUDE:   35 45 N
                                          LONGITUDE:  81 23 W

[TEMPERATURE DATA]      [PRECIPITATION DATA]       SYMBOLS USED IN COLUMN 16

AVERAGE MONTHLY: 44.4   TOTAL FOR MONTH:   1.86    1 = FOG OR MIST
DPTR FM NORMAL:   2.8   DPTR FM NORMAL:   -1.29    2 = FOG REDUCING VISIBILITY
HIGHEST:    73 ON  1    GRTST 24HR  1.48 ON 23-24      TO 1/4 MILE OR LESS
LOWEST:     27 ON 11                               3 = THUNDER
                        SNOW, ICE PELLETS, HAIL    4 = ICE PELLETS
                        TOTAL MONTH:    M          5 = HAIL
                        GRTST 24HR    M  ON   M    6 = FREEZING RAIN OR DRIZZLE
                        GRTST DEPTH:  M  ON   M    7 = DUSTSTORM OR SANDSTORM:
                                                       VSBY 1/2 MILE OR LESS
                                                   8 = SMOKE OR HAZE
[NO. OF DAYS WITH]      [WEATHER - DAYS WITH]      9 = BLOWING SNOW
                                                   X = TORNADO
MAX 32 OR BELOW:   0    0.01 INCH OR MORE:   7
MAX 90 OR ABOVE:   0    0.10 INCH OR MORE:   3
MIN 32 OR BELOW:   9    0.50 INCH OR MORE:   1
MIN  0 OR BELOW:   0    1.00 INCH OR MORE:   1

[HDD (BASE 65) ]
TOTAL THIS MO.   529    CLEAR  (SCALE 0-3)  12
DPTR FM NORMAL   -81    PTCLDY (SCALE 4-7)   7
TOTAL FM JUL 1  1294    CLOUDY (SCALE 8-10)  7
DPTR FM NORMAL    -5

[CDD (BASE 65) ]
TOTAL THIS MO.     0
DPTR FM NORMAL     0    [PRESSURE DATA]
TOTAL FM JAN 1  1390    HIGHEST SLP M ON M
DPTR FM NORMAL    28    LOWEST  SLP 29.64 ON 24

[REMARKS]
