000
CXUS53 KGLD 200800
CF6HLC
PRELIMINARY LOCAL CLIMATOLOGICAL DATA (WS FORM: F-6)

                                          STATION:   HILL CITY KS
                                          MONTH:     SEPTEMBER
                                          YEAR:      2017
                                          LATITUDE:   39 22 N
                                          LONGITUDE:  99 50 W

  TEMPERATURE IN F:       :PCPN:    SNOW:  WIND      :SUNSHINE: SKY     :PK WND
================================================================================
1   2   3   4   5  6A  6B    7    8   9   10  11  12  13   14  15   16   17  18
                                     12Z  AVG MX 2MIN
DY MAX MIN AVG DEP HDD CDD  WTR  SNW DPTH SPD SPD DIR MIN PSBL S-S WX    SPD DR
================================================================================

 1  85  63  74   1   0   9    T    M    M  8.2 20 150   M    M   1        24 130
 2  95  59  77   4   0  12 0.00    M    M  4.9 14  40   M    M   0 18     19  70
 3 100  58  79   7   0  14 0.00    M    M  7.2 18 190   M    M   0 18     26 200
 4  86  60  73   1   0   8 0.00    M    M 11.8 22  50   M    M   2 8      27  50
 5  78  46  62 -10   3   0 0.00    M    M 10.4 23 360   M    M   2 8      28 360
 6  83  41  62 -10   3   0 0.00    M    M  5.2 14 340   M    M   0 8      18 340
 7  91  47  69  -2   0   4 0.00    M    M  6.6 16 180   M    M   1 8      23 140
 8  93  59  76   5   0  11 0.00    M    M  9.2 21 160   M    M   0        25 150
 9  91  63  77   7   0  12 0.00    M    M 14.2 25 170   M    M   0        36 170
10  91  66  79   9   0  14 0.00    M    M 14.0 25 180   M    M   0        33 190
11  93  60  77   7   0  12 0.00    M    M  7.7 16 150   M    M   0 8      22 120
12  91  54  73   4   0   8 0.00    M    M  3.7 12 130   M    M   0 18     16 160
13  97  56  77   8   0  12 0.00    M    M  7.8 20 190   M    M   0        28 170
14 100  64  82  14   0  17 0.00    M    M  9.4 20 210   M    M   0        27 200
15  96  71  84  16   0  19 0.00    M    M 15.5 29 160   M    M   1        38 150
16  78  52  65  -2   0   0 0.00    M    M 13.2 25 350   M    M   3 1      32 360
17  70  50  60  -7   5   0    T    M    M  9.2 21  80   M    M   6 3      25  80
18  88  61  75   9   0  10 0.00    M    M  5.2 15 210   M    M   5 128    19 220
19 100  63  82  16   0  17 0.00    M    M 11.8 31 340   M    M   0 18     41 190
================================================================================
SM 1706 1093        11 179    T     M    175.2          M       21
================================================================================
AV 89.8 57.5                               9.2 FASTST   M    M   1    MAX(MPH)
                                 MISC ---->  # 31 340               # 41  190
================================================================================
NOTES:
# LAST OF SEVERAL OCCURRENCES

COLUMN 17 PEAK WIND IN M.P.H.

PRELIMINARY LOCAL CLIMATOLOGICAL DATA (WS FORM: F-6) , PAGE 2

                                          STATION:  HILL CITY KS
                                          MONTH:    SEPTEMBER
                                          YEAR:     2017
                                          LATITUDE:   39 22 N
                                          LONGITUDE:  99 50 W

[TEMPERATURE DATA]      [PRECIPITATION DATA]       SYMBOLS USED IN COLUMN 16

AVERAGE MONTHLY: 73.7   TOTAL FOR MONTH:      T    1 = FOG OR MIST
DPTR FM NORMAL:   3.9   DPTR FM NORMAL:   -1.25    2 = FOG REDUCING VISIBILITY
HIGHEST:   100 ON 19,14 GRTST 24HR    T  ON 17-17      TO 1/4 MILE OR LESS
LOWEST:     41 ON  6                               3 = THUNDER
                        SNOW, ICE PELLETS, HAIL    4 = ICE PELLETS
                        TOTAL MONTH:    M          5 = HAIL
                        GRTST 24HR    M  ON   M    6 = FREEZING RAIN OR DRIZZLE
                        GRTST DEPTH:  M  ON   M    7 = DUSTSTORM OR SANDSTORM:
                                                       VSBY 1/2 MILE OR LESS
                                                   8 = SMOKE OR HAZE
[NO. OF DAYS WITH]      [WEATHER - DAYS WITH]      9 = BLOWING SNOW
                                                   X = TORNADO
MAX 32 OR BELOW:   0    0.01 INCH OR MORE:   0
MAX 90 OR ABOVE:  12    0.10 INCH OR MORE:   0
MIN 32 OR BELOW:   0    0.50 INCH OR MORE:   0
MIN  0 OR BELOW:   0    1.00 INCH OR MORE:   0

[HDD (BASE 65) ]
TOTAL THIS MO.    11    CLEAR  (SCALE 0-3)  17
DPTR FM NORMAL   -14    PTCLDY (SCALE 4-7)   2
TOTAL FM JUL 1    11    CLOUDY (SCALE 8-10)  0
DPTR FM NORMAL   -17

[CDD (BASE 65) ]
TOTAL THIS MO.   179
DPTR FM NORMAL    63    [PRESSURE DATA]
TOTAL FM JAN 1  1444    HIGHEST SLP M ON M
DPTR FM NORMAL   192    LOWEST  SLP 29.38 ON 19

[REMARKS]
