000
CXUS53 KGLD 230800
CF6HLC
PRELIMINARY LOCAL CLIMATOLOGICAL DATA (WS FORM: F-6)

                                          STATION:   HILL CITY KS
                                          MONTH:     SEPTEMBER
                                          YEAR:      2014
                                          LATITUDE:   39 22 N
                                          LONGITUDE:  99 50 W

  TEMPERATURE IN F:       :PCPN:    SNOW:  WIND      :SUNSHINE: SKY     :PK WND
================================================================================
1   2   3   4   5  6A  6B    7    8   9   10  11  12  13   14  15   16   17  18
                                     12Z  AVG MX 2MIN
DY MAX MIN AVG DEP HDD CDD  WTR  SNW DPTH SPD SPD DIR MIN PSBL S-S WX    SPD DR
================================================================================

 1  82  57  70  -3   0   5 0.00    M    M  5.5 15 360   M    M   1        17 360
 2  88  56  72  -1   0   7 0.00    M    M  6.4 23 160   M    M   0        29 180
 3 103  70  87  15   0  22    T    M    M 11.7 25 170   M    M   2 13     33 180
 4  93  67  80   8   0  15    T    M    M 14.3 26 350   M    M   0        37 290
 5  67  51  59 -13   6   0 0.09    M    M  8.3 26  20   M    M   4 1      36  20
 6  75  47  61 -11   4   0 0.00    M    M  3.5  9 150   M    M   0        13 140
 7  81  49  65  -6   0   0 0.00    M    M  7.4 20 170   M    M   0        26 190
 8  94  61  78   7   0  13 0.00    M    M  8.3 17 220   M    M   0        22 210
 9  97  68  83  13   0  18 0.06    M    M  7.7 22  20   M    M   1 1      26 200
10  69  53  61  -9   4   0 0.01    M    M 14.3 25 340   M    M   8        34 340
11  55  46  51 -19  14   0    T    M    M 11.4 20  40   M    M  10 1      24  30
12  51  38  45 -24  20   0 0.14    M    M 11.3 25  10   M    M   9 1      33 360
13  63  33  48 -21  17   0 0.00    M    M  8.0 21 190   M    M   4        26 170
14  82  41  62  -6   3   0    T    M    M  7.3 21 350   M    M   1        26 360
15  73  46  60  -8   5   0 0.00    M    M 10.9 22  10   M    M   3        28  10
16  81  43  62  -5   3   0 0.00    M    M  6.6 17 180   M    M   4        22 170
17  89  52  71   4   0   6 0.00    M    M  6.1 17 110   M    M   3 123    21 110
18  82  62  72   6   0   7 0.00    M    M  6.8 14 100   M    M   5 1      18  90
19  92  60  76  10   0  11 0.00    M    M 11.0 23 190   M    M   0        30 210
20  90  61  76  10   0  11 0.00    M    M  9.6 23  30   M    M   0        31  20
21  80  51  66   1   0   1 0.00    M    M  6.3 15  30   M    M   0        19  20
22  81  53  67   2   0   2    T    M    M  9.2 20 160   M    M   3 38     27 150
================================================================================
SM 1768 1165        76 118  0.30    M    191.9          M       58
================================================================================
AV 80.4 53.0                               8.7 FASTST   M    M   3    MAX(MPH)
                                 MISC ---->  # 26 350               # 37  290
================================================================================
NOTES:
# LAST OF SEVERAL OCCURRENCES

COLUMN 17 PEAK WIND IN M.P.H.

PRELIMINARY LOCAL CLIMATOLOGICAL DATA (WS FORM: F-6) , PAGE 2

                                          STATION:  HILL CITY KS
                                          MONTH:    SEPTEMBER
                                          YEAR:     2014
                                          LATITUDE:   39 22 N
                                          LONGITUDE:  99 50 W

[TEMPERATURE DATA]      [PRECIPITATION DATA]       SYMBOLS USED IN COLUMN 16

AVERAGE MONTHLY: 66.7   TOTAL FOR MONTH:   0.30    1 = FOG OR MIST
DPTR FM NORMAL:  -2.5   DPTR FM NORMAL:   -1.13    2 = FOG REDUCING VISIBILITY
HIGHEST:   103 ON  3    GRTST 24HR  0.14 ON 11-12      TO 1/4 MILE OR LESS
LOWEST:     33 ON 13                               3 = THUNDER
                        SNOW, ICE PELLETS, HAIL    4 = ICE PELLETS
                        TOTAL MONTH:    M          5 = HAIL
                        GRTST 24HR    M  ON   M    6 = FREEZING RAIN OR DRIZZLE
                        GRTST DEPTH:  M  ON   M    7 = DUSTSTORM OR SANDSTORM:
                                                       VSBY 1/2 MILE OR LESS
                                                   8 = SMOKE OR HAZE
[NO. OF DAYS WITH]      [WEATHER - DAYS WITH]      9 = BLOWING SNOW
                                                   X = TORNADO
MAX 32 OR BELOW:   0    0.01 INCH OR MORE:   4
MAX 90 OR ABOVE:   6    0.10 INCH OR MORE:   1
MIN 32 OR BELOW:   0    0.50 INCH OR MORE:   0
MIN  0 OR BELOW:   0    1.00 INCH OR MORE:   0

[HDD (BASE 65) ]
TOTAL THIS MO.    76    CLEAR  (SCALE 0-3)  14
DPTR FM NORMAL    41    PTCLDY (SCALE 4-7)   6
TOTAL FM JUL 1    82    CLOUDY (SCALE 8-10)  2
DPTR FM NORMAL    44

[CDD (BASE 65) ]
TOTAL THIS MO.   118
DPTR FM NORMAL    -8    [PRESSURE DATA]
TOTAL FM JAN 1  1388    HIGHEST SLP M ON M
DPTR FM NORMAL   126    LOWEST  SLP 29.56 ON  9

[REMARKS]
