000
CXUS53 KGLD 010800
CF6HLC
PRELIMINARY LOCAL CLIMATOLOGICAL DATA (WS FORM: F-6)

                                          STATION:   HILL CITY KS
                                          MONTH:     FEBRUARY
                                          YEAR:      2015
                                          LATITUDE:   39 22 N
                                          LONGITUDE:  99 50 W

  TEMPERATURE IN F:       :PCPN:    SNOW:  WIND      :SUNSHINE: SKY     :PK WND
================================================================================
1   2   3   4   5  6A  6B    7    8   9   10  11  12  13   14  15   16   17  18
                                     12Z  AVG MX 2MIN
DY MAX MIN AVG DEP HDD CDD  WTR  SNW DPTH SPD SPD DIR MIN PSBL S-S WX    SPD DR
================================================================================

 1  32   6  19 -11  46   0    T    M    M 22.3 36 340   M    M   7 19     44 340
 2  48   3  26  -4  39   0 0.00    M    M  6.6 21 220   M    M   0         M  M
 3  67  22  45  15  20   0 0.00    M    M  8.5 21 320   M    M   1        25 320
 4  35   9  22  -9  43   0    T    T    0 14.2 28  30   M    M   5 8      35  10
 5  53  11  32   1  33   0 0.00  0.0    0  9.4 20 220   M    M   1        24 210
 6  79  31  55  24  10   0 0.00  0.0    0  6.8 14 220   M    M   0        19 270
 7  82  29  56  25   9   0 0.00  0.0    0  7.9 21 340   M    M   0        26 330
 8  71  38  55  24  10   0 0.00    M    M 10.4 22 330   M    M   0        30 340
 9  69  28  49  18  16   0 0.00    M    M  7.7 20 160   M    M   0 18     25 170
10  68  30  49  17  16   0 0.00    M    M  6.2 20  10   M    M   5 128    26  10
11  50  25  38   6  27   0 0.00    M    M 11.5 24  10   M    M   1        29  10
12  37  20  29  -3  36   0 0.00    M    M  9.8 18 170   M    M   1        22 170
13  63  19  41   9  24   0 0.00    M    M  8.6 18 350   M    M   0        24 360
14  45  21  33   1  32   0 0.00    M    M 12.7 26  50   M    M   1        32  60
15  23  16  20 -13  45   0    T    M    M  6.7 15  80   M    M   7        18  80
16  49  19  34   1  31   0    T    M    M  6.2 22 300   M    M   4 1      29 300
17  40  15  28  -5  37   0 0.00    M    M 12.3 32 360   M    M   3        43 320
18  35  12  24 -10  41   0 0.00    M    M  7.0 16 330   M    M   7        23 330
19  50  13  32  -2  33   0 0.00    M    M  9.9 20 150   M    M   1        25 150
20  47  16  32  -2  33   0 0.00    M    M  6.3 20  80   M    M   3        24  80
21  48  24  36   2  29   0 0.16    M    M 10.7 25  40   M    M   9 1      33  40
22  24   4  14 -21  51   0 0.01    M    M 11.5 21  50   M    M   9 1      27 350
23  23   0  12 -23  53   0 0.00    M    M  6.3 24 280   M    M   3         M  M
24  53  10  32  -3  33   0 0.00    M    M  9.3 21 330   M    M   0        25 340
25  55  18  37   1  28   0 0.00    M    M 15.6 32  10   M    M   5        40  10
26  25   5  15 -21  50   0 0.00    M    M 11.5 23  10   M    M   2        29  30
27  23   8  16 -20  49   0    T    M    M  9.2 16 160   M    M  10 8      21 170
28  21  13  17 -20  48   0 0.02    M    M  7.8 15 170   M    M  10 18     18 170
================================================================================
SM 1315  465       922   0  0.19    T    272.9          M       95
================================================================================
AV 47.0 16.6                               9.7 FASTST   M    M   3    MAX(MPH)
                                 MISC ---->  # 36 340               # 44  340
================================================================================
NOTES:
# LAST OF SEVERAL OCCURRENCES

COLUMN 17 PEAK WIND IN M.P.H.

PRELIMINARY LOCAL CLIMATOLOGICAL DATA (WS FORM: F-6) , PAGE 2

                                          STATION:  HILL CITY KS
                                          MONTH:    FEBRUARY
                                          YEAR:     2015
                                          LATITUDE:   39 22 N
                                          LONGITUDE:  99 50 W

[TEMPERATURE DATA]      [PRECIPITATION DATA]       SYMBOLS USED IN COLUMN 16

AVERAGE MONTHLY: 31.8   TOTAL FOR MONTH:   0.19    1 = FOG OR MIST
DPTR FM NORMAL:  -1.1   DPTR FM NORMAL:   -0.33    2 = FOG REDUCING VISIBILITY
HIGHEST:    82 ON  7    GRTST 24HR  0.16 ON 21-21      TO 1/4 MILE OR LESS
LOWEST:      0 ON 23                               3 = THUNDER
                        SNOW, ICE PELLETS, HAIL    4 = ICE PELLETS
                        TOTAL MONTH:    T          5 = HAIL
                        GRTST 24HR    T  ON  4- 4  6 = FREEZING RAIN OR DRIZZLE
                        GRTST DEPTH:   0           7 = DUSTSTORM OR SANDSTORM:
                                                       VSBY 1/2 MILE OR LESS
                                                   8 = SMOKE OR HAZE
[NO. OF DAYS WITH]      [WEATHER - DAYS WITH]      9 = BLOWING SNOW
                                                   X = TORNADO
MAX 32 OR BELOW:   7    0.01 INCH OR MORE:   3
MAX 90 OR ABOVE:   0    0.10 INCH OR MORE:   1
MIN 32 OR BELOW:  27    0.50 INCH OR MORE:   0
MIN  0 OR BELOW:   1    1.00 INCH OR MORE:   0

[HDD (BASE 65) ]
TOTAL THIS MO.   922    CLEAR  (SCALE 0-3)  14
DPTR FM NORMAL    23    PTCLDY (SCALE 4-7)  10
TOTAL FM JUL 1  4046    CLOUDY (SCALE 8-10)  4
DPTR FM NORMAL  -204

[CDD (BASE 65) ]
TOTAL THIS MO.     0
DPTR FM NORMAL     0    [PRESSURE DATA]
TOTAL FM JAN 1     0    HIGHEST SLP M ON M
DPTR FM NORMAL     0    LOWEST  SLP 29.63 ON  7

[REMARKS]
#FINAL-02-15#
