000
CXUS53 KGLD 190800
CF6HLC
PRELIMINARY LOCAL CLIMATOLOGICAL DATA (WS FORM: F-6)

                                          STATION:   HILL CITY KS
                                          MONTH:     DECEMBER
                                          YEAR:      2014
                                          LATITUDE:   39 22 N
                                          LONGITUDE:  99 50 W

  TEMPERATURE IN F:       :PCPN:    SNOW:  WIND      :SUNSHINE: SKY     :PK WND
================================================================================
1   2   3   4   5  6A  6B    7    8   9   10  11  12  13   14  15   16   17  18
                                     12Z  AVG MX 2MIN
DY MAX MIN AVG DEP HDD CDD  WTR  SNW DPTH SPD SPD DIR MIN PSBL S-S WX    SPD DR
================================================================================

 1  28   9  19 -15  46   0 0.00    M    M  6.1 15  10   M    M   0        20  20
 2  53  15  34   1  31   0 0.00    M    M  8.6 18  40   M    M   0        23 200
 3  42  24  33   0  32   0 0.00    M    M  8.1 17  70   M    M   1        21  80
 4  51  23  37   4  28   0 0.00    M    M  5.3 15 200   M    M   2        19 200
 5  63  30  47  15  18   0 0.00    M    M  6.8 17 340   M    M   1 1      20 340
 6  46  20  33   1  32   0 0.00  0.0    M  5.0 14 170   M    M   1 1      19 160
 7  63  32  48  16  17   0 0.00    M    M  7.3 15 150   M    M   6 12     18 150
 8  59  27  43  12  22   0 0.00    M    M  5.4 13 220   M    M   0        16 210
 9  42  15  29  -2  36   0 0.00    M    M  4.9 12 150   M    M   0 1      14  40
10  40  20  30  -1  35   0 0.00    M    M  4.9  9 170   M    M   9 18     12 120
11  44  33  39   8  26   0 0.00    M    M  7.5 15 200   M    M  10 1      20 200
12  56  43  50  20  15   0 0.00    M    M  8.6 16 200   M    M  10 1      21 190
13  57  49  53  23  12   0 0.00    M    M 12.3 24 190   M    M  10 1      34 180
14  58  38  48  18  17   0 0.27    M    M 13.9 31 350   M    M   9 13     40 160
15  38  30  34   4  31   0    T    M    M 25.0 39 330   M    M   8 1      51 340
16  33  18  26  -4  39   0 0.00    M    M  8.5 26 340   M    M   1        34 350
17  29  20  25  -5  40   0    T    M    M  9.9 17  80   M    M   8 16     21  90
18  34  25  30   1  35   0    T    M    M  3.8  8 250   M    M  10 16     10  80
================================================================================
SM  836  471       512   0  0.27     0.0 151.9          M       86
================================================================================
AV 46.4 26.2                               8.4 FASTST   M    M   5    MAX(MPH)
                                 MISC ---->  # 39 330               # 51  340
================================================================================
NOTES:
# LAST OF SEVERAL OCCURRENCES

COLUMN 17 PEAK WIND IN M.P.H.

PRELIMINARY LOCAL CLIMATOLOGICAL DATA (WS FORM: F-6) , PAGE 2

                                          STATION:  HILL CITY KS
                                          MONTH:    DECEMBER
                                          YEAR:     2014
                                          LATITUDE:   39 22 N
                                          LONGITUDE:  99 50 W

[TEMPERATURE DATA]      [PRECIPITATION DATA]       SYMBOLS USED IN COLUMN 16

AVERAGE MONTHLY: 36.3   TOTAL FOR MONTH:   0.27    1 = FOG OR MIST
DPTR FM NORMAL:   5.1   DPTR FM NORMAL:   -0.21    2 = FOG REDUCING VISIBILITY
HIGHEST:    63 ON  7, 5 GRTST 24HR  0.27 ON 14-14      TO 1/4 MILE OR LESS
LOWEST:      9 ON  1                               3 = THUNDER
                        SNOW, ICE PELLETS, HAIL    4 = ICE PELLETS
                        TOTAL MONTH:   0.0 INCH    5 = HAIL
                        GRTST 24HR     0.0         6 = FREEZING RAIN OR DRIZZLE
                        GRTST DEPTH:  M  ON   M    7 = DUSTSTORM OR SANDSTORM:
                                                       VSBY 1/2 MILE OR LESS
                                                   8 = SMOKE OR HAZE
[NO. OF DAYS WITH]      [WEATHER - DAYS WITH]      9 = BLOWING SNOW
                                                   X = TORNADO
MAX 32 OR BELOW:   2    0.01 INCH OR MORE:   1
MAX 90 OR ABOVE:   0    0.10 INCH OR MORE:   1
MIN 32 OR BELOW:  14    0.50 INCH OR MORE:   0
MIN  0 OR BELOW:   0    1.00 INCH OR MORE:   0

[HDD (BASE 65) ]
TOTAL THIS MO.   512    CLEAR  (SCALE 0-3)   9
DPTR FM NORMAL   -96    PTCLDY (SCALE 4-7)   2
TOTAL FM JUL 1  1619    CLOUDY (SCALE 8-10)  7
DPTR FM NORMAL  -156

[CDD (BASE 65) ]
TOTAL THIS MO.     0
DPTR FM NORMAL     0    [PRESSURE DATA]
TOTAL FM JAN 1  1454    HIGHEST SLP M ON M
DPTR FM NORMAL   154    LOWEST  SLP 29.59 ON 14

[REMARKS]
