000
CXUS56 KTFX 261205
CF6HLN
PRELIMINARY LOCAL CLIMATOLOGICAL DATA (WS FORM: F-6)

                                          STATION:   HELENA MT
                                          MONTH:     AUGUST
                                          YEAR:      2014
                                          LATITUDE:   46 35 N
                                          LONGITUDE: 112  0 W

  TEMPERATURE IN F:       :PCPN:    SNOW:  WIND      :SUNSHINE: SKY     :PK WND
================================================================================
1   2   3   4   5  6A  6B    7    8   9   10  11  12  13   14  15   16   17  18
                                     12Z  AVG MX 2MIN
DY MAX MIN AVG DEP HDD CDD  WTR  SNW DPTH SPD SPD DIR MIN PSBL S-S WX    SPD DR
================================================================================

 1  95  57  76   5   0  11 0.00  0.0    0  5.6 28 220   M    M   1 38     35 210
 2  85  62  74   3   0   9 0.00  0.0    0  5.7 24 180   M    M   0        33 190
 3  91  57  74   3   0   9 0.00  0.0    0  6.6 14 340   M    M   0        16 350
 4  80  65  73   2   0   8 0.02  0.0    0  8.0 22  80   M    M   2        25  80
 5  88  59  74   3   0   9 0.00  0.0    0  3.9 10 270   M    M   1        14 270
 6  92  58  75   4   0  10 0.00  0.0    0  4.1 16 200   M    M   0        22 190
 7  93  59  76   5   0  11 0.00  0.0    0  3.6 12  70   M    M   1        14  30
 8  89  62  76   6   0  11 0.01  0.0    0  6.0 32 270   M    M   2 3      40 270
 9  86  54  70   0   0   5 0.00  0.0    0  4.9 13  90   M    M   0        17 100
10  93  54  74   4   0   9 0.00  0.0    0  4.3 14  50   M    M   0        17  60
11  96  59  78   8   0  13 0.00  0.0    0  4.7 12  30   M    M   0        15  40
12  93  62  78   8   0  13 0.19  0.0    0  5.3 33 250   M    M   0 38     44 260
13  91  60  76   6   0  11 0.02  0.0    0  5.7 25 250   M    M   2        32 260
14  83  61  72   3   0   7 0.07  0.0    0  3.3 17 230   M    M   4 1      22 230
15  79  59  69   0   0   4 0.09  0.0    0  6.5 32 260   M    M   2 3      43 260
16  80  54  67  -2   0   2 0.00  0.0    0  7.1 22 260   M    M   4        28 270
17  86  55  71   3   0   6 0.00  0.0    0  8.1 22 310   M    M   1        33 300
18  90  56  73   5   0   8 0.00  0.0    0  6.3 22 290   M    M   0        33  30
19  90  54  72   4   0   7 0.00  0.0    0  4.1 25 100   M    M   1        30  90
20  81  57  69   1   0   4    T  0.0    0  5.9 18 300   M    M   3 3      24 250
21  74  54  64  -3   1   0 0.29  0.0    0  5.4 21 360   M    M   8 1      28 360
22  68  50  59  -8   6   0 0.16  0.0    0  9.0 17 350   M    M  10 1      21 350
23  53  47  50 -17  15   0 1.16  0.0    0 11.5 18 320   M    M  10 1      25 330
24  59  46  53 -13  12   0 0.09  0.0    0  3.6 16  20   M    M   8 1      20  10
25  70  43  57  -9   8   0 0.00  0.0    0  4.3 12 100   M    M   1        16  90
================================================================================
SM 2085 1404        42 167  2.10     0.0 143.5          M       61
================================================================================
AV 83.4 56.2                               5.7 FASTST   M    M   2    MAX(MPH)
                                 MISC ---->  # 33 250               # 44  260
================================================================================
NOTES:
# LAST OF SEVERAL OCCURRENCES

COLUMN 17 PEAK WIND IN M.P.H.

PRELIMINARY LOCAL CLIMATOLOGICAL DATA (WS FORM: F-6) , PAGE 2

                                          STATION:  HELENA MT
                                          MONTH:    AUGUST
                                          YEAR:     2014
                                          LATITUDE:   46 35 N
                                          LONGITUDE: 112  0 W

[TEMPERATURE DATA]      [PRECIPITATION DATA]       SYMBOLS USED IN COLUMN 16

AVERAGE MONTHLY: 69.8   TOTAL FOR MONTH:   2.10    1 = FOG OR MIST
DPTR FM NORMAL:   0.6   DPTR FM NORMAL:    1.14    2 = FOG REDUCING VISIBILITY
HIGHEST:    96 ON 11    GRTST 24HR  1.26 ON 22-23      TO 1/4 MILE OR LESS
LOWEST:     43 ON 25                               3 = THUNDER
                        SNOW, ICE PELLETS, HAIL    4 = ICE PELLETS
                        TOTAL MONTH:   0.0 INCH    5 = HAIL
                        GRTST 24HR     0.0         6 = FREEZING RAIN OR DRIZZLE
                        GRTST DEPTH:   0           7 = DUSTSTORM OR SANDSTORM:
                                                       VSBY 1/2 MILE OR LESS
                                                   8 = SMOKE OR HAZE
[NO. OF DAYS WITH]      [WEATHER - DAYS WITH]      9 = BLOWING SNOW
                                                   X = TORNADO
MAX 32 OR BELOW:   0    0.01 INCH OR MORE:  10
MAX 90 OR ABOVE:  10    0.10 INCH OR MORE:   4
MIN 32 OR BELOW:   0    0.50 INCH OR MORE:   1
MIN  0 OR BELOW:   0    1.00 INCH OR MORE:   1

[HDD (BASE 65) ]
TOTAL THIS MO.    42    CLEAR  (SCALE 0-3)  19
DPTR FM NORMAL    18    PTCLDY (SCALE 4-7)   3
TOTAL FM JUL 1    42    CLOUDY (SCALE 8-10)  3
DPTR FM NORMAL    -9

[CDD (BASE 65) ]
TOTAL THIS MO.   167
DPTR FM NORMAL    37    [PRESSURE DATA]
TOTAL FM JAN 1   438    HIGHEST SLP M ON M
DPTR FM NORMAL    70    LOWEST  SLP 29.66 ON 19

[REMARKS]
