000
CXUS54 KMAF 201100
CF6HOB
PRELIMINARY LOCAL CLIMATOLOGICAL DATA (WS FORM: F-6)

                                          STATION:   Lea Airport, Hobbs
                                          MONTH:     FEBRUARY
                                          YEAR:      2018
                                          LATITUDE:   32 40 N
                                          LONGITUDE: 103-12 E

  TEMPERATURE IN F:       :PCPN:    SNOW:  WIND      :SUNSHINE: SKY     :PK WND
================================================================================
1   2   3   4   5  6A  6B    7    8   9   10  11  12  13   14  15   16   17  18
                                     12Z  AVG MX 2MIN
DY MAX MIN AVG DEP HDD CDD  WTR  SNW DPTH SPD SPD DIR MIN PSBL S-S WX    SPD DR
================================================================================

 1  55  34  45   M  20   0 0.00  0.0    0 12.7 21  30   M    M   0        28  30
 2  52  25  39   M  26   0 0.00  0.0    0  9.0 15 180   M    M   1        21 170
 3  75  32  54   M  11   0 0.00  0.0    0 12.3 22 280   M    M   0        30 280
 4  73  27  50   M  15   0 0.00  0.0    0 12.3 22 100   M    M   0 8      28 100
 5  73  19  46   M  19   0 0.00  0.0    0  8.3 14 220   M    M   0        20 220
 6  46  32  39   M  26   0 0.00  0.0    0  9.4 16  80   M    M   5        23  80
 7  55  21  38   M  27   0 0.00  0.0    0  6.1 15  50   M    M   1         M  M
 8  64  27  46   M  19   0 0.00  0.0    0  9.1 15 200   M    M   0        21 200
 9  75  32  54   M  11   0 0.00  0.0    0  9.8 17 270   M    M   0        24 270
10  48  21  35   M  30   0 0.00  0.0    0 10.8 20  40   M    M   1        25  80
11  43  18  31   M  34   0 0.00  0.0    0  9.7 23  80   M    M   2        29  60
12  50  21  36   M  29   0 0.00  0.0    0 10.5 20 130   M    M   3        24 140
13  63  25  44   M  21   0 0.00  0.0    0  7.2 13 150   M    M   0        14 160
14  81  43  62   M   3   0 0.00  0.0    0  9.7 27 230   M    M   1        35 230
15  81  43  62   M   3   0 0.00  0.0    0 13.9 30 240   M    M   2        51 240
16  63  41  52   M  13   0 0.03    M    0 12.4 23  60   M    M   9        30  60
17  63  39  51   M  14   0 0.00  0.0    0  9.1 15 320   M    M   1        23 300
18  75  36  56   M   9   0 0.00  0.0    0  9.2 22 220   M    M   3 1      35 220
19  72  43  58   M   7   0 0.01    M    0 13.8 25 200   M    M   3 12     39 210
================================================================================
SM 1207  579       337   0  0.04     0.0 195.3          M       32
================================================================================
AV 63.5 30.5                              10.3 FASTST   M    M   2    MAX(MPH)
                                 MISC ---->  # 30 240               # 51  240
================================================================================
NOTES:
# LAST OF SEVERAL OCCURRENCES

COLUMN 17 PEAK WIND IN M.P.H.

PRELIMINARY LOCAL CLIMATOLOGICAL DATA (WS FORM: F-6) , PAGE 2

                                          STATION:  Lea Airport, Hobbs
                                          MONTH:    FEBRUARY
                                          YEAR:     2018
                                          LATITUDE:   32 40 N
                                          LONGITUDE: 103-12 E

[TEMPERATURE DATA]      [PRECIPITATION DATA]       SYMBOLS USED IN COLUMN 16

AVERAGE MONTHLY: 47.0   TOTAL FOR MONTH:   0.04    1 = FOG OR MIST
DPTR FM NORMAL:     M   DPTR FM NORMAL:       M    2 = FOG REDUCING VISIBILITY
HIGHEST:    81 ON 15,14 GRTST 24HR  0.03 ON 16-16      TO 1/4 MILE OR LESS
LOWEST:     18 ON 11                               3 = THUNDER
                        SNOW, ICE PELLETS, HAIL    4 = ICE PELLETS
                        TOTAL MONTH:   0.0 INCH    5 = HAIL
                        GRTST 24HR     0.0         6 = FREEZING RAIN OR DRIZZLE
                        GRTST DEPTH:   0           7 = DUSTSTORM OR SANDSTORM:
                                                       VSBY 1/2 MILE OR LESS
                                                   8 = SMOKE OR HAZE
[NO. OF DAYS WITH]      [WEATHER - DAYS WITH]      9 = BLOWING SNOW
                                                   X = TORNADO
MAX 32 OR BELOW:   0    0.01 INCH OR MORE:   2
MAX 90 OR ABOVE:   0    0.10 INCH OR MORE:   0
MIN 32 OR BELOW:  12    0.50 INCH OR MORE:   0
MIN  0 OR BELOW:   0    1.00 INCH OR MORE:   0

[HDD (BASE 65) ]
TOTAL THIS MO.   337    CLEAR  (SCALE 0-3)  17
DPTR FM NORMAL     M    PTCLDY (SCALE 4-7)   1
TOTAL FM JUL 1  1884    CLOUDY (SCALE 8-10)  1
DPTR FM NORMAL     M

[CDD (BASE 65) ]
TOTAL THIS MO.     0
DPTR FM NORMAL     M    [PRESSURE DATA]
TOTAL FM JAN 1     0    HIGHEST SLP M ON M
DPTR FM NORMAL     M    LOWEST  SLP M ON M

[REMARKS]
