156
CXUS54 KHGX 251316
CF6HOU
PRELIMINARY LOCAL CLIMATOLOGICAL DATA (WS FORM: F-6)

                                          STATION:   HOUSTON/HOBBY AIRPORT
                                          MONTH:     AUGUST
                                          YEAR:      2016
                                          LATITUDE:   29 38 N
                                          LONGITUDE:  95 17 W

  TEMPERATURE IN F:       :PCPN:    SNOW:  WIND      :SUNSHINE: SKY     :PK WND
================================================================================
1   2   3   4   5  6A  6B    7    8   9   10  11  12  13   14  15   16   17  18
                                     12Z  AVG MX 2MIN
DY MAX MIN AVG DEP HDD CDD  WTR  SNW DPTH SPD SPD DIR MIN PSBL S-S WX    SPD DR
================================================================================

 1  97  76  87   3   0  22 0.00  0.0    0  5.1 17 120   M    M   4 3      24 110
 2  96  78  87   3   0  22 0.00  0.0    0  4.2 14 160   M    M   4        17 160
 3  98  79  89   5   0  24 0.00  0.0    0  3.7 13 160   M    M   4        16 170
 4  97  82  90   6   0  25    T  0.0    0  5.1 14 150   M    M   5        19 130
 5  97  79  88   4   0  23    T  0.0    0  4.9 14 160   M    M   4        18 190
 6  98  78  88   4   0  23 0.00  0.0    0  5.8 14 190   M    M   3        19 150
 7  98  79  89   5   0  24 0.00  0.0    0  5.8 15 160   M    M   2        19 160
 8  99  78  89   5   0  24 0.00  0.0    0  5.1 15 150   M    M   3        18 160
 9  99  79  89   5   0  24 0.00  0.0    0  5.5 16 150   M    M   3        22 150
10  98  80  89   5   0  24 0.00  0.0    0  5.6 16 160   M    M   5        23 260
11  98  80  89   5   0  24 0.00  0.0    0  7.1 17 160   M    M   7 3      21 160
12  96  80  88   4   0  23 0.00  0.0    0  8.6 20 180   M    M   8        24 170
13  96  75  86   2   0  21 2.73  0.0    0  9.2 36 250   M    M   8 13     44 250
14  89  76  83  -1   0  18 0.08  0.0    0  6.3 21  10   M    M   9 1      84 330
15  89  76  83  -1   0  18 0.17  0.0    0  5.4 21 210   M    M   8 13     24 230
16  86  74  80  -4   0  15 0.76  0.0    0  5.8 21 260   M    M   9 1      24 260
17  84  75  80  -4   0  15 0.75  0.0    0  4.6 20 200   M    M   9 1      26 200
18  86  77  82  -2   0  17 0.74  0.0    0  3.9 21 120   M    M   8 3      33 130
19  90  77  84   0   0  19 0.52  0.0    0  4.9 22 230   M    M   6 13     32 200
20  91  76  84   0   0  19 0.55  0.0    0  5.5 24 190   M    M   8 38     33 200
21  85  74  80  -4   0  15 0.30  0.0    0  3.9 20 190   M    M   7 13     25 200
22  89  76  83  -1   0  18 0.58  0.0    0  4.4 26 180   M    M   7 138    34 190
23  92  79  86   2   0  21 0.02  0.0    0  6.6 15 160   M    M   5 3      18 170
24  93  77  85   1   0  20 0.23  0.0    0  5.0 18 210   M    M   5 3      21 210
================================================================================
SM 2241 1860         0 498  7.43     0.0 132.0          M      141
================================================================================
AV 93.4 77.5                               5.5 FASTST   M    M   6    MAX(MPH)
                                 MISC ---->  # 36 250               # 84  330
================================================================================
NOTES:
# LAST OF SEVERAL OCCURRENCES

COLUMN 17 PEAK WIND IN M.P.H.

PRELIMINARY LOCAL CLIMATOLOGICAL DATA (WS FORM: F-6) , PAGE 2

                                          STATION:  HOUSTON/HOBBY AIRPORT
                                          MONTH:    AUGUST
                                          YEAR:     2016
                                          LATITUDE:   29 38 N
                                          LONGITUDE:  95 17 W

[TEMPERATURE DATA]      [PRECIPITATION DATA]       SYMBOLS USED IN COLUMN 16

AVERAGE MONTHLY: 85.4   TOTAL FOR MONTH:   7.43    1 = FOG OR MIST
DPTR FM NORMAL:   1.4   DPTR FM NORMAL:    3.74    2 = FOG REDUCING VISIBILITY
HIGHEST:    99 ON  9, 8 GRTST 24HR  2.73 ON 13-13      TO 1/4 MILE OR LESS
LOWEST:     74 ON 21,16                            3 = THUNDER
                        SNOW, ICE PELLETS, HAIL    4 = ICE PELLETS
                        TOTAL MONTH:   0.0 INCH    5 = HAIL
                        GRTST 24HR     0.0         6 = FREEZING RAIN OR DRIZZLE
                        GRTST DEPTH:   0           7 = DUSTSTORM OR SANDSTORM:
                                                       VSBY 1/2 MILE OR LESS
                                                   8 = SMOKE OR HAZE
[NO. OF DAYS WITH]      [WEATHER - DAYS WITH]      9 = BLOWING SNOW
                                                   X = TORNADO
MAX 32 OR BELOW:   0    0.01 INCH OR MORE:  12
MAX 90 OR ABOVE:  17    0.10 INCH OR MORE:  10
MIN 32 OR BELOW:   0    0.50 INCH OR MORE:   7
MIN  0 OR BELOW:   0    1.00 INCH OR MORE:   1

[HDD (BASE 65) ]
TOTAL THIS MO.     0    CLEAR  (SCALE 0-3)   4
DPTR FM NORMAL     0    PTCLDY (SCALE 4-7)  16
TOTAL FM JUL 1     0    CLOUDY (SCALE 8-10)  4
DPTR FM NORMAL     0

[CDD (BASE 65) ]
TOTAL THIS MO.   498
DPTR FM NORMAL    42    [PRESSURE DATA]
TOTAL FM JAN 1  2502    HIGHEST SLP M ON M
DPTR FM NORMAL   299    LOWEST  SLP 29.69 ON 13

[REMARKS]
