000
CXUS55 KSEW 270930
CF6HQM
PRELIMINARY LOCAL CLIMATOLOGICAL DATA (WS FORM: F-6)

                                          STATION:   HOQUIAM WA AIRPORT
                                          MONTH:     MARCH
                                          YEAR:      2015
                                          LATITUDE:   46 58 N
                                          LONGITUDE: 123 56 W

  TEMPERATURE IN F:       :PCPN:    SNOW:  WIND      :SUNSHINE: SKY     :PK WND
================================================================================
1   2   3   4   5  6A  6B    7    8   9   10  11  12  13   14  15   16   17  18
                                     12Z  AVG MX 2MIN
DY MAX MIN AVG DEP HDD CDD  WTR  SNW DPTH SPD SPD DIR MIN PSBL S-S WX    SPD DR
================================================================================

 1  52  31  42  -3  23   0 0.07  0.0    0  6.7 14 270   M    M   4 1      17 270
 2  53  37  45   0  20   0    T  0.0    0  6.4 16 270   M    M   3 1      20 260
 3  55  31  43  -2  22   0 0.00  0.0    0  6.2 12 230   M    M   0 1      13  50
 4  55  30  43  -2  22   0 0.00  0.0    0  6.0 13 270   M    M   0 1      15 270
 5  58  33  46   1  19   0 0.00  0.0    0  4.8 12  80   M    M   0 1      12  80
 6  63  37  50   5  15   0 0.00  0.0    0  6.6 13  80   M    M   0 1      14  80
 7  62  35  49   4  16   0 0.00  0.0    0  6.1 13 240   M    M   0 1      14 240
 8  63  37  50   5  15   0 0.00  0.0    0  5.3 12 240   M    M   0 12     13 310
 9  51  43  47   2  18   0 0.00  0.0    0  5.4 13 210   M    M  10 12     15 250
10  60  43  52   6  13   0    T  0.0    0 11.8 22 160   M    M   6 1      26 170
11  54  50  52   6  13   0 0.39  0.0    0 12.7 26 150   M    M  10 1      35 150
12  61  49  55   9  10   0 0.00  0.0    0  7.4 15 170   M    M   6 1      18 180
13  62  49  56  10   9   0 0.22  0.0    0  9.6 20 170   M    M   2 1      25 170
14  57  50  54   8  11   0 0.99  0.0    0 11.5 32 180   M    M   9 1      41 160
15  53  46  50   4  15   0 1.47  0.0    0 13.8 36 230   M    M  10 1      41 230
16  60  38  49   3  16   0 0.00  0.0    0  7.1 12  70   M    M   3 12     15  90
17  57  42  50   4  15   0 0.00  0.0    0  8.2 18 190   M    M   5 1      21 200
18  57  45  51   5  14   0    T  0.0    0  5.8 14 250   M    M   6 1      17 250
19  57  45  51   5  14   0 0.01  0.0    0  5.1 15 200   M    M   7 1      18 190
20  55  50  53   7  12   0 0.45  0.0    0 11.3 22 170   M    M  10 1      30 170
21  56  43  50   3  15   0 0.09  0.0    0 12.2 29 170   M    M   7 1      36 170
22  54  42  48   1  17   0 0.17  0.0    0  8.1 15 260   M    M   7 12     18  80
23  54  43  49   2  16   0 0.55  0.0    0  9.2 26 210   M    M   8 1      30 210
24  56  44  50   3  15   0 0.27  0.0    0  9.2 18 240   M    M   7 1      22 240
25  55  48  52   5  13   0 1.19  0.0    0 13.2 25 180   M    M  10 1      32 180
26  64  50  57  10   8   0 0.00  0.0    0  3.9 13 250   M    M   5 12     14 250
================================================================================
SM 1484 1091       396   0  5.87     0.0 213.6          M      135
================================================================================
AV 57.1 42.0                               8.2 FASTST   M    M   5    MAX(MPH)
                                 MISC ---->  # 36 230               # 41  160
================================================================================
NOTES:
# LAST OF SEVERAL OCCURRENCES

COLUMN 17 PEAK WIND IN M.P.H.

PRELIMINARY LOCAL CLIMATOLOGICAL DATA (WS FORM: F-6) , PAGE 2

                                          STATION:  HOQUIAM WA AIRPORT
                                          MONTH:    MARCH
                                          YEAR:     2015
                                          LATITUDE:   46 58 N
                                          LONGITUDE: 123 56 W

[TEMPERATURE DATA]      [PRECIPITATION DATA]       SYMBOLS USED IN COLUMN 16

AVERAGE MONTHLY: 49.5   TOTAL FOR MONTH:   5.87    1 = FOG OR MIST
DPTR FM NORMAL:   3.6   DPTR FM NORMAL:   -0.04    2 = FOG REDUCING VISIBILITY
HIGHEST:    64 ON 26    GRTST 24HR  1.47 ON 15-15      TO 1/4 MILE OR LESS
LOWEST:     30 ON  4                               3 = THUNDER
                        SNOW, ICE PELLETS, HAIL    4 = ICE PELLETS
                        TOTAL MONTH:   0.0 INCH    5 = HAIL
                        GRTST 24HR     0.0         6 = FREEZING RAIN OR DRIZZLE
                        GRTST DEPTH:   0           7 = DUSTSTORM OR SANDSTORM:
                                                       VSBY 1/2 MILE OR LESS
                                                   8 = SMOKE OR HAZE
[NO. OF DAYS WITH]      [WEATHER - DAYS WITH]      9 = BLOWING SNOW
                                                   X = TORNADO
MAX 32 OR BELOW:   0    0.01 INCH OR MORE:  12
MAX 90 OR ABOVE:   0    0.10 INCH OR MORE:   9
MIN 32 OR BELOW:   3    0.50 INCH OR MORE:   4
MIN  0 OR BELOW:   0    1.00 INCH OR MORE:   2

[HDD (BASE 65) ]
TOTAL THIS MO.   396    CLEAR  (SCALE 0-3)   9
DPTR FM NORMAL  -101    PTCLDY (SCALE 4-7)  11
TOTAL FM JUL 1  3032    CLOUDY (SCALE 8-10)  6
DPTR FM NORMAL  -958

[CDD (BASE 65) ]
TOTAL THIS MO.     0
DPTR FM NORMAL     0    [PRESSURE DATA]
TOTAL FM JAN 1     0    HIGHEST SLP M ON M
DPTR FM NORMAL     0    LOWEST  SLP 29.60 ON 15

[REMARKS]
