000
CXUS54 KBRO 220900
CF6HRL
PRELIMINARY LOCAL CLIMATOLOGICAL DATA (WS FORM: F-6)

                                          STATION:   HARLINGEN
                                          MONTH:     OCTOBER
                                          YEAR:      2017
                                          LATITUDE:   26 13 N
                                          LONGITUDE:  97 40 W

  TEMPERATURE IN F:       :PCPN:    SNOW:  WIND      :SUNSHINE: SKY     :PK WND
================================================================================
1   2   3   4   5  6A  6B    7    8   9   10  11  12  13   14  15   16   17  18
                                     12Z  AVG MX 2MIN
DY MAX MIN AVG DEP HDD CDD  WTR  SNW DPTH SPD SPD DIR MIN PSBL S-S WX    SPD DR
================================================================================

 1  87  73  80   1   0  15 0.26  0.0    0  6.4 18 240   M    M   6 1      20 240
 2  89  74  82   3   0  17 0.26  0.0    0  5.7 21 160   M    M   4 1      28 180
 3  88  74  81   3   0  16 1.08  0.0    0  6.9 23 150   M    M   4 13     27 120
 4  91  77  84   6   0  19 0.32  0.0    0 11.7 22  80   M    M   5 18     25  80
 5  90  72  81   3   0  16 0.49  0.0    0  9.5 22  70   M    M   4 1      25  90
 6  89  70  80   2   0  15 0.00  0.0    0  6.4 16  90   M    M   3        19 100
 7  92  69  81   3   0  16 0.00  0.0    0  5.4 13  70   M    M   0 1      24  10
 8  94  73  84   6   0  19 0.00  0.0    0  7.8 16 170   M    M   0 1      19 180
 9  94  74  84   7   0  19 0.00  0.0    0 10.5 21 150   M    M   0        26 160
10  87  68  78   1   0  13 0.04  0.0    0 10.3 28  20   M    M   5 13     34  20
11  69  63  66 -11   0   1 0.53  0.0    0 11.6 20 330   M    M  10 13     23 330
12  89  64  77   0   0  12 0.51  0.0    0  7.7 16 310   M    M   4 12     19 310
13  90  71  81   4   0  16 0.00  0.0    0  6.3 17  80   M    M   4 1      24  30
14  92  74  83   7   0  18 0.00  0.0    0  5.7 15 100   M    M   3 1      18 110
15  92  71  82   6   0  17 0.01  0.0    0  7.4 22  20   M    M   3 12     27  20
16  81  58  70  -6   0   5 0.00  0.0    0 14.5 24 340   M    M   5        29 350
17  84  53  69  -7   0   4 0.00  0.0    0  8.7 16  70   M    M   0        23  20
18  86  57  72  -4   0   7 0.00  0.0    0  4.8 20 150   M    M   0 1      21 150
19  87  63  75  -1   0  10 0.00  0.0    0  5.2 16  40   M    M   4 1      20  30
20  91  66  79   4   0  14 0.00  0.0    0  6.4 20 110   M    M   3 12     23 110
21  92  69  81   6   0  16 0.00  0.0    0  8.9 20 130   M    M   1 12     24 130
================================================================================
SM 1854 1433         0 285  3.50     0.0 167.8          M       68
================================================================================
AV 88.3 68.2                               8.0 FASTST   M    M   3    MAX(MPH)
                                 MISC ---->  # 28  20               # 34   20
================================================================================
NOTES:
# LAST OF SEVERAL OCCURRENCES

COLUMN 17 PEAK WIND IN M.P.H.

PRELIMINARY LOCAL CLIMATOLOGICAL DATA (WS FORM: F-6) , PAGE 2

                                          STATION:  HARLINGEN
                                          MONTH:    OCTOBER
                                          YEAR:     2017
                                          LATITUDE:   26 13 N
                                          LONGITUDE:  97 40 W

[TEMPERATURE DATA]      [PRECIPITATION DATA]       SYMBOLS USED IN COLUMN 16

AVERAGE MONTHLY: 78.3   TOTAL FOR MONTH:   3.50    1 = FOG OR MIST
DPTR FM NORMAL:   1.3   DPTR FM NORMAL:    1.49    2 = FOG REDUCING VISIBILITY
HIGHEST:    94 ON  9, 8 GRTST 24HR  1.08 ON  3- 3      TO 1/4 MILE OR LESS
LOWEST:     53 ON 17                               3 = THUNDER
                        SNOW, ICE PELLETS, HAIL    4 = ICE PELLETS
                        TOTAL MONTH:   0.0 INCH    5 = HAIL
                        GRTST 24HR     0.0         6 = FREEZING RAIN OR DRIZZLE
                        GRTST DEPTH:   0           7 = DUSTSTORM OR SANDSTORM:
                                                       VSBY 1/2 MILE OR LESS
                                                   8 = SMOKE OR HAZE
[NO. OF DAYS WITH]      [WEATHER - DAYS WITH]      9 = BLOWING SNOW
                                                   X = TORNADO
MAX 32 OR BELOW:   0    0.01 INCH OR MORE:   9
MAX 90 OR ABOVE:  10    0.10 INCH OR MORE:   7
MIN 32 OR BELOW:   0    0.50 INCH OR MORE:   3
MIN  0 OR BELOW:   0    1.00 INCH OR MORE:   1

[HDD (BASE 65) ]
TOTAL THIS MO.     0    CLEAR  (SCALE 0-3)   9
DPTR FM NORMAL     0    PTCLDY (SCALE 4-7)  11
TOTAL FM JUL 1     0    CLOUDY (SCALE 8-10)  1
DPTR FM NORMAL     0

[CDD (BASE 65) ]
TOTAL THIS MO.   285
DPTR FM NORMAL    30    [PRESSURE DATA]
TOTAL FM JAN 1  4362    HIGHEST SLP M ON M
DPTR FM NORMAL   678    LOWEST  SLP 29.65 ON  8

[REMARKS]
