000
CXUS54 KLZK 251130
CF6HRO
PRELIMINARY LOCAL CLIMATOLOGICAL DATA (WS FORM: F-6)

                                          STATION:   Harrison
                                          MONTH:     FEBRUARY
                                          YEAR:      2017
                                          LATITUDE:   36 15 N
                                          LONGITUDE:  93  9 W

  TEMPERATURE IN F:       :PCPN:    SNOW:  WIND      :SUNSHINE: SKY     :PK WND
================================================================================
1   2   3   4   5  6A  6B    7    8   9   10  11  12  13   14  15   16   17  18
                                     12Z  AVG MX 2MIN
DY MAX MIN AVG DEP HDD CDD  WTR  SNW DPTH SPD SPD DIR MIN PSBL S-S WX    SPD DR
================================================================================

 1  56  35  46   8  19   0 0.00  0.0    0  6.1 15  10   M    M   1        20  20
 2  38  33  36  -2  29   0 0.00  0.0    0  7.8 15  20   M    M  10        20  30
 3  41  23  32  -6  33   0 0.00  0.0    0  5.5 13 350   M    M   3        17  40
 4  41  23  32  -6  33   0 0.00  0.0    0 10.4 21 160   M    M   5        24 160
 5  68  34  51  13  14   0 0.00  0.0    0  4.9 13 160   M    M   1 1      16 250
 6  68  48  58  19   7   0 0.00  0.0    0 11.7 22 180   M    M   8 13     33 180
 7  76  48  62  23   3   0 0.00  0.0    0  8.8 18 170   M    M   0 3      24 300
 8  60  25  43   4  22   0 0.00  0.0    0  9.3 23 330   M    M   1 8      31 320
 9  44  20  32  -7  33   0 0.00  0.0    0  6.7 23 160   M    M   0        27 160
10  70  35  53  14  12   0 0.00  0.0    0  9.8 21 230   M    M   0        29 230
11  84  52  68  28   0   3 0.00  0.0    0  8.5 18 180   M    M   0        26 200
12  71  41  56  16   9   0 0.00  0.0    0  9.7 20  30   M    M   2        28 360
13  54  35  45   5  20   0    T  0.0    0  5.7 15 140   M    M   4        19 130
14  45  39  42   2  23   0 1.01    M    0  4.3 13 350   M    M  10 1      18 360
15  51  33  42   2  23   0 0.00  0.0    0  7.9 15 330   M    M   1        21 310
16  68  35  52  11  13   0 0.00  0.0    0  6.5 15 230   M    M   0        22 220
17  72  46  59  18   6   0 0.00  0.0    0  7.5 17 170   M    M   1        26 250
18  69  49  59  18   6   0 0.00  0.0    0  4.6 10 170   M    M   4        15 150
19  77  44  61  20   4   0 0.00  0.0    0  9.4 17 120   M    M   1 1      23 170
20  69  57  63  21   2   0 0.23  0.0    0 11.6 24 160   M    M   5 1      29 160
21  59  56  58  16   7   0 0.13  0.0    0  5.6 14  30   M    M  10 1      19  10
22  76  55  66  24   0   1 0.00  0.0    0  6.3 14 150   M    M   5 1      19 150
23  80  50  65  23   0   0 0.00  0.0    0 15.0 25 170   M    M   1 12     33 180
24  67  31  49   6  16   0 0.00  0.0    0 11.9 22 180   M    M   3        33 180
================================================================================
SM 1504  947       334   4  1.37     0.0 195.5          M       76
================================================================================
AV 62.7 39.5                               8.1 FASTST   M    M   3    MAX(MPH)
                                 MISC ---->  # 25 170               # 33  180
================================================================================
NOTES:
# LAST OF SEVERAL OCCURRENCES

COLUMN 17 PEAK WIND IN M.P.H.

PRELIMINARY LOCAL CLIMATOLOGICAL DATA (WS FORM: F-6) , PAGE 2

                                          STATION:  Harrison
                                          MONTH:    FEBRUARY
                                          YEAR:     2017
                                          LATITUDE:   36 15 N
                                          LONGITUDE:  93  9 W

[TEMPERATURE DATA]      [PRECIPITATION DATA]       SYMBOLS USED IN COLUMN 16

AVERAGE MONTHLY: 51.1   TOTAL FOR MONTH:   1.37    1 = FOG OR MIST
DPTR FM NORMAL:  11.1   DPTR FM NORMAL:   -0.86    2 = FOG REDUCING VISIBILITY
HIGHEST:    84 ON 11    GRTST 24HR  1.01 ON 14-14      TO 1/4 MILE OR LESS
LOWEST:     20 ON  9                               3 = THUNDER
                        SNOW, ICE PELLETS, HAIL    4 = ICE PELLETS
                        TOTAL MONTH:   0.0 INCH    5 = HAIL
                        GRTST 24HR     0.0         6 = FREEZING RAIN OR DRIZZLE
                        GRTST DEPTH:   0           7 = DUSTSTORM OR SANDSTORM:
                                                       VSBY 1/2 MILE OR LESS
                                                   8 = SMOKE OR HAZE
[NO. OF DAYS WITH]      [WEATHER - DAYS WITH]      9 = BLOWING SNOW
                                                   X = TORNADO
MAX 32 OR BELOW:   0    0.01 INCH OR MORE:   3
MAX 90 OR ABOVE:   0    0.10 INCH OR MORE:   3
MIN 32 OR BELOW:   5    0.50 INCH OR MORE:   1
MIN  0 OR BELOW:   0    1.00 INCH OR MORE:   1

[HDD (BASE 65) ]
TOTAL THIS MO.   334    CLEAR  (SCALE 0-3)  15
DPTR FM NORMAL  -266    PTCLDY (SCALE 4-7)   6
TOTAL FM JUL 1  2334    CLOUDY (SCALE 8-10)  3
DPTR FM NORMAL  -752

[CDD (BASE 65) ]
TOTAL THIS MO.     4
DPTR FM NORMAL     4    [PRESSURE DATA]
TOTAL FM JAN 1     4    HIGHEST SLP M ON M
DPTR FM NORMAL     4    LOWEST  SLP 29.44 ON 23

[REMARKS]
ALL SNOWFALL DATA IS FROM THE HARRISON COOPERATIVE OBSERVER SITE
