000
CXUS54 KHUN 291015
CF6HSV
PRELIMINARY LOCAL CLIMATOLOGICAL DATA (WS FORM: F-6)

                                          STATION:   HUNTSVILLE
                                          MONTH:     JANUARY
                                          YEAR:      2015
                                          LATITUDE:   34 39 N
                                          LONGITUDE:  86 46 W

  TEMPERATURE IN F:       :PCPN:    SNOW:  WIND      :SUNSHINE: SKY     :PK WND
================================================================================
1   2   3   4   5  6A  6B    7    8   9   10  11  12  13   14  15   16   17  18
                                     12Z  AVG MX 2MIN
DY MAX MIN AVG DEP HDD CDD  WTR  SNW DPTH SPD SPD DIR MIN PSBL S-S WX    SPD DR
================================================================================

 1  47  33  40  -2  25   0 0.06  0.0    0  1.0  7 120   M    M  10        14 120
 2  50  43  47   5  18   0 0.70  0.0    0  6.1 14 120   M    M  10 1      17 120
 3  64  51  58  17   7   0 1.61  0.0    0 11.1 26 150   M    M  10 13     31 150
 4  65  39  52  11  13   0 0.14  0.0    0 12.1 18 310   M    M   9 1      25 310
 5  40  28  34  -7  31   0 0.00  0.0    0  7.5 16 330   M    M   5        22 320
 6  49  27  38  -3  27   0 0.00  0.0    0  5.6 15 290   M    M   2        18 290
 7  34  12  23 -18  42   0    T    T    0 13.5 26 360   M    M   4        36 330
 8  32   7  20 -21  45   0 0.00  0.0    0  6.6 20  20   M    M   2        24  30
 9  40  22  31 -10  34   0 0.00  0.0    0  5.5 13 310   M    M   2        28 330
10  43  17  30 -11  35   0 0.00  0.0    0  3.9 14  20   M    M   1        18  20
11  48  33  41   0  24   0    T  0.0    0 10.0 18 130   M    M   9        22 130
12  51  42  47   6  18   0 0.90  0.0    0  7.1 18  10   M    M   9 12     23  10
13  42  34  38  -3  27   0    T  0.0    0 10.4 20  20   M    M  10 18     23  20
14  37  29  33  -8  32   0    T  0.0    0  4.8  9 360   M    M   8 1      12 360
15  36  28  32  -9  33   0 0.06    T    0  2.0  7 300   M    M   7 1468   10  50
16  52  27  40  -1  25   0 0.00  0.0    0  1.1  7  80   M    M   3 128    16  90
17  61  29  45   4  20   0 0.00  0.0    0  7.2 17 220   M    M   1 18     22 220
18  59  36  48   7  17   0 0.00  0.0    0  7.4 18 260   M    M   2        23 270
19  67  33  50   9  15   0 0.00  0.0    0  6.3 16 240   M    M   5        21 240
20  64  39  52  11  13   0 0.00  0.0    0  3.8 13 230   M    M   5        14 230
21  61  35  48   7  17   0 0.00  0.0    0  3.5 12 330   M    M   3        18 320
22  49  33  41  -1  24   0 0.02    T    0  7.6 17  20   M    M   8 4      22  10
23  43  38  41  -1  24   0 0.44  0.0    0  9.3 20  60   M    M  10 1      22 340
24  50  33  42   0  23   0 0.04    T    0  6.9 15 310   M    M   4 18     20 320
25  59  30  45   3  20   0    T  0.0    0  8.3 24 270   M    M   4        31 270
26  46  38  42   0  23   0    T  0.0    0  9.1 22 320   M    M   9 18     29 320
27  54  32  43   1  22   0 0.00  0.0    0  8.1 20 350   M    M   3 1      26 360
28  56  31  44   2  21   0 0.00  0.0    0  6.2 15  30   M    M   4        18  30
================================================================================
SM 1399  879       675   0  3.97    T    192.0          M      159
================================================================================
AV 50.0 31.4                               6.9 FASTST   M    M   6    MAX(MPH)
                                 MISC ---->  # 26 150               # 36  330
================================================================================
NOTES:
# LAST OF SEVERAL OCCURRENCES

COLUMN 17 PEAK WIND IN M.P.H.

PRELIMINARY LOCAL CLIMATOLOGICAL DATA (WS FORM: F-6) , PAGE 2

                                          STATION:  HUNTSVILLE
                                          MONTH:    JANUARY
                                          YEAR:     2015
                                          LATITUDE:   34 39 N
                                          LONGITUDE:  86 46 W

[TEMPERATURE DATA]      [PRECIPITATION DATA]       SYMBOLS USED IN COLUMN 16

AVERAGE MONTHLY: 40.7   TOTAL FOR MONTH:   3.97    1 = FOG OR MIST
DPTR FM NORMAL:  -0.6   DPTR FM NORMAL:   -0.45    2 = FOG REDUCING VISIBILITY
HIGHEST:    67 ON 19    GRTST 24HR  1.75 ON  3- 4      TO 1/4 MILE OR LESS
LOWEST:      7 ON  8                               3 = THUNDER
                        SNOW, ICE PELLETS, HAIL    4 = ICE PELLETS
                        TOTAL MONTH:    T          5 = HAIL
                        GRTST 24HR    T  ON 24-24  6 = FREEZING RAIN OR DRIZZLE
                        GRTST DEPTH:   0           7 = DUSTSTORM OR SANDSTORM:
                                                       VSBY 1/2 MILE OR LESS
                                                   8 = SMOKE OR HAZE
[NO. OF DAYS WITH]      [WEATHER - DAYS WITH]      9 = BLOWING SNOW
                                                   X = TORNADO
MAX 32 OR BELOW:   1    0.01 INCH OR MORE:   9
MAX 90 OR ABOVE:   0    0.10 INCH OR MORE:   5
MIN 32 OR BELOW:  13    0.50 INCH OR MORE:   3
MIN  0 OR BELOW:   0    1.00 INCH OR MORE:   1

[HDD (BASE 65) ]
TOTAL THIS MO.   675    CLEAR  (SCALE 0-3)   7
DPTR FM NORMAL    10    PTCLDY (SCALE 4-7)  12
TOTAL FM JUL 1  1834    CLOUDY (SCALE 8-10)  9
DPTR FM NORMAL   -12

[CDD (BASE 65) ]
TOTAL THIS MO.     0
DPTR FM NORMAL     0    [PRESSURE DATA]
TOTAL FM JAN 1     0    HIGHEST SLP M ON M
DPTR FM NORMAL     0    LOWEST  SLP 29.68 ON 25

[REMARKS]
