000
CXUS53 KAPX 300631
CF6HTL
PRELIMINARY LOCAL CLIMATOLOGICAL DATA (WS FORM: F-6)

                                          STATION:   HOUGHTON LAKE MI
                                          MONTH:     OCTOBER
                                          YEAR:      2014
                                          LATITUDE:   44 22 N
                                          LONGITUDE:  84 41 W

  TEMPERATURE IN F:       :PCPN:    SNOW:  WIND      :SUNSHINE: SKY     :PK WND
================================================================================
1   2   3   4   5  6A  6B    7    8   9   10  11  12  13   14  15   16   17  18
                                     12Z  AVG MX 2MIN
DY MAX MIN AVG DEP HDD CDD  WTR  SNW DPTH SPD SPD DIR MIN PSBL S-S WX    SPD DR
================================================================================

 1  65  47  56   5   9   0 0.00  0.0    0  5.8 14 160   M    M   8 12     19 170
 2  63  48  56   5   9   0 0.05  0.0    0  6.9 13 160   M    M   9 12     19 160
 3  64  46  55   5  10   0 1.47  0.0    0 13.5 23 290   M    M  10 1      33 280
 4  47  40  44  -6  21   0    T  0.0    0 13.4 21 280   M    M  10        28 270
 5  50  41  46  -4  19   0    T  0.0    0 11.2 20 230   M    M   9        27 240
 6  55  41  48  -1  17   0 0.11  0.0    0  8.4 14 190   M    M   9 1      20 190
 7  60  40  50   1  15   0    T  0.0    0  9.9 20 200   M    M   4        29 180
 8  49  41  45  -4  20   0    T  0.0    0 12.3 25 280   M    M   7        36 280
 9  55  37  46  -2  19   0 0.00  0.0    0  8.8 18 290   M    M   5        26 300
10  53  32  43  -5  22   0 0.01  0.0    0  4.8 18 310   M    M   6 8      24 320
11  56  29  43  -5  22   0 0.00  0.0    0  2.6 10 280   M    M   5 1      14 280
12  58  25  42  -5  23   0 0.00  0.0    0  6.4 16 170   M    M   0        21 160
13  64  46  55   8  10   0 0.13  0.0    0  6.5 16 150   M    M   9 1      22 140
14  65  58  62  16   3   0 0.58  0.0    0  8.0 17 130   M    M   8 1      22 160
15  61  50  56  10   9   0 0.07  0.0    0  3.8 13 140   M    M   9 12     18 130
16  60  51  56  10   9   0 0.03  0.0    0  3.9 12 250   M    M  10 1      17 250
17  61  41  51   6  14   0 0.06  0.0    0 10.2 22 320   M    M  10 1      31 320
18  47  36  42  -3  23   0 0.01  0.0    0 11.6 22 340   M    M   8 1      31 330
19  50  28  39  -6  26   0 0.01  0.0    0  6.0 13 230   M    M   8         M  M
20  55  44  50   6  15   0 0.00  0.0    0  8.5 17 310   M    M  10 1      22 310
21  52  27  40  -4  25   0    T  0.0    0  8.1 17  20   M    M   5 1      25  20
22  49  26  38  -6  27   0 0.00  0.0    0  2.5  9  70   M    M   5        13  60
23  52  24  38  -5  27   0 0.00  0.0    0  2.1 12 250   M    M   5 12     15 280
24  52  34  43   0  22   0 0.00  0.0    0  3.2 10 220   M    M   9 1      13 210
25  62  44  53  10  12   0 0.00  0.0    0 11.5 23 290   M    M   3 1      32 300
26  56  29  43   1  22   0 0.00  0.0    0  7.8 17 310   M    M   0        27 300
27  54  26  40  -2  25   0 0.60  0.0    0  6.9 18 100   M    M   4 13     23 100
28  62  44  53  11  12   0 0.00  0.0    0 12.5 23 270   M    M   6 18     32 260
29  48  36  42   1  23   0    T  0.0    0 10.3 20 250   M    M   8 1      26 260
================================================================================
SM 1625 1111       510   0  3.13     0.0 227.4          M      199
================================================================================
AV 56.0 38.3                               7.8 FASTST   M    M   7    MAX(MPH)
                                 MISC ---->  # 25 280               # 36  280
================================================================================
NOTES:
# LAST OF SEVERAL OCCURRENCES

COLUMN 17 PEAK WIND IN M.P.H.

PRELIMINARY LOCAL CLIMATOLOGICAL DATA (WS FORM: F-6) , PAGE 2

                                          STATION:  HOUGHTON LAKE MI
                                          MONTH:    OCTOBER
                                          YEAR:     2014
                                          LATITUDE:   44 22 N
                                          LONGITUDE:  84 41 W

[TEMPERATURE DATA]      [PRECIPITATION DATA]       SYMBOLS USED IN COLUMN 16

AVERAGE MONTHLY: 47.2   TOTAL FOR MONTH:   3.13    1 = FOG OR MIST
DPTR FM NORMAL:   1.0   DPTR FM NORMAL:    0.73    2 = FOG REDUCING VISIBILITY
HIGHEST:    65 ON 14, 1 GRTST 24HR  1.50 ON  2- 3      TO 1/4 MILE OR LESS
LOWEST:     24 ON 23                               3 = THUNDER
                        SNOW, ICE PELLETS, HAIL    4 = ICE PELLETS
                        TOTAL MONTH:   0.0 INCH    5 = HAIL
                        GRTST 24HR     0.0         6 = FREEZING RAIN OR DRIZZLE
                        GRTST DEPTH:   0           7 = DUSTSTORM OR SANDSTORM:
                                                       VSBY 1/2 MILE OR LESS
                                                   8 = SMOKE OR HAZE
[NO. OF DAYS WITH]      [WEATHER - DAYS WITH]      9 = BLOWING SNOW
                                                   X = TORNADO
MAX 32 OR BELOW:   0    0.01 INCH OR MORE:  12
MAX 90 OR ABOVE:   0    0.10 INCH OR MORE:   5
MIN 32 OR BELOW:   9    0.50 INCH OR MORE:   3
MIN  0 OR BELOW:   0    1.00 INCH OR MORE:   1

[HDD (BASE 65) ]
TOTAL THIS MO.   510    CLEAR  (SCALE 0-3)   3
DPTR FM NORMAL   -39    PTCLDY (SCALE 4-7)  15
TOTAL FM JUL 1   917    CLOUDY (SCALE 8-10) 11
DPTR FM NORMAL   -13

[CDD (BASE 65) ]
TOTAL THIS MO.     0
DPTR FM NORMAL     0    [PRESSURE DATA]
TOTAL FM JAN 1   210    HIGHEST SLP M ON M
DPTR FM NORMAL   -75    LOWEST  SLP 29.24 ON  3

[REMARKS]
