000
CXUS51 KCAR 230600
CF6HUL
PRELIMINARY LOCAL CLIMATOLOGICAL DATA (WS FORM: F-6)

                                          STATION:   HOULTON ME
                                          MONTH:     JANUARY
                                          YEAR:      2018
                                          LATITUDE:   46  7 N
                                          LONGITUDE:  67 48 W

  TEMPERATURE IN F:       :PCPN:    SNOW:  WIND      :SUNSHINE: SKY     :PK WND
================================================================================
1   2   3   4   5  6A  6B    7    8   9   10  11  12  13   14  15   16   17  18
                                     12Z  AVG MX 2MIN
DY MAX MIN AVG DEP HDD CDD  WTR  SNW DPTH SPD SPD DIR MIN PSBL S-S WX    SPD DR
================================================================================

 1   0  -6  -3 -17  68   0    T    M    M  9.2 16 320   M    M  10 8      20 340
 2   7 -11  -2 -16  67   0    T    M    M  6.9 15 290   M    M   5 8      19 310
 3  15 -20  -2 -15  67   0 0.00    M    M  1.2 10 140   M    M   2        14 150
 4  31  -7  12  -1  53   0    M    M    M 11.1 35  30   M    M   8 12     45  60
 5  27  -3  12  -1  53   0    T    M    M 17.4 26 340   M    M   7 18     39 300
 6   0  -7  -3 -15  68   0    T    M    M 14.6 24 270   M    M   8 8      36 250
 7   5 -11  -3 -15  68   0    T    M    M  9.7 20 310   M    M   3        30 320
 8  20   5  13   1  52   0 0.20    M    M  5.2 13 220   M    M  10 18     17 200
 9  34  15  25  13  40   0 0.01    M    M  9.2 25 270   M    M   7 128    37 260
10  29  10  20   8  45   0 0.00    M    M  6.9 14 270   M    M   2        20 300
11  42  27  35  23  30   0 0.01    M    M  9.5 18 210   M    M  10 1      26 190
12  54  42  48  36  17   0 1.02    M    M 11.8 20 190   M    M  10 1      31 180
13  53   9  31  20  34   0 0.80    M    M 13.4 25 360   M    M   9 168    34  10
14   9  -5   2  -9  63   0 0.00    M    M  8.1 17  10   M    M   2        22 340
15  11 -11   0 -11  65   0    T    M    M  5.5 12  20   M    M   4 18     14  20
16  15  -2   7  -4  58   0    T    M    M  3.5 10  10   M    M   8 1      12 360
17  24  11  18   7  47   0    T    M    M  2.3  7 160   M    M  10 1      12 170
18  27   6  17   6  48   0    T    M    M  4.3 14 320   M    M   6 1      18 270
19  26   2  14   3  51   0    T    M    M  3.2 10 210   M    M   8 1      16 190
20  39  26  33  22  32   0    T    M    M 11.0 25 290   M    M   9 1      37 320
21  30  13  22  11  43   0 0.00    M    M  8.4 14 310   M    M   1        20 270
22  21   8  15   4  50   0    T    M    M  4.3 13  10   M    M   5        17 360
================================================================================
SM  519   91      1119   0  2.04    M    176.7          M      144
================================================================================
AV 23.6  4.1                               8.0 FASTST   M    M   7    MAX(MPH)
                                 MISC ---->  # 35  30               # 45   60
================================================================================
NOTES:
# LAST OF SEVERAL OCCURRENCES

COLUMN 17 PEAK WIND IN M.P.H.

PRELIMINARY LOCAL CLIMATOLOGICAL DATA (WS FORM: F-6) , PAGE 2

                                          STATION:  HOULTON ME
                                          MONTH:    JANUARY
                                          YEAR:     2018
                                          LATITUDE:   46  7 N
                                          LONGITUDE:  67 48 W

[TEMPERATURE DATA]      [PRECIPITATION DATA]       SYMBOLS USED IN COLUMN 16

AVERAGE MONTHLY: 13.9   TOTAL FOR MONTH:   2.04    1 = FOG OR MIST
DPTR FM NORMAL:   2.0   DPTR FM NORMAL:   -0.01    2 = FOG REDUCING VISIBILITY
HIGHEST:    54 ON 12    GRTST 24HR  1.02 ON 12-12      TO 1/4 MILE OR LESS
LOWEST:    -20 ON  3                               3 = THUNDER
                        SNOW, ICE PELLETS, HAIL    4 = ICE PELLETS
                        TOTAL MONTH:    M          5 = HAIL
                        GRTST 24HR    M  ON   M    6 = FREEZING RAIN OR DRIZZLE
                        GRTST DEPTH:  M  ON   M    7 = DUSTSTORM OR SANDSTORM:
                                                       VSBY 1/2 MILE OR LESS
                                                   8 = SMOKE OR HAZE
[NO. OF DAYS WITH]      [WEATHER - DAYS WITH]      9 = BLOWING SNOW
                                                   X = TORNADO
MAX 32 OR BELOW:  17    0.01 INCH OR MORE:   5
MAX 90 OR ABOVE:   0    0.10 INCH OR MORE:   3
MIN 32 OR BELOW:  21    0.50 INCH OR MORE:   2
MIN  0 OR BELOW:  10    1.00 INCH OR MORE:   1

[HDD (BASE 65) ]
TOTAL THIS MO.  1119    CLEAR  (SCALE 0-3)   4
DPTR FM NORMAL   -51    PTCLDY (SCALE 4-7)  11
TOTAL FM JUL 1  4383    CLOUDY (SCALE 8-10)  7
DPTR FM NORMAL  -307

[CDD (BASE 65) ]
TOTAL THIS MO.     0
DPTR FM NORMAL     0    [PRESSURE DATA]
TOTAL FM JAN 1     0    HIGHEST SLP M ON M
DPTR FM NORMAL     0    LOWEST  SLP 28.59 ON  5

[REMARKS]
