626
CXUS56 KTFX 191205
CF6HVR
PRELIMINARY LOCAL CLIMATOLOGICAL DATA (WS FORM: F-6)

                                          STATION:   HAVRE MT
                                          MONTH:     NOVEMBER
                                          YEAR:      2017
                                          LATITUDE:   48 32 N
                                          LONGITUDE: 109 46 W

  TEMPERATURE IN F:       :PCPN:    SNOW:  WIND      :SUNSHINE: SKY     :PK WND
================================================================================
1   2   3   4   5  6A  6B    7    8   9   10  11  12  13   14  15   16   17  18
                                     12Z  AVG MX 2MIN
DY MAX MIN AVG DEP HDD CDD  WTR  SNW DPTH SPD SPD DIR MIN PSBL S-S WX    SPD DR
================================================================================

 1  38  28  33  -4  32   0 0.05    T    0 12.0 23 330   M    M   9        31 330
 2  31  26  29  -8  36   0 0.08  1.5    0  8.9 16  80   M    M  10 1      20  90
 3  27  13  20 -16  45   0 0.12  2.0    2  9.6 16 200   M    M  10 12     19 210
 4  13  -1   6 -30  59   0    T    T    4  8.9 21 230   M    M   7 1      24 230
 5  16   5  11 -24  54   0 0.10  1.0    5  5.4  9 220   M    M  10 1      10 220
 6  14  -8   3 -32  62   0 0.01    T    5  5.3 13 260   M    M   5 1      15 240
 7  18 -11   4 -30  61   0 0.00  0.0    5  5.6 16 230   M    M   1 12     19 240
 8  22   2  12 -22  53   0    T    T    5  4.4 13  70   M    M   6 1      14  70
 9  24   1  13 -20  52   0 0.01    T    5  9.1 28  80   M    M   7 16     32  90
10  36  11  24  -9  41   0    T  0.0    5  7.2 25 220   M    M   5 126    29 220
11  36  10  23  -9  42   0 0.00  0.0    2  4.2 12 250   M    M   4 12     13 250
12  36  18  27  -5  38   0 0.00  0.0    2  5.1  9  80   M    M   3 12     11  70
13  51  14  33   2  32   0 0.00  0.0    2  5.8 22 250   M    M   4 12     25 250
14  39  16  28  -3  37   0 0.00  0.0    1  9.5 22 210   M    M   4 1      26 240
15  36  17  27  -3  38   0 0.00  0.0    1  9.6 17  80   M    M   0 1      21  80
16  41  15  28  -2  37   0    T  0.0    T  6.0 20 310   M    M   3 6      24 250
17  39  12  26  -3  39   0 0.00  0.0    T  8.8 23 230   M    M   2 1      27 230
18  42  11  27  -2  38   0 0.00  0.0    M 11.3 25 270   M    M   1 1      32 260
================================================================================
SM  559  179       796   0  0.37     4.5 136.7          M       91
================================================================================
AV 31.1  9.9                               7.6 FASTST   M    M   5    MAX(MPH)
                                 MISC ---->  # 28  80               # 32   90
================================================================================
NOTES:
# LAST OF SEVERAL OCCURRENCES

COLUMN 17 PEAK WIND IN M.P.H.

PRELIMINARY LOCAL CLIMATOLOGICAL DATA (WS FORM: F-6) , PAGE 2

                                          STATION:  HAVRE MT
                                          MONTH:    NOVEMBER
                                          YEAR:     2017
                                          LATITUDE:   48 32 N
                                          LONGITUDE: 109 46 W

[TEMPERATURE DATA]      [PRECIPITATION DATA]       SYMBOLS USED IN COLUMN 16

AVERAGE MONTHLY: 20.5   TOTAL FOR MONTH:   0.37    1 = FOG OR MIST
DPTR FM NORMAL: -12.5   DPTR FM NORMAL:    0.10    2 = FOG REDUCING VISIBILITY
HIGHEST:    51 ON 13    GRTST 24HR  0.12 ON  3- 3      TO 1/4 MILE OR LESS
LOWEST:    -11 ON  7                               3 = THUNDER
                        SNOW, ICE PELLETS, HAIL    4 = ICE PELLETS
                        TOTAL MONTH:   4.5 INCHES  5 = HAIL
                        GRTST 24HR   2.0 ON  3- 3  6 = FREEZING RAIN OR DRIZZLE
                        GRTST DEPTH:   5 ON 10, 9  7 = DUSTSTORM OR SANDSTORM:
                                                       VSBY 1/2 MILE OR LESS
                                                   8 = SMOKE OR HAZE
[NO. OF DAYS WITH]      [WEATHER - DAYS WITH]      9 = BLOWING SNOW
                                                   X = TORNADO
MAX 32 OR BELOW:   8    0.01 INCH OR MORE:   6
MAX 90 OR ABOVE:   0    0.10 INCH OR MORE:   2
MIN 32 OR BELOW:  18    0.50 INCH OR MORE:   0
MIN  0 OR BELOW:   3    1.00 INCH OR MORE:   0

[HDD (BASE 65) ]
TOTAL THIS MO.   796    CLEAR  (SCALE 0-3)   5
DPTR FM NORMAL   220    PTCLDY (SCALE 4-7)   9
TOTAL FM JUL 1  1757    CLOUDY (SCALE 8-10)  4
DPTR FM NORMAL   182

[CDD (BASE 65) ]
TOTAL THIS MO.     0
DPTR FM NORMAL     0    [PRESSURE DATA]
TOTAL FM JAN 1   526    HIGHEST SLP M ON M
DPTR FM NORMAL   139    LOWEST  SLP 29.50 ON  1

[REMARKS]
