000
CXUS52 KMFL 301000
CF6HWO
PRELIMINARY LOCAL CLIMATOLOGICAL DATA (WS FORM: F-6)

                                          STATION:   NORTH PERRY ARPT
                                          MONTH:     OCTOBER
                                          YEAR:      2014
                                          LATITUDE:   26  0 N
                                          LONGITUDE:  80 14 W

  TEMPERATURE IN F:       :PCPN:    SNOW:  WIND      :SUNSHINE: SKY     :PK WND
================================================================================
1   2   3   4   5  6A  6B    7    8   9   10  11  12  13   14  15   16   17  18
                                     12Z  AVG MX 2MIN
DY MAX MIN AVG DEP HDD CDD  WTR  SNW DPTH SPD SPD DIR MIN PSBL S-S WX    SPD DR
================================================================================

 1  93  78  86   5   0  21 0.04  0.0    0  7.0 16 310   M    M   2 3      24 220
 2  92  78  85   4   0  20 0.00  0.0    0  4.4 15  40   M    M   3 3      19  40
 3  93  77  85   4   0  20 0.03  0.0    0  3.4 16 150   M    M   2 3      21 150
 4  92  76  84   3   0  19 0.06  0.0    0  8.1 22 270   M    M   3 3      27 270
 5  87  68  78  -3   0  13 0.00  0.0    0  8.0 14 310   M    M   0        18 320
 6  86  70  78  -3   0  13 0.00  0.0    0  8.4 20  80   M    M   3        24 100
 7  84  74  79  -2   0  14 0.02  0.0    0  4.5 15 110   M    M   2 3      18 100
 8  88  72  80   0   0  15    T  0.0    0  6.7 16  50   M    M   2        19  40
 9  89  75  82   2   0  17 0.00  0.0    0 10.0 20  60   M    M   2        26  70
10  89  76  83   3   0  18 0.00  0.0    0 11.8 22 100   M    M   2        26  70
11  90  76  83   3   0  18    T  0.0    0  8.6 16 100   M    M   2        20  60
12  89  74  82   2   0  17 0.00  0.0    0  9.4 20  90   M    M   3        23  90
13  89  79  84   4   0  19    T  0.0    0 12.8 22 100   M    M   4        27 100
14  90  75  83   3   0  18 0.11  0.0    0 10.3 20 150   M    M   2        25 130
15  89  75  82   2   0  17 0.14  0.0    0  3.7 18 130   M    M   4 3      24 180
16  85  70  78  -1   0  13 0.00  0.0    0  9.3 18 330   M    M   0        26 330
17  84  65  75  -4   0  10 0.00  0.0    0  4.8 13 350   M    M   0        16 340
18  87  66  77  -2   0  12 0.00  0.0    0  3.1 13 100   M    M   0        14 100
19  87  69  78  -1   0  13 0.00  0.0    0  4.8 15  70   M    M   1        17  90
20  88  68  78  -1   0  13 0.01  0.0    0  4.6 16 110   M    M   5        21  90
21  81  74  78   0   0  13    T  0.0    0  4.4 16 220   M    M   3        20 220
22  84  73  79   1   0  14 0.05  0.0    0  2.3  9  80   M    M   4        11  10
23  81  74  78   0   0  13 0.27  0.0    0  9.7 22  40   M    M   7 1      26  40
24  79  72  76  -2   0  11 0.11  0.0    0 13.1 23  50   M    M   9        30  60
25  86  66  76  -2   0  11 0.00  0.0    0  9.7 17  40   M    M   1        22  30
26  84  65  75  -3   0  10 0.00  0.0    0  7.4 16  50   M    M   2        19  60
27  85  64  75  -2   0  10 0.00  0.0    0  6.3 15  70   M    M   2        22  60
28  86  67  77   0   0  12 0.00  0.0    0  6.6 17  90   M    M   2        22 120
29  87  70  79   2   0  14 0.00  0.0    0  4.5 13 100   M    M   1        17 120
================================================================================
SM 2524 2086         0 428  0.84     0.0 207.7          M       73
================================================================================
AV 87.0 71.9                               7.2 FASTST   M    M   3    MAX(MPH)
                                 MISC ---->  # 23  50               # 30   60
================================================================================
NOTES:
# LAST OF SEVERAL OCCURRENCES

COLUMN 17 PEAK WIND IN M.P.H.

PRELIMINARY LOCAL CLIMATOLOGICAL DATA (WS FORM: F-6) , PAGE 2

                                          STATION:  NORTH PERRY ARPT
                                          MONTH:    OCTOBER
                                          YEAR:     2014
                                          LATITUDE:   26  0 N
                                          LONGITUDE:  80 14 W

[TEMPERATURE DATA]      [PRECIPITATION DATA]       SYMBOLS USED IN COLUMN 16

AVERAGE MONTHLY: 79.5   TOTAL FOR MONTH:   0.84    1 = FOG OR MIST
DPTR FM NORMAL:   0.1   DPTR FM NORMAL:   -5.03    2 = FOG REDUCING VISIBILITY
HIGHEST:    93 ON  3, 1 GRTST 24HR  0.36 ON 23-24      TO 1/4 MILE OR LESS
LOWEST:     64 ON 27                               3 = THUNDER
                        SNOW, ICE PELLETS, HAIL    4 = ICE PELLETS
                        TOTAL MONTH:   0.0 INCH    5 = HAIL
                        GRTST 24HR     0.0         6 = FREEZING RAIN OR DRIZZLE
                        GRTST DEPTH:   0           7 = DUSTSTORM OR SANDSTORM:
                                                       VSBY 1/2 MILE OR LESS
                                                   8 = SMOKE OR HAZE
[NO. OF DAYS WITH]      [WEATHER - DAYS WITH]      9 = BLOWING SNOW
                                                   X = TORNADO
MAX 32 OR BELOW:   0    0.01 INCH OR MORE:  10
MAX 90 OR ABOVE:   6    0.10 INCH OR MORE:   4
MIN 32 OR BELOW:   0    0.50 INCH OR MORE:   0
MIN  0 OR BELOW:   0    1.00 INCH OR MORE:   0

[HDD (BASE 65) ]
TOTAL THIS MO.     0    CLEAR  (SCALE 0-3)  22
DPTR FM NORMAL     0    PTCLDY (SCALE 4-7)   6
TOTAL FM JUL 1     0    CLOUDY (SCALE 8-10)  1
DPTR FM NORMAL     0

[CDD (BASE 65) ]
TOTAL THIS MO.   428
DPTR FM NORMAL    12    [PRESSURE DATA]
TOTAL FM JAN 1  4041    HIGHEST SLP M ON M
DPTR FM NORMAL   175    LOWEST  SLP 29.80 ON 24

[REMARKS]
