000
CXUS55 KVEF 010940
CF6IGM
PRELIMINARY LOCAL CLIMATOLOGICAL DATA (WS FORM: F-6)

                                          STATION:   KINGMAN AZ
                                          MONTH:     AUGUST
                                          YEAR:      2014
                                          LATITUDE:   35 16 N
                                          LONGITUDE: 113 57 W

  TEMPERATURE IN F:       :PCPN:    SNOW:  WIND      :SUNSHINE: SKY     :PK WND
================================================================================
1   2   3   4   5  6A  6B    7    8   9   10  11  12  13   14  15   16   17  18
                                     12Z  AVG MX 2MIN
DY MAX MIN AVG DEP HDD CDD  WTR  SNW DPTH SPD SPD DIR MIN PSBL S-S WX    SPD DR
================================================================================

 1  97  77  87   3   0  22 0.00  0.0    0 14.6 39 140   M    M   0 38     46 140
 2  90  67  79  -5   0  14 0.25  0.0    0 12.7 30 110   M    M   3 38     45 120
 3  81  63  72 -12   0   7 0.54  0.0    0  7.8 32 120   M    M   7 13     39 120
 4  85  63  74 -10   0   9 0.00  0.0    0  8.9 24 230   M    M   3        30 240
 5  92  62  77  -7   0  12 0.00  0.0    0  7.0 21 230   M    M   0        24 220
 6  94  60  77  -7   0  12 0.00  0.0    0  8.6 23 230   M    M   0        30 210
 7  94  62  78  -6   0  13 0.00  0.0    0  9.4 20 230   M    M   0        26 240
 8  95  63  79  -4   0  14 0.00  0.0    0  9.0 23 230   M    M   0        32 220
 9  96  69  83   0   0  18 0.00  0.0    0  8.0 33 130   M    M   0 3      40 140
10  97  72  85   2   0  20    T  0.0    0  8.2 35 120   M    M   1 3      49 340
11  95  68  82  -1   0  17 0.02  0.0    0 10.7 31 110   M    M   1 3      37 110
12  88  70  79  -4   0  14 0.02  0.0    0 12.4 26 120   M    M   3 3      31 120
13  88  68  78  -5   0  13 0.00  0.0    0  9.2 18 230   M    M   2        26 280
14  93  69  81  -2   0  16 0.00  0.0    0  9.8 22 130   M    M   2 3      28 220
15  94  69  82  -1   0  17 0.00  0.0    0  9.6 22 210   M    M   0        27 210
16  98  67  83   0   0  18 0.00  0.0    0  7.0 20 240   M    M   0        25 190
17 101  67  84   1   0  19 0.00  0.0    0  7.3 17 220   M    M   0        23 220
18  87  71  79  -3   0  14 0.04  0.0    0  9.2 26 190   M    M   2 3      33 190
19  85  66  76  -6   0  11 0.41  0.0    0 10.5 35 300   M    M   6 13     42 290
20  88  59  74  -8   0   9 0.00  0.0    0  7.7 26  90   M    M   1 3      31  90
21  84  63  74  -8   0   9 0.65  0.0    0  8.1 29  40   M    M   4 3      38 200
22  84  58  71 -11   0   6 0.00  0.0    0  7.7 18 210   M    M   1        22 210
23  87  62  75  -7   0  10 0.00  0.0    0  9.7 21 230   M    M   0 8      29 240
24  91  64  78  -4   0  13 0.00  0.0    0 10.8 21 220   M    M   0        26 250
25  87  72  80  -2   0  15 0.00  0.0    0 13.3 29 210   M    M   0        37 220
26  84  68  76  -5   0  11 0.12  0.0    0  7.4 20 220   M    M   2 3      24 220
27  91  66  79  -2   0  14 0.00  0.0    0  9.0 18 220   M    M   1        22 220
28  95  59  77  -4   0  12 0.00  0.0    0  3.3 13  10   M    M   0        16  10
29  99  61  80  -1   0  15 0.00  0.0    0  7.3 17 120   M    M   0        22 120
30  99  66  83   2   0  18 0.00  0.0    0 10.7 25 210   M    M   0        32 220
31  97  73  85   5   0  20 0.00  0.0    0 13.9 24 230   M    M   0        36 210
================================================================================
SM 2836 2044         0 432  2.05     0.0 288.8          M       39
================================================================================
AV 91.5 65.9                               9.3 FASTST   M    M   1    MAX(MPH)
                                 MISC ---->  # 39 140               # 49  340
================================================================================
NOTES:
# LAST OF SEVERAL OCCURRENCES

COLUMN 17 PEAK WIND IN M.P.H.

PRELIMINARY LOCAL CLIMATOLOGICAL DATA (WS FORM: F-6) , PAGE 2

                                          STATION:  KINGMAN AZ
                                          MONTH:    AUGUST
                                          YEAR:     2014
                                          LATITUDE:   35 16 N
                                          LONGITUDE: 113 57 W

[TEMPERATURE DATA]      [PRECIPITATION DATA]       SYMBOLS USED IN COLUMN 16

AVERAGE MONTHLY: 78.7   TOTAL FOR MONTH:   2.05    1 = FOG OR MIST
DPTR FM NORMAL:  -3.8   DPTR FM NORMAL:    1.08    2 = FOG REDUCING VISIBILITY
HIGHEST:   101 ON 17    GRTST 24HR  0.65 ON 21-21      TO 1/4 MILE OR LESS
LOWEST:     58 ON 22                               3 = THUNDER
                        SNOW, ICE PELLETS, HAIL    4 = ICE PELLETS
                        TOTAL MONTH:   0.0 INCH    5 = HAIL
                        GRTST 24HR     0.0         6 = FREEZING RAIN OR DRIZZLE
                        GRTST DEPTH:   0           7 = DUSTSTORM OR SANDSTORM:
                                                       VSBY 1/2 MILE OR LESS
                                                   8 = SMOKE OR HAZE
[NO. OF DAYS WITH]      [WEATHER - DAYS WITH]      9 = BLOWING SNOW
                                                   X = TORNADO
MAX 32 OR BELOW:   0    0.01 INCH OR MORE:   8
MAX 90 OR ABOVE:  19    0.10 INCH OR MORE:   5
MIN 32 OR BELOW:   0    0.50 INCH OR MORE:   2
MIN  0 OR BELOW:   0    1.00 INCH OR MORE:   0

[HDD (BASE 65) ]
TOTAL THIS MO.     0    CLEAR  (SCALE 0-3)  28
DPTR FM NORMAL     0    PTCLDY (SCALE 4-7)   3
TOTAL FM JUL 1     0    CLOUDY (SCALE 8-10)  0
DPTR FM NORMAL     0

[CDD (BASE 65) ]
TOTAL THIS MO.   432
DPTR FM NORMAL  -110    [PRESSURE DATA]
TOTAL FM JAN 1  1682    HIGHEST SLP M ON M
DPTR FM NORMAL   -19    LOWEST  SLP 29.63 ON 31

[REMARKS]
#FINAL-08-14#
