000
CXUS51 KPHI 230800
CF6ILG
PRELIMINARY LOCAL CLIMATOLOGICAL DATA (WS FORM: F-6)

                                          STATION:   WILMINGTON DE
                                          MONTH:     JANUARY
                                          YEAR:      2018
                                          LATITUDE:   39 40 N
                                          LONGITUDE:  75 36 W

  TEMPERATURE IN F:       :PCPN:    SNOW:  WIND      :SUNSHINE: SKY     :PK WND
================================================================================
1   2   3   4   5  6A  6B    7    8   9   10  11  12  13   14  15   16   17  18
                                     12Z  AVG MX 2MIN
DY MAX MIN AVG DEP HDD CDD  WTR  SNW DPTH SPD SPD DIR MIN PSBL S-S WX    SPD DR
================================================================================

 1  21   5  13 -20  52   0 0.00  0.0    0  9.3 21 300   M    M   1        27 290
 2  25  11  18 -15  47   0 0.00  0.0    0  9.2 18 290   M    M   0        23 280
 3  31   8  20 -13  45   0    T    T    0  3.2 12 360   M    M   2        13 360
 4  28  15  22 -11  43   0 0.20  2.6    1 23.2 39 310   M    M   8 19     51 320
 5  17  10  14 -19  51   0 0.00  0.0    2 21.3 33 290   M    M   0        46 290
 6  16   7  12 -20  53   0 0.00  0.0    2 16.1 30 300   M    M   1        41 290
 7  19   2  11 -21  54   0 0.00  0.0    2  6.6 15 320   M    M   0        20 320
 8  33  13  23  -9  42   0 0.07  0.0    1  7.4 17 210   M    M   6 16     22 220
 9  46  21  34   2  31   0 0.00  0.0    1  5.9 21 320   M    M   2 12     27 300
10  42  23  33   1  32   0 0.00  0.0    0  4.0 10  60   M    M   5        12 160
11  56  38  47  15  18   0 0.00  0.0    0  4.1 15 160   M    M   8 12     19 160
12  62  47  55  23  10   0 1.25  0.0    0  9.9 17 170   M    M  10 12     26 170
13  57  19  38   6  27   0 0.06  0.0    0 18.3 32 310   M    M   6 12     41 310
14  26  13  20 -12  45   0 0.00  0.0    0 10.6 21 330   M    M   0        29 330
15  32  16  24  -8  41   0 0.00  0.0    0  8.3 14  40   M    M   8        18  20
16  42  29  36   4  29   0    T    T    0  4.7 14 170   M    M   6 1      17 170
17  36  18  27  -5  38   0 0.12  0.8    T 12.6 22 310   M    M   5 1      27 330
18  36  14  25  -7  40   0 0.00  0.0    1  9.1 21 300   M    M   0        28 300
19  47  20  34   2  31   0 0.00  0.0    0  5.2 18 290   M    M   0        22 290
20  57  25  41   9  24   0 0.00  0.0    0  6.3 18 250   M    M   0        23 250
21  53  26  40   8  25   0 0.00  0.0    0  2.6 10 160   M    M   6        14 170
22  60  39  50  18  15   0    T  0.0    0  3.6 12 150   M    M   6        14 160
================================================================================
SM  842  419       793   0  1.70     3.4 201.5          M       80
================================================================================
AV 38.3 19.1                               9.2 FASTST   M    M   4    MAX(MPH)
                                 MISC ---->  # 39 310               # 51  320
================================================================================
NOTES:
# LAST OF SEVERAL OCCURRENCES

COLUMN 17 PEAK WIND IN M.P.H.

PRELIMINARY LOCAL CLIMATOLOGICAL DATA (WS FORM: F-6) , PAGE 2

                                          STATION:  WILMINGTON DE
                                          MONTH:    JANUARY
                                          YEAR:     2018
                                          LATITUDE:   39 40 N
                                          LONGITUDE:  75 36 W

[TEMPERATURE DATA]      [PRECIPITATION DATA]       SYMBOLS USED IN COLUMN 16

AVERAGE MONTHLY: 28.7   TOTAL FOR MONTH:   1.70    1 = FOG OR MIST
DPTR FM NORMAL:  -3.6   DPTR FM NORMAL:   -0.43    2 = FOG REDUCING VISIBILITY
HIGHEST:    62 ON 12    GRTST 24HR  1.25 ON 12-12      TO 1/4 MILE OR LESS
LOWEST:      2 ON  7                               3 = THUNDER
                        SNOW, ICE PELLETS, HAIL    4 = ICE PELLETS
                        TOTAL MONTH:   3.4 INCHES  5 = HAIL
                        GRTST 24HR   2.6 ON  4- 4  6 = FREEZING RAIN OR DRIZZLE
                        GRTST DEPTH:   2 ON  7, 6  7 = DUSTSTORM OR SANDSTORM:
                                                       VSBY 1/2 MILE OR LESS
                                                   8 = SMOKE OR HAZE
[NO. OF DAYS WITH]      [WEATHER - DAYS WITH]      9 = BLOWING SNOW
                                                   X = TORNADO
MAX 32 OR BELOW:   9    0.01 INCH OR MORE:   5
MAX 90 OR ABOVE:   0    0.10 INCH OR MORE:   3
MIN 32 OR BELOW:  19    0.50 INCH OR MORE:   1
MIN  0 OR BELOW:   0    1.00 INCH OR MORE:   1

[HDD (BASE 65) ]
TOTAL THIS MO.   793    CLEAR  (SCALE 0-3)  11
DPTR FM NORMAL    73    PTCLDY (SCALE 4-7)   9
TOTAL FM JUL 1  2445    CLOUDY (SCALE 8-10)  2
DPTR FM NORMAL   -52

[CDD (BASE 65) ]
TOTAL THIS MO.     0
DPTR FM NORMAL     0    [PRESSURE DATA]
TOTAL FM JAN 1     0    HIGHEST SLP M ON M
DPTR FM NORMAL     0    LOWEST  SLP 29.28 ON  4

[REMARKS]
