000
CXUS53 KILX 212300
CF6ILX
PRELIMINARY LOCAL CLIMATOLOGICAL DATA (WS FORM: F-6)

                                          STATION:   LINCOLN IL
                                          MONTH:     DECEMBER
                                          YEAR:      2014
                                          LATITUDE:   40  9 N
                                          LONGITUDE:  89 20 W

  TEMPERATURE IN F:       :PCPN:    SNOW:  WIND      :SUNSHINE: SKY     :PK WND
================================================================================
1   2   3   4   5  6A  6B    7    8   9   10  11  12  13   14  15   16   17  18
                                     12Z  AVG MX 2MIN
DY MAX MIN AVG DEP HDD CDD  WTR  SNW DPTH SPD SPD DIR MIN PSBL S-S WX    SPD DR
================================================================================

 1  28  16  22 -13  43   0 0.00  0.0    0   M   M   M   M    M   M         M  M
 2  31  14  23 -11  42   0 0.00  0.0    0   M   M   M   M    M   M 1       M  M
 3  39  24  32  -2  33   0 0.00  0.0    0   M   M   M   M    M   M         M  M
 4  34  24  29  -4  36   0    T    T    0   M   M   M   M    M   M 1       M  M
 5  39  32  36   3  29   0 0.40  0.0    0   M   M   M   M    M   M 1       M  M
 6  37  27  32   0  33   0    T  0.0    0   M   M   M   M    M   M 1       M  M
 7  36  25  31  -1  34   0 0.00  0.0    0   M   M   M   M    M   M 1       M  M
 8  42  31  37   5  28   0 0.06  0.0    0   M   M   M   M    M   M 1       M  M
 9  36  31  34   3  31   0    T    T    0   M   M   M   M    M   M         M  M
10  33  30  32   1  33   0 0.00  0.0    0   M   M   M   M    M   M         M  M
11  32  22  27  -3  38   0 0.00  0.0    0   M   M   M   M    M   M 1       M  M
12  38  21  30   0  35   0 0.00  0.0    0   M   M   M   M    M   M 18      M  M
13  51  31  41  11  24   0 0.00  0.0    0   M   M   M   M    M   M 18      M  M
14  48  39  44  14  21   0 0.00  0.0    0   M   M   M   M    M   M 128     M  M
15  48  45  47  18  18   0 0.22  0.0    0   M   M   M   M    M   M 1       M  M
16  45  24  35   6  30   0 0.03  0.0    0   M   M   M   M    M   M 1       M  M
17  25  18  22  -7  43   0    T    T    0   M   M   M   M    M   M         M  M
18  28  19  24  -4  41   0 0.02  0.4    0   M   M   M   M    M   M         M  M
19  34  16  25  -3  40   0 0.00  0.0    T   M   M   M   M    M   M 1       M  M
20  36  29  33   5  32   0 0.00  0.0    0   M   M   M   M    M   M 1       M  M
================================================================================
SM  740  518       664   0  0.73     0.4     M          M        M
================================================================================
AV 37.0 25.9                                 M FASTST   M    M   8    MAX(MPH)
                                 MISC ---->     M   M                  M    M
================================================================================
NOTES:
# LAST OF SEVERAL OCCURRENCES

COLUMN 17 PEAK WIND IN M.P.H.

PRELIMINARY LOCAL CLIMATOLOGICAL DATA (WS FORM: F-6) , PAGE 2

                                          STATION:  LINCOLN IL
                                          MONTH:    DECEMBER
                                          YEAR:     2014
                                          LATITUDE:   40  9 N
                                          LONGITUDE:  89 20 W

[TEMPERATURE DATA]      [PRECIPITATION DATA]       SYMBOLS USED IN COLUMN 16

AVERAGE MONTHLY: 31.5   TOTAL FOR MONTH:   0.73    1 = FOG OR MIST
DPTR FM NORMAL:   0.6   DPTR FM NORMAL:   -1.05    2 = FOG REDUCING VISIBILITY
HIGHEST:    51 ON 13    GRTST 24HR  0.40 ON  5- 5      TO 1/4 MILE OR LESS
LOWEST:     14 ON  2                               3 = THUNDER
                        SNOW, ICE PELLETS, HAIL    4 = ICE PELLETS
                        TOTAL MONTH:   0.4 INCH    5 = HAIL
                        GRTST 24HR   0.4 ON   M    6 = FREEZING RAIN OR DRIZZLE
                        GRTST DEPTH:   T           7 = DUSTSTORM OR SANDSTORM:
                                                       VSBY 1/2 MILE OR LESS
                                                   8 = SMOKE OR HAZE
[NO. OF DAYS WITH]      [WEATHER - DAYS WITH]      9 = BLOWING SNOW
                                                   X = TORNADO
MAX 32 OR BELOW:   5    0.01 INCH OR MORE:   5
MAX 90 OR ABOVE:   0    0.10 INCH OR MORE:   2
MIN 32 OR BELOW:  18    0.50 INCH OR MORE:   0
MIN  0 OR BELOW:   0    1.00 INCH OR MORE:   0

[HDD (BASE 65) ]
TOTAL THIS MO.   664    CLEAR  (SCALE 0-3)   0
DPTR FM NORMAL   -16    PTCLDY (SCALE 4-7)   0
TOTAL FM JUL 1  2062    CLOUDY (SCALE 8-10)  0
DPTR FM NORMAL   239

[CDD (BASE 65) ]
TOTAL THIS MO.     0
DPTR FM NORMAL     0    [PRESSURE DATA]
TOTAL FM JAN 1   838    HIGHEST SLP M ON M
DPTR FM NORMAL  -179    LOWEST  SLP M ON M

[REMARKS]
