000
CXUS55 KLBF 211200
CF6IML
PRELIMINARY LOCAL CLIMATOLOGICAL DATA (WS FORM: F-6)

                                          STATION:   IMPERIAL NE
                                          MONTH:     SEPTEMBER
                                          YEAR:      2014
                                          LATITUDE:   40 31 N
                                          LONGITUDE: 101 37 W

  TEMPERATURE IN F:       :PCPN:    SNOW:  WIND      :SUNSHINE: SKY     :PK WND
================================================================================
1   2   3   4   5  6A  6B    7    8   9   10  11  12  13   14  15   16   17  18
                                     12Z  AVG MX 2MIN
DY MAX MIN AVG DEP HDD CDD  WTR  SNW DPTH SPD SPD DIR MIN PSBL S-S WX    SPD DR
================================================================================

 1  79  51  65  -5   0   0    T    M    M  6.6 17  30   M    M   2 3      23  20
 2  86  50  68  -2   0   3 0.00    M    M  9.6 21 180   M    M   2        27 200
 3  97  68  83  14   0  18 0.00    M    M  9.8 17 180   M    M   2 18     22 190
 4  80  59  70   1   0   5    T    M    M 13.4 29 360   M    M   0 8      35  10
 5  65  52  59 -10   6   0 0.19    M    M  5.1 15  30   M    M   8 18     18  30
 6  76  53  65  -3   0   0 0.00    M    M  6.9 13 170   M    M   1        17 180
 7  85  54  70   2   0   5 0.00    M    M 13.9 23 170   M    M   0        30 200
 8  93  56  75   7   0  10 0.00    M    M  5.6 12 340   M    M   0        15 350
 9  82  58  70   3   0   5    T    M    M  8.5 26 360   M    M   6        33  10
10  63  48  56 -11   9   0 0.02    M    M 12.6 22 360   M    M   9 1      28 350
11  48  35  42 -25  23   0 0.22    M    M 13.1 22 360   M    M  10 1      27  10
12  53  35  44 -22  21   0 0.04    M    M  8.2 16  20   M    M   7        20 360
13  64  34  49 -17  16   0 0.00    M    M 10.5 22 170   M    M   3        30 180
14  77  40  59  -6   6   0    T    M    M  9.7 26 150   M    M   0        31 150
15  68  49  59  -6   6   0 0.00    M    M  9.8 18  20   M    M   3        25 360
16  88  49  69   5   0   4    T    M    M  8.5 21 190   M    M   1 1      28 170
17  89  48  69   5   0   4 0.00    M    M  6.6 13 120   M    M   1 12     16 120
18  75  59  67   3   0   2 0.00    M    M 10.2 17 140   M    M   5 12     19 140
19  94  55  75  12   0  10 0.00    M    M  9.8 21 210   M    M   0        25 220
20  86  54  70   7   0   5 0.00    M    M  9.1 17  30   M    M   0        22  30
================================================================================
SM 1548 1007        87  71  0.47    M    187.5          M       60
================================================================================
AV 77.4 50.3                               9.4 FASTST   M    M   3    MAX(MPH)
                                 MISC ---->  # 29 360               # 35   10
================================================================================
NOTES:
# LAST OF SEVERAL OCCURRENCES

COLUMN 17 PEAK WIND IN M.P.H.

PRELIMINARY LOCAL CLIMATOLOGICAL DATA (WS FORM: F-6) , PAGE 2

                                          STATION:  IMPERIAL NE
                                          MONTH:    SEPTEMBER
                                          YEAR:     2014
                                          LATITUDE:   40 31 N
                                          LONGITUDE: 101 37 W

[TEMPERATURE DATA]      [PRECIPITATION DATA]       SYMBOLS USED IN COLUMN 16

AVERAGE MONTHLY: 63.9   TOTAL FOR MONTH:   0.47    1 = FOG OR MIST
DPTR FM NORMAL:  -2.7   DPTR FM NORMAL:   -0.54    2 = FOG REDUCING VISIBILITY
HIGHEST:    97 ON  3    GRTST 24HR  0.25 ON 11-12      TO 1/4 MILE OR LESS
LOWEST:     34 ON 13                               3 = THUNDER
                        SNOW, ICE PELLETS, HAIL    4 = ICE PELLETS
                        TOTAL MONTH:    M          5 = HAIL
                        GRTST 24HR    M  ON   M    6 = FREEZING RAIN OR DRIZZLE
                        GRTST DEPTH:  M  ON   M    7 = DUSTSTORM OR SANDSTORM:
                                                       VSBY 1/2 MILE OR LESS
                                                   8 = SMOKE OR HAZE
[NO. OF DAYS WITH]      [WEATHER - DAYS WITH]      9 = BLOWING SNOW
                                                   X = TORNADO
MAX 32 OR BELOW:   0    0.01 INCH OR MORE:   4
MAX 90 OR ABOVE:   3    0.10 INCH OR MORE:   2
MIN 32 OR BELOW:   0    0.50 INCH OR MORE:   0
MIN  0 OR BELOW:   0    1.00 INCH OR MORE:   0

[HDD (BASE 65) ]
TOTAL THIS MO.    87    CLEAR  (SCALE 0-3)  14
DPTR FM NORMAL    42    PTCLDY (SCALE 4-7)   3
TOTAL FM JUL 1    98    CLOUDY (SCALE 8-10)  3
DPTR FM NORMAL    44

[CDD (BASE 65) ]
TOTAL THIS MO.    71
DPTR FM NORMAL    -6    [PRESSURE DATA]
TOTAL FM JAN 1   917    HIGHEST SLP M ON M
DPTR FM NORMAL   -26    LOWEST  SLP 29.56 ON  3

[REMARKS]
