000
CXUS56 KFGZ 211715
CF6INW
PRELIMINARY LOCAL CLIMATOLOGICAL DATA (WS FORM: F-6)

                                          STATION:   WINSLOW AZ AIRPORT
                                          MONTH:     MAY
                                          YEAR:      2015
                                          LATITUDE:   35  1 N
                                          LONGITUDE: 110 44 W

  TEMPERATURE IN F:       :PCPN:    SNOW:  WIND      :SUNSHINE: SKY     :PK WND
================================================================================
1   2   3   4   5  6A  6B    7    8   9   10  11  12  13   14  15   16   17  18
                                     12Z  AVG MX 2MIN
DY MAX MIN AVG DEP HDD CDD  WTR  SNW DPTH SPD SPD DIR MIN PSBL S-S WX    SPD DR
================================================================================

 1  86  48  67   8   0   2 0.00    M    M  6.9 25 220   M    M   0        31 220
 2  83  48  66   7   0   1    T    M    M  7.2 28 220   M    M   1        37 210
 3  76  49  63   3   2   0 0.04    M    M  8.1 40 160   M    M   4 3      52 160
 4  68  49  59  -1   6   0 0.23    M    M  8.8 26 220   M    M   4 1      31 230
 5  68  48  58  -2   7   0 0.06    M    M 13.0 29 250   M    M   6 3      35 250
 6  75  47  61   0   4   0 0.00    M    M 10.9 25 210   M    M   2        33 220
 7  75  41  58  -3   7   0 0.00    M    M 12.5 28 210   M    M   0        34 180
 8  68  42  55  -6  10   0 0.00    M    M 17.2 43 230   M    M   1        55 230
 9  59  36  48 -14  17   0 0.01    M    M  8.3 25 270   M    M   7        35 270
10  71  36  54  -8  11   0 0.00    M    M  6.5 18 290   M    M   1        26 310
11  80  37  59  -3   6   0 0.00    M    M  8.2 20 180   M    M   0        24 180
12  79  46  63   1   2   0 0.00    M    M 11.8 29 180   M    M   0        37 170
13  78  41  60  -3   5   0 0.00    M    M  9.9 26 210   M    M   1        33 240
14  77  52  65   2   0   0    T    M    M 13.5 31 190   M    M   3        43 210
15  65  42  54  -9  11   0 0.11    M    M 11.7 30 220   M    M   7        35 220
16  64  39  52 -12  13   0 0.27    M    M 11.7 32 250   M    M   7 1      37 250
17  75  40  58  -6   7   0 0.00    M    M  6.8 16 180   M    M   0        21 180
18  79  45  62  -2   3   0 0.00    M    M 11.5 36 190   M    M   2        44 190
19  77  39  58  -6   7   0 0.00    M    M  9.6 25 260   M    M   0        30 220
20  80  40  60  -5   5   0 0.00    M    M  8.0 18 190   M    M   0        26 120
================================================================================
SM 1483  865       123   3  0.72    M    202.1          M       46
================================================================================
AV 74.2 43.2                              10.1 FASTST   M    M   2    MAX(MPH)
                                 MISC ---->  # 43 230               # 55  230
================================================================================
NOTES:
# LAST OF SEVERAL OCCURRENCES

COLUMN 17 PEAK WIND IN M.P.H.

PRELIMINARY LOCAL CLIMATOLOGICAL DATA (WS FORM: F-6) , PAGE 2

                                          STATION:  WINSLOW AZ AIRPORT
                                          MONTH:    MAY
                                          YEAR:     2015
                                          LATITUDE:   35  1 N
                                          LONGITUDE: 110 44 W

[TEMPERATURE DATA]      [PRECIPITATION DATA]       SYMBOLS USED IN COLUMN 16

AVERAGE MONTHLY: 58.7   TOTAL FOR MONTH:   0.72    1 = FOG OR MIST
DPTR FM NORMAL:  -3.2   DPTR FM NORMAL:    0.50    2 = FOG REDUCING VISIBILITY
HIGHEST:    86 ON  1    GRTST 24HR  0.38 ON 15-16      TO 1/4 MILE OR LESS
LOWEST:     36 ON 10, 9                            3 = THUNDER
                        SNOW, ICE PELLETS, HAIL    4 = ICE PELLETS
                        TOTAL MONTH:    M          5 = HAIL
                        GRTST 24HR    M  ON   M    6 = FREEZING RAIN OR DRIZZLE
                        GRTST DEPTH:  M  ON   M    7 = DUSTSTORM OR SANDSTORM:
                                                       VSBY 1/2 MILE OR LESS
                                                   8 = SMOKE OR HAZE
[NO. OF DAYS WITH]      [WEATHER - DAYS WITH]      9 = BLOWING SNOW
                                                   X = TORNADO
MAX 32 OR BELOW:   0    0.01 INCH OR MORE:   6
MAX 90 OR ABOVE:   0    0.10 INCH OR MORE:   3
MIN 32 OR BELOW:   0    0.50 INCH OR MORE:   0
MIN  0 OR BELOW:   0    1.00 INCH OR MORE:   0

[HDD (BASE 65) ]
TOTAL THIS MO.   123    CLEAR  (SCALE 0-3)  14
DPTR FM NORMAL    35    PTCLDY (SCALE 4-7)   6
TOTAL FM JUL 1  3797    CLOUDY (SCALE 8-10)  0
DPTR FM NORMAL  -670

[CDD (BASE 65) ]
TOTAL THIS MO.     3
DPTR FM NORMAL   -25    [PRESSURE DATA]
TOTAL FM JAN 1     3    HIGHEST SLP M ON M
DPTR FM NORMAL   -29    LOWEST  SLP 29.66 ON  8

[REMARKS]
