000
CXUS56 KFGZ 270900
CF6INW
PRELIMINARY LOCAL CLIMATOLOGICAL DATA (WS FORM: F-6)

                                          STATION:   WINSLOW AZ AIRPORT
                                          MONTH:     MAY
                                          YEAR:      2016
                                          LATITUDE:   35  1 N
                                          LONGITUDE: 110 44 W

  TEMPERATURE IN F:       :PCPN:    SNOW:  WIND      :SUNSHINE: SKY     :PK WND
================================================================================
1   2   3   4   5  6A  6B    7    8   9   10  11  12  13   14  15   16   17  18
                                     12Z  AVG MX 2MIN
DY MAX MIN AVG DEP HDD CDD  WTR  SNW DPTH SPD SPD DIR MIN PSBL S-S WX    SPD DR
================================================================================

 1  54  40  47 -12  18   0 0.29    M    M  6.3 22 210   M    M   8 1      25 210
 2  66  35  51  -8  14   0 0.01    M    M  5.2 24 280   M    M   4 1      30 270
 3  75  39  57  -3   8   0 0.00    M    M  3.6 15 100   M    M   0        17  10
 4  85  41  63   3   2   0 0.00    M    M  8.0 22 170   M    M   0        28 160
 5  87  53  70  10   0   5 0.00    M    M 12.7 35 180   M    M   0        43 150
 6  73  45  59  -2   6   0    T    M    M 15.1 38 160   M    M   1 3      47 200
 7  66  38  52  -9  13   0 0.00    M    M  9.7 21 240   M    M   4        27 240
 8  67  39  53  -8  12   0    T    M    M 11.4 29 270   M    M   4        43 250
 9  78  46  62   0   3   0 0.00    M    M 13.8 23 240   M    M   1        37 230
10  81  44  63   1   2   0 0.00    M    M 11.0 24 220   M    M   1        28 220
11  80  44  62   0   3   0 0.00    M    M  6.7 16 330   M    M   0        21 340
12  85  40  63   1   2   0 0.00    M    M  3.5 12 330   M    M   0        17  10
13  93  43  68   5   0   3 0.00    M    M  7.1 17 260   M    M   0        23 220
14  88  50  69   6   0   4    T    M    M  8.9 33 200   M    M   2 3      43 200
15  83  47  65   2   0   0 0.00  0.0    0 14.0 31 210   M    M   0        40 220
16  80  50  65   1   0   0    T  0.0    0 10.5 30 300   M    M   4 3      48 320
17  73  45  59  -5   6   0 0.01    M    0  8.6 22 260   M    M   3 3      29 220
18  65  45  55  -9  10   0 0.12    M    0  6.3 16 170   M    M   3 1      22 170
19  79  39  59  -5   6   0 0.00    M    M  6.6 22 200   M    M   1        27 210
20  83  52  68   3   0   3 0.00    M    M 15.0 31 200   M    M   1        42 190
21  79  51  65   0   0   0 0.00    M    M 17.3 31 200   M    M   0        40 200
22  78  46  62  -3   3   0 0.00    M    M 12.8 28 230   M    M   0        38 200
23  80  41  61  -5   4   0 0.00    M    M  8.3 23 220   M    M   0        31 210
24  78  38  58  -8   7   0 0.00    M    M 12.3 32 230   M    M   0        45 230
25  79  42  61  -5   4   0 0.00    M    M  9.9 28 190   M    M   0        36 190
26  74  45  60  -6   5   0    T    M    M 12.8 31 260   M    M   2        40 300
================================================================================
SM 2009 1138       128  15  0.43     0.0 257.4          M       39
================================================================================
AV 77.3 43.8                               9.9 FASTST   M    M   2    MAX(MPH)
                                 MISC ---->  # 38 160               # 48  320
================================================================================
NOTES:
# LAST OF SEVERAL OCCURRENCES

COLUMN 17 PEAK WIND IN M.P.H.

PRELIMINARY LOCAL CLIMATOLOGICAL DATA (WS FORM: F-6) , PAGE 2

                                          STATION:  WINSLOW AZ AIRPORT
                                          MONTH:    MAY
                                          YEAR:     2016
                                          LATITUDE:   35  1 N
                                          LONGITUDE: 110 44 W

[TEMPERATURE DATA]      [PRECIPITATION DATA]       SYMBOLS USED IN COLUMN 16

AVERAGE MONTHLY: 60.5   TOTAL FOR MONTH:   0.43    1 = FOG OR MIST
DPTR FM NORMAL:  -2.3   DPTR FM NORMAL:    0.15    2 = FOG REDUCING VISIBILITY
HIGHEST:    93 ON 13    GRTST 24HR  0.61 ON 30- 1      TO 1/4 MILE OR LESS
LOWEST:     35 ON  2                               3 = THUNDER
                        SNOW, ICE PELLETS, HAIL    4 = ICE PELLETS
                        TOTAL MONTH:   0.0 INCH    5 = HAIL
                        GRTST 24HR     0.0         6 = FREEZING RAIN OR DRIZZLE
                        GRTST DEPTH:   0           7 = DUSTSTORM OR SANDSTORM:
                                                       VSBY 1/2 MILE OR LESS
                                                   8 = SMOKE OR HAZE
[NO. OF DAYS WITH]      [WEATHER - DAYS WITH]      9 = BLOWING SNOW
                                                   X = TORNADO
MAX 32 OR BELOW:   0    0.01 INCH OR MORE:   4
MAX 90 OR ABOVE:   1    0.10 INCH OR MORE:   2
MIN 32 OR BELOW:   0    0.50 INCH OR MORE:   0
MIN  0 OR BELOW:   0    1.00 INCH OR MORE:   0

[HDD (BASE 65) ]
TOTAL THIS MO.   128    CLEAR  (SCALE 0-3)  21
DPTR FM NORMAL    28    PTCLDY (SCALE 4-7)   4
TOTAL FM JUL 1  4247    CLOUDY (SCALE 8-10)  1
DPTR FM NORMAL  -232

[CDD (BASE 65) ]
TOTAL THIS MO.    15
DPTR FM NORMAL   -30    [PRESSURE DATA]
TOTAL FM JAN 1    15    HIGHEST SLP M ON M
DPTR FM NORMAL   -34    LOWEST  SLP 29.69 ON M

[REMARKS]
