000
CXUS53 KBIS 270725
CF6ISN
PRELIMINARY LOCAL CLIMATOLOGICAL DATA (WS FORM: F-6)

                                          STATION:   WILLISTON ND
                                          MONTH:     FEBRUARY
                                          YEAR:      2015
                                          LATITUDE:   48 10 N
                                          LONGITUDE: 103 38 W

  TEMPERATURE IN F:       :PCPN:    SNOW:  WIND      :SUNSHINE: SKY     :PK WND
================================================================================
1   2   3   4   5  6A  6B    7    8   9   10  11  12  13   14  15   16   17  18
                                     12Z  AVG MX 2MIN
DY MAX MIN AVG DEP HDD CDD  WTR  SNW DPTH SPD SPD DIR MIN PSBL S-S WX    SPD DR
================================================================================

 1   8 -19  -5 -18  70   0 0.00    M    M  5.5 14 230   M    M   2        18 230
 2  15  -1   7  -6  58   0 0.01    M    M  6.6 23 360   M    M   5 18     27 360
 3  12 -11   1 -12  64   0 0.15    M    M  7.5 14 330   M    M   8 18     16 330
 4  11 -16  -2 -16  67   0 0.00    M    M  7.5 16 210   M    M   0        19 220
 5  28  -3  13  -1  52   0 0.00    M    M  4.0 12 140   M    M   3        16 110
 6  32  14  23   9  42   0 0.00    M    M  6.1 15 120   M    M   1        18 120
 7  49  19  34  20  31   0 0.00    M    M  6.8 17  10   M    M   3 1      20  10
 8  32  16  24   9  41   0 0.05    M    M  7.2 17  10   M    M  10 126    21 350
 9  30  15  23   8  42   0 0.03    M    M  8.5 16 120   M    M  10 16     22 120
10  30  10  20   5  45   0    T    M    M 14.4 29 330   M    M  10 168    36 330
11  11  -3   4 -12  61   0    T    M    M 11.3 21 340   M    M   6 8      26 360
12  32  -1  16   0  49   0 0.00    M    M  7.3 13 160   M    M   5        16 130
13  39  20  30  14  35   0    T    M    M  7.8 23  20   M    M   9 18     26  30
14  20   2  11  -5  54   0 0.08    M    M 15.1 24 130   M    M   9 8      31 130
15  33   5  19   2  46   0 0.00    M    M  8.8 21 310   M    M   9        24 320
16  29  -1  14  -3  51   0 0.01    M    M 12.9 30 340   M    M   8 1      36 330
17  12  -4   4 -14  61   0 0.00    M    M 15.0 31 310   M    M   1        39 310
18  18  -9   5 -13  60   0 0.00    M    M  3.5 12 340   M    M   3        14 340
19  38  16  27   9  38   0 0.05    M    M  7.2 17 300   M    M  10 1      23 310
20  36  18  27   8  38   0 0.02    M    M 10.3 20 350   M    M  10 18     24 350
21  18 -11   4 -15  61   0    T    M    M 14.0 26 330   M    M   5 1      30 330
22   7 -20  -6 -25  71   0 0.00    M    M  5.1 16 340   M    M   0        19 340
23  37  -6  16  -4  49   0 0.00    M    M 13.6 30 250   M    M   2        37 250
24  34  20  27   7  38   0 0.05    M    M  8.7 17 300   M    M  10 18     23 300
25  20  -8   6 -15  59   0 0.01    M    M 13.4 21 340   M    M   6 18     26 350
26  10 -19  -4 -25  69   0 0.00    M    M  3.2 16 340   M    M   0        20 350
================================================================================
SM  641   23      1352   0  0.46    M    231.3          M      145
================================================================================
AV 24.7  0.9                               8.9 FASTST   M    M   6    MAX(MPH)
                                 MISC ---->  # 31 310               # 39  310
================================================================================
NOTES:
# LAST OF SEVERAL OCCURRENCES

COLUMN 17 PEAK WIND IN M.P.H.

PRELIMINARY LOCAL CLIMATOLOGICAL DATA (WS FORM: F-6) , PAGE 2

                                          STATION:  WILLISTON ND
                                          MONTH:    FEBRUARY
                                          YEAR:     2015
                                          LATITUDE:   48 10 N
                                          LONGITUDE: 103 38 W

[TEMPERATURE DATA]      [PRECIPITATION DATA]       SYMBOLS USED IN COLUMN 16

AVERAGE MONTHLY: 12.8   TOTAL FOR MONTH:   0.46    1 = FOG OR MIST
DPTR FM NORMAL:  -3.8   DPTR FM NORMAL:    0.10    2 = FOG REDUCING VISIBILITY
HIGHEST:    49 ON  7    GRTST 24HR  0.16 ON  2- 3      TO 1/4 MILE OR LESS
LOWEST:    -20 ON 22                               3 = THUNDER
                        SNOW, ICE PELLETS, HAIL    4 = ICE PELLETS
                        TOTAL MONTH:    M          5 = HAIL
                        GRTST 24HR    M  ON   M    6 = FREEZING RAIN OR DRIZZLE
                        GRTST DEPTH:  M  ON   M    7 = DUSTSTORM OR SANDSTORM:
                                                       VSBY 1/2 MILE OR LESS
                                                   8 = SMOKE OR HAZE
[NO. OF DAYS WITH]      [WEATHER - DAYS WITH]      9 = BLOWING SNOW
                                                   X = TORNADO
MAX 32 OR BELOW:  19    0.01 INCH OR MORE:  10
MAX 90 OR ABOVE:   0    0.10 INCH OR MORE:   1
MIN 32 OR BELOW:  26    0.50 INCH OR MORE:   0
MIN  0 OR BELOW:  15    1.00 INCH OR MORE:   0

[HDD (BASE 65) ]
TOTAL THIS MO.  1352    CLEAR  (SCALE 0-3)   9
DPTR FM NORMAL    93    PTCLDY (SCALE 4-7)   8
TOTAL FM JUL 1  6399    CLOUDY (SCALE 8-10)  9
DPTR FM NORMAL  -281

[CDD (BASE 65) ]
TOTAL THIS MO.     0
DPTR FM NORMAL     0    [PRESSURE DATA]
TOTAL FM JAN 1     0    HIGHEST SLP M ON M
DPTR FM NORMAL     0    LOWEST  SLP 29.57 ON  7

[REMARKS]
