000
CXUS53 KGRB 220643
CF6ISW
PRELIMINARY LOCAL CLIMATOLOGICAL DATA (WS FORM: F-6)

                                          STATION:   WISCONSIN RAPIDS ASOS
                                          MONTH:     SEPTEMBER
                                          YEAR:      2017
                                          LATITUDE:   44 22 N
                                          LONGITUDE:  89 50 W

  TEMPERATURE IN F:       :PCPN:    SNOW:  WIND      :SUNSHINE: SKY     :PK WND
================================================================================
1   2   3   4   5  6A  6B    7    8   9   10  11  12  13   14  15   16   17  18
                                     12Z  AVG MX 2MIN
DY MAX MIN AVG DEP HDD CDD  WTR  SNW DPTH SPD SPD DIR MIN PSBL S-S WX    SPD DR
================================================================================

 1  71  42  57  -8   8   0 0.00  0.0    0  6.8 15 130   M    M   1 1      21 140
 2  61  47  54 -10  11   0 0.37  0.0    0  4.9 15 220   M    M   6 123    20 220
 3  83  50  67   3   0   2 0.00  0.0    0  7.5 16 240   M    M   3 12     21 240
 4  74  51  63  -1   2   0 0.17  0.0    0 10.8 24 350   M    M   6 1      32  10
 5  62  44  53 -10  12   0 0.04  0.0    0  9.9 25 340   M    M   5 1      34 340
 6  66  42  54  -9  11   0    T  0.0    0  7.0 15 310   M    M   5 1      18  20
 7  64  46  55  -8  10   0 0.05  0.0    0  3.9 14 320   M    M   8 1      18 320
 8  67  46  57  -5   8   0 0.06  0.0    0  8.1 15  40   M    M   2 1      19  80
 9  72  40  56  -6   9   0 0.00  0.0    0  7.6 15 130   M    M   0        21 140
10  74  43  59  -2   6   0 0.00  0.0    0  5.7 14 130   M    M   1 1      17 200
11  77  46  62   1   3   0 0.00  0.0    0  5.9 13 210   M    M   0 1      16 210
12  82  49  66   5   0   1 0.00  0.0    0  2.3  9 110   M    M   1 12     14  80
13  83  50  67   7   0   2 0.00  0.0    0  1.5  8 210   M    M   1 12     12 280
14  87  52  70  10   0   5 0.00  0.0    0  5.7 16 230   M    M   0 1      20 230
15  88  65  77  17   0  12    T  0.0    0  7.3 14 240   M    M   1         M  M
16  88  64  76  17   0  11    T  0.0    0  7.1 17 210   M    M   2        25 200
17  75  47  61   2   4   0 0.91  0.0    0  8.2 17 290   M    M   4 13     22 300
18  70  44  57  -1   8   0 0.03  0.0    0  5.2 13 160   M    M   6 1      18 160
19  80  57  69  11   0   4 0.00  0.0    0  8.2 15 120   M    M   3        20 130
20  80  61  71  14   0   6 0.19  0.0    0  5.4 15 180   M    M   6 123    22 160
21  82  60  71  14   0   6 0.00  0.0    0  6.2 13 150   M    M   5 128    20 190
================================================================================
SM 1586 1046        92  49  1.82     0.0 135.2          M       66
================================================================================
AV 75.5 49.8                               6.4 FASTST   M    M   3    MAX(MPH)
                                 MISC ---->  # 25 340               # 34  340
================================================================================
NOTES:
# LAST OF SEVERAL OCCURRENCES

COLUMN 17 PEAK WIND IN M.P.H.

PRELIMINARY LOCAL CLIMATOLOGICAL DATA (WS FORM: F-6) , PAGE 2

                                          STATION:  WISCONSIN RAPIDS ASOS
                                          MONTH:    SEPTEMBER
                                          YEAR:     2017
                                          LATITUDE:   44 22 N
                                          LONGITUDE:  89 50 W

[TEMPERATURE DATA]      [PRECIPITATION DATA]       SYMBOLS USED IN COLUMN 16

AVERAGE MONTHLY: 62.7   TOTAL FOR MONTH:   1.82    1 = FOG OR MIST
DPTR FM NORMAL:   1.7   DPTR FM NORMAL:   -0.95    2 = FOG REDUCING VISIBILITY
HIGHEST:    88 ON 16,15 GRTST 24HR  0.91 ON 17-17      TO 1/4 MILE OR LESS
LOWEST:     40 ON  9                               3 = THUNDER
                        SNOW, ICE PELLETS, HAIL    4 = ICE PELLETS
                        TOTAL MONTH:   0.0 INCH    5 = HAIL
                        GRTST 24HR     0.0         6 = FREEZING RAIN OR DRIZZLE
                        GRTST DEPTH:   0           7 = DUSTSTORM OR SANDSTORM:
                                                       VSBY 1/2 MILE OR LESS
                                                   8 = SMOKE OR HAZE
[NO. OF DAYS WITH]      [WEATHER - DAYS WITH]      9 = BLOWING SNOW
                                                   X = TORNADO
MAX 32 OR BELOW:   0    0.01 INCH OR MORE:   8
MAX 90 OR ABOVE:   0    0.10 INCH OR MORE:   4
MIN 32 OR BELOW:   0    0.50 INCH OR MORE:   1
MIN  0 OR BELOW:   0    1.00 INCH OR MORE:   0

[HDD (BASE 65) ]
TOTAL THIS MO.    92    CLEAR  (SCALE 0-3)  11
DPTR FM NORMAL   -20    PTCLDY (SCALE 4-7)   9
TOTAL FM JUL 1   129    CLOUDY (SCALE 8-10)  1
DPTR FM NORMAL   -30

[CDD (BASE 65) ]
TOTAL THIS MO.    49
DPTR FM NORMAL    21    [PRESSURE DATA]
TOTAL FM JAN 1   438    HIGHEST SLP M ON M
DPTR FM NORMAL   -16    LOWEST  SLP 29.64 ON  4

[REMARKS]
