000
CXUS53 KGRB 250722
CF6ISW
PRELIMINARY LOCAL CLIMATOLOGICAL DATA (WS FORM: F-6)

                                          STATION:   WISCONSIN RAPIDS ASOS
                                          MONTH:     JULY
                                          YEAR:      2017
                                          LATITUDE:   44 22 N
                                          LONGITUDE:  89 50 W

  TEMPERATURE IN F:       :PCPN:    SNOW:  WIND      :SUNSHINE: SKY     :PK WND
================================================================================
1   2   3   4   5  6A  6B    7    8   9   10  11  12  13   14  15   16   17  18
                                     12Z  AVG MX 2MIN
DY MAX MIN AVG DEP HDD CDD  WTR  SNW DPTH SPD SPD DIR MIN PSBL S-S WX    SPD DR
================================================================================

 1  77  56  67  -2   0   2    T  0.0    0  5.7 16 310   M    M   4        23 290
 2  80  60  70   0   0   5 0.33  0.0    0  4.8 13 320   M    M   5 13     16 340
 3  81  55  68  -2   0   3 0.00  0.0    0  5.5 10 100   M    M   2        16  70
 4  83  52  68  -2   0   3 0.00  0.0    0  5.0 13 150   M    M   0        19 130
 5  82  62  72   2   0   7 0.34  0.0    0  6.4 30  20   M    M   1 13     39  20
 6  90  64  77   7   0  12 0.17  0.0    0  7.3 16 190   M    M   2 138    21 190
 7  84  60  72   2   0   7    T  0.0    0  7.6 23 350   M    M   1 13     32 350
 8  80  51  66  -4   0   1 0.00  0.0    0  4.6 15 300   M    M   2 12     20 270
 9  82  58  70   0   0   5    T  0.0    0  5.8 14 240   M    M   1        18 230
10  87  63  75   5   0  10 0.07  0.0    0  4.0 17 220   M    M   2 13     24 220
11  88  62  75   5   0  10    T  0.0    0  4.4 13 200   M    M   2 12     16 190
12  86  68  77   7   0  12 0.33  0.0    0  6.9 29 220   M    M   5 13     38 200
13  74  58  66  -5   0   1    T  0.0    0  9.2 17 320   M    M   8 1      24 310
14  77  55  66  -5   0   1 0.00  0.0    0  6.4 12 310   M    M   7 1      16 320
15  87  52  70  -1   0   5    T  0.0    0  7.6 17 210   M    M   2 123    22 230
16  82  59  71   0   0   6 0.00  0.0    0  6.6 13  30   M    M   2        19  50
17  81  54  68  -3   0   3 0.00  0.0    0  5.4 14 220   M    M   2        19 210
18  90  66  78   7   0  13 0.16  0.0    0  5.9 24 210   M    M   5 3      30 230
19  83  64  74   3   0   9 0.15  0.0    0  7.5 32 170   M    M   1 138    43 170
20  88  64  76   5   0  11 0.08  0.0    0  6.5 17 240   M    M   4 13     24 240
21  79  61  70  -1   0   5 0.02  0.0    0  3.5 12 220   M    M   4 12     16 200
22  88  66  77   6   0  12    T  0.0    0  4.6 12 270   M    M   7 13     15 270
23  84  59  72   1   0   7 0.01  0.0    0  8.5 22  10   M    M   3 12     26 360
24  80  59  70  -1   0   5 0.00  0.0    0  6.0 13 130   M    M   5        18 130
================================================================================
SM 1993 1428         0 155  1.66     0.0 145.7          M       77
================================================================================
AV 83.0 59.5                               6.1 FASTST   M    M   3    MAX(MPH)
                                 MISC ---->  # 32 170               # 43  170
================================================================================
NOTES:
# LAST OF SEVERAL OCCURRENCES

COLUMN 17 PEAK WIND IN M.P.H.

PRELIMINARY LOCAL CLIMATOLOGICAL DATA (WS FORM: F-6) , PAGE 2

                                          STATION:  WISCONSIN RAPIDS ASOS
                                          MONTH:    JULY
                                          YEAR:     2017
                                          LATITUDE:   44 22 N
                                          LONGITUDE:  89 50 W

[TEMPERATURE DATA]      [PRECIPITATION DATA]       SYMBOLS USED IN COLUMN 16

AVERAGE MONTHLY: 71.3   TOTAL FOR MONTH:   1.66    1 = FOG OR MIST
DPTR FM NORMAL:   0.8   DPTR FM NORMAL:   -1.45    2 = FOG REDUCING VISIBILITY
HIGHEST:    90 ON 18, 6 GRTST 24HR  0.34 ON  5- 5      TO 1/4 MILE OR LESS
LOWEST:     51 ON  8                               3 = THUNDER
                        SNOW, ICE PELLETS, HAIL    4 = ICE PELLETS
                        TOTAL MONTH:   0.0 INCH    5 = HAIL
                        GRTST 24HR     0.0         6 = FREEZING RAIN OR DRIZZLE
                        GRTST DEPTH:   0           7 = DUSTSTORM OR SANDSTORM:
                                                       VSBY 1/2 MILE OR LESS
                                                   8 = SMOKE OR HAZE
[NO. OF DAYS WITH]      [WEATHER - DAYS WITH]      9 = BLOWING SNOW
                                                   X = TORNADO
MAX 32 OR BELOW:   0    0.01 INCH OR MORE:  10
MAX 90 OR ABOVE:   2    0.10 INCH OR MORE:   6
MIN 32 OR BELOW:   0    0.50 INCH OR MORE:   0
MIN  0 OR BELOW:   0    1.00 INCH OR MORE:   0

[HDD (BASE 65) ]
TOTAL THIS MO.     0    CLEAR  (SCALE 0-3)  14
DPTR FM NORMAL   -15    PTCLDY (SCALE 4-7)   9
TOTAL FM JUL 1     0    CLOUDY (SCALE 8-10)  1
DPTR FM NORMAL   -15

[CDD (BASE 65) ]
TOTAL THIS MO.   155
DPTR FM NORMAL    15    [PRESSURE DATA]
TOTAL FM JAN 1   279    HIGHEST SLP M ON M
DPTR FM NORMAL    26    LOWEST  SLP 29.74 ON M

[REMARKS]
