000
CXHW53 PHFO 011250
CF6ITO
PRELIMINARY LOCAL CLIMATOLOGICAL DATA (WS FORM: F-6)

                                          STATION:   HILO HI
                                          MONTH:     FEBRUARY
                                          YEAR:      2015
                                          LATITUDE:   19 43 N
                                          LONGITUDE: 155  4 W

  TEMPERATURE IN F:       :PCPN:    SNOW:  WIND      :SUNSHINE: SKY     :PK WND
================================================================================
1   2   3   4   5  6A  6B    7    8   9   10  11  12  13   14  15   16   17  18
                                     12Z  AVG MX 2MIN
DY MAX MIN AVG DEP HDD CDD  WTR  SNW DPTH SPD SPD DIR MIN PSBL S-S WX    SPD DR
================================================================================

 1  84  67  76   5   0  11    T  0.0    0  6.4 17 120   M    M   7        22 130
 2  88  61  75   4   0  10 0.00  0.0    0  9.2 23 350   M    M   1        34 360
 3  86  65  76   5   0  11 0.00  0.0    0  5.2 10  10   M    M   1        14  10
 4  86  67  77   6   0  12 0.00  0.0    0  6.4 14  70   M    M   1        20 100
 5  84  64  74   3   0   9    T  0.0    0  4.6 14 100   M    M   5        17  80
 6  81  66  74   3   0   9 0.00  0.0    0  5.6 14 100   M    M   8        20  90
 7  82  62  72   1   0   7    T  0.0    0  7.8 17  10   M    M   4        23  10
 8  82  62  72   1   0   7 0.00  0.0    0  6.7 15 110   M    M   6        21 110
 9  82  65  74   3   0   9    T  0.0    0  3.8 13 180   M    M   4        17 180
10  84  65  75   4   0  10    T  0.0    0  5.0 12 350   M    M   6        16 350
11  84  68  76   5   0  11 0.00  0.0    0  5.8 16  10   M    M   7        20  30
12  82  66  74   3   0   9    T  0.0    0  5.2 14  50   M    M   8        17  30
13  83  62  73   2   0   8 0.00  0.0    0  6.9 17  10   M    M   1        22  30
14  89  65  77   6   0  12 0.00  0.0    0  5.4 15 360   M    M   2        19 350
15  79  71  75   4   0  10 0.00  0.0    0 10.3 24 360   M    M   8        31 360
16  83  62  73   2   0   8 0.00  0.0    0  7.5 16 100   M    M   5        22 100
17  83  64  74   3   0   9 0.00  0.0    0  8.5 20 110   M    M   2        24 120
18  84  64  74   3   0   9 0.00  0.0    0  8.0 17 100   M    M   5        22 110
19  88  66  77   6   0  12 0.00  0.0    0  7.7 20 110   M    M   3        25 100
20  83  70  77   6   0  12 0.08  0.0    0  6.8 14 350   M    M   7        17 350
21  75  69  72   1   0   7 4.20  0.0    0  7.8 15  30   M    M  10 1      21 360
22  81  69  75   4   0  10 0.18  0.0    0  7.2 18 120   M    M   9 1      22 110
23  83  66  75   4   0  10 0.01  0.0    0  7.5 15  80   M    M   6        20 100
24  82  64  73   2   0   8 0.20  0.0    0  7.9 16  70   M    M   8        24  70
25  82  63  73   2   0   8 0.14  0.0    0  6.5 12  50   M    M   8        16  20
26  84  66  75   4   0  10 0.00  0.0    0  8.7 22 110   M    M   2        27 110
27  85  65  75   4   0  10 0.00  0.0    0  8.1 20 110   M    M   4        24 110
28  82  68  75   4   0  10 0.48  0.0    0  5.2 13  60   M    M   7        17 100
================================================================================
SM 2331 1832         0 268  5.29     0.0 191.7          M      145
================================================================================
AV 83.2 65.4                               6.8 FASTST   M    M   5    MAX(MPH)
                                 MISC ---->  # 24 360               # 34  360
================================================================================
NOTES:
# LAST OF SEVERAL OCCURRENCES

COLUMN 17 PEAK WIND IN M.P.H.

PRELIMINARY LOCAL CLIMATOLOGICAL DATA (WS FORM: F-6) , PAGE 2

                                          STATION:  HILO HI
                                          MONTH:    FEBRUARY
                                          YEAR:     2015
                                          LATITUDE:   19 43 N
                                          LONGITUDE: 155  4 W

[TEMPERATURE DATA]      [PRECIPITATION DATA]       SYMBOLS USED IN COLUMN 16

AVERAGE MONTHLY: 74.3   TOTAL FOR MONTH:   5.29    1 = FOG OR MIST
DPTR FM NORMAL:   3.1   DPTR FM NORMAL:   -4.27    2 = FOG REDUCING VISIBILITY
HIGHEST:    89 ON 14    GRTST 24HR  4.20 ON 21-21      TO 1/4 MILE OR LESS
LOWEST:     61 ON  2                               3 = THUNDER
                        SNOW, ICE PELLETS, HAIL    4 = ICE PELLETS
                        TOTAL MONTH:   0.0 INCH    5 = HAIL
                        GRTST 24HR     0.0         6 = FREEZING RAIN OR DRIZZLE
                        GRTST DEPTH:   0           7 = DUSTSTORM OR SANDSTORM:
                                                       VSBY 1/2 MILE OR LESS
                                                   8 = SMOKE OR HAZE
[NO. OF DAYS WITH]      [WEATHER - DAYS WITH]      9 = BLOWING SNOW
                                                   X = TORNADO
MAX 32 OR BELOW:   0    0.01 INCH OR MORE:   7
MAX 90 OR ABOVE:   0    0.10 INCH OR MORE:   5
MIN 32 OR BELOW:   0    0.50 INCH OR MORE:   1
MIN  0 OR BELOW:   0    1.00 INCH OR MORE:   1

[HDD (BASE 65) ]
TOTAL THIS MO.     0    CLEAR  (SCALE 0-3)   8
DPTR FM NORMAL     0    PTCLDY (SCALE 4-7)  16
TOTAL FM JUL 1     0    CLOUDY (SCALE 8-10)  4
DPTR FM NORMAL     0

[CDD (BASE 65) ]
TOTAL THIS MO.   268
DPTR FM NORMAL    96    [PRESSURE DATA]
TOTAL FM JAN 1   526    HIGHEST SLP 30.08 ON 24
DPTR FM NORMAL   156    LOWEST  SLP 29.60 ON 14

[REMARKS]
#FINAL-02-15#
