000
CXUS55 KRIW 260903
CF6JAC
PRELIMINARY LOCAL CLIMATOLOGICAL DATA (WS FORM: F-6)

                                          STATION:   JACKSON  WY
                                          MONTH:     MAY
                                          YEAR:      2016
                                          LATITUDE:   43 35 N
                                          LONGITUDE: 110 44 W

  TEMPERATURE IN F:       :PCPN:    SNOW:  WIND      :SUNSHINE: SKY     :PK WND
================================================================================
1   2   3   4   5  6A  6B    7    8   9   10  11  12  13   14  15   16   17  18
                                     12Z  AVG MX 2MIN
DY MAX MIN AVG DEP HDD CDD  WTR  SNW DPTH SPD SPD DIR MIN PSBL S-S WX    SPD DR
================================================================================

 1  55  34  45   3  20   0 0.00  0.0    M 14.0 18  50   M    M   1        29  30
 2  63  27  45   2  20   0    M    M    M  4.8 12 270   M    M   0         M  M
 3  68  27  48   5  17   0    M    M    M  3.4  8 300   M    M   0         M  M
 4  72  28  50   7  15   0    M    M    M  4.2 14 200   M    M   0        23 200
 5  73  34  54  10  11   0    M    M    M  4.5 17  10   M    M   1         M  M
 6  61  41  51   7  14   0    M    M    M  8.2 17 350   M    M   7        23 350
 7  54  41  48   4  17   0    M    M    M 11.2 21  60   M    M   7        29  60
 8  64  36  50   5  15   0 0.01    M    M  9.0 20 290   M    M   5 3      25 300
 9  57  34  46   1  19   0    M    M    M 11.4 29 190   M    M   6 3      37 210
10  39  27  33 -12  32   0    M    M    M  8.0 52 170   M    M   7        29 300
11  48  18  33 -13  32   0    M    M    M  1.8  7  10   M    M   1        23 250
12  64  21  43  -3  22   0    M    M    M  8.0 17 220   M    M   1        27 220
13  72  32  52   6  13   0 0.00  0.0    M  4.0 14 200   M    M   1        23 200
14  72  36  54   8  11   0    M    M    M  6.7 16 330   M    M   4        24  10
15  55  39  47   0  18   0    M    M    M  6.2 12 190   M    M   7        16 360
16  55  37  46  -1  19   0    M    M    M  8.5 17 360   M    M   8        23 360
17  61  36  49   2  16   0    M    M    M  8.3 16  10   M    M   4        25  10
18  64  37  51   3  14   0    M    M    M  3.8 14 270   M    M   6        18 270
19  66  34  50   2  15   0    M    M    M  5.5 15 190   M    M   5 3      28 190
20  61  39  50   2  15   0    M    M    M  3.2  9 250   M    M   8 3       M  M
21  48  34  41  -7  24   0    M    M    M  5.3 17 180   M    M   9 13     29 180
22  48  34  41  -8  24   0    M    M    M  6.3 17 180   M    M   7 3      24 270
23  55  30  43  -6  22   0    M    M    M  6.5 18 240   M    M   5        25 250
24  54  27  41  -8  24   0    M    M    M  5.2 21 220   M    M   5         M  M
25  54  39  47  -2  18   0 0.15    M    M  6.1 14 190   M    M   8 5       M  M
================================================================================
SM 1483  822       467   0  0.16     0.0 164.1          M      113
================================================================================
AV 59.3 32.9                               6.6 FASTST   M    M   5    MAX(MPH)
                                 MISC ---->    52   M                 37    M
================================================================================
NOTES:
# LAST OF SEVERAL OCCURRENCES

COLUMN 17 PEAK WIND IN M.P.H.

PRELIMINARY LOCAL CLIMATOLOGICAL DATA (WS FORM: F-6) , PAGE 2

                                          STATION:  JACKSON  WY
                                          MONTH:    MAY
                                          YEAR:     2016
                                          LATITUDE:   43 35 N
                                          LONGITUDE: 110 44 W

[TEMPERATURE DATA]      [PRECIPITATION DATA]       SYMBOLS USED IN COLUMN 16

AVERAGE MONTHLY: 46.1   TOTAL FOR MONTH:   0.16    1 = FOG OR MIST
DPTR FM NORMAL:   0.1   DPTR FM NORMAL:   -1.32    2 = FOG REDUCING VISIBILITY
HIGHEST:    73 ON  5    GRTST 24HR  0.15 ON 25-25      TO 1/4 MILE OR LESS
LOWEST:     18 ON 11                               3 = THUNDER
                        SNOW, ICE PELLETS, HAIL    4 = ICE PELLETS
                        TOTAL MONTH:   0.0 INCH    5 = HAIL
                        GRTST 24HR     0.0         6 = FREEZING RAIN OR DRIZZLE
                        GRTST DEPTH:  M  ON   M    7 = DUSTSTORM OR SANDSTORM:
                                                       VSBY 1/2 MILE OR LESS
                                                   8 = SMOKE OR HAZE
[NO. OF DAYS WITH]      [WEATHER - DAYS WITH]      9 = BLOWING SNOW
                                                   X = TORNADO
MAX 32 OR BELOW:   0    0.01 INCH OR MORE:   2
MAX 90 OR ABOVE:   0    0.10 INCH OR MORE:   1
MIN 32 OR BELOW:   9    0.50 INCH OR MORE:   0
MIN  0 OR BELOW:   0    1.00 INCH OR MORE:   0

[HDD (BASE 65) ]
TOTAL THIS MO.   467    CLEAR  (SCALE 0-3)   8
DPTR FM NORMAL    -7    PTCLDY (SCALE 4-7)  15
TOTAL FM JUL 1  8582    CLOUDY (SCALE 8-10)  2
DPTR FM NORMAL -1022

[CDD (BASE 65) ]
TOTAL THIS MO.     0
DPTR FM NORMAL     0    [PRESSURE DATA]
TOTAL FM JAN 1     0    HIGHEST SLP M ON M
DPTR FM NORMAL     0    LOWEST  SLP M ON M

[REMARKS]
