000
CXUS52 KJAX 220800
CF6JAX
PRELIMINARY LOCAL CLIMATOLOGICAL DATA (WS FORM: F-6)

                                          STATION:   JACKSONVILLE FL
                                          MONTH:     JULY
                                          YEAR:      2017
                                          LATITUDE:   30 30 N
                                          LONGITUDE:  81 42 W

  TEMPERATURE IN F:       :PCPN:    SNOW:  WIND      :SUNSHINE: SKY     :PK WND
================================================================================
1   2   3   4   5  6A  6B    7    8   9   10  11  12  13   14  15   16   17  18
                                     12Z  AVG MX 2MIN
DY MAX MIN AVG DEP HDD CDD  WTR  SNW DPTH SPD SPD DIR MIN PSBL S-S WX    SPD DR
================================================================================

 1  95  73  84   2   0  19 0.00  0.0    0  5.3 21 170   M    M   6 3      29 170
 2  95  77  86   4   0  21 0.00  0.0    0  5.6 13 270   M    M   7 3      17 120
 3  96  75  86   4   0  21    T  0.0    0  6.9 16 140   M    M   7 3      20 290
 4  96  75  86   4   0  21 0.00  0.0    0  5.6 15 140   M    M   6        19 140
 5  96  74  85   3   0  20 0.00  0.0    0  4.5 16 130   M    M   3        20 100
 6  96  74  85   3   0  20 0.29  0.0    0  4.5 24 150   M    M   3 13     32 150
 7  95  74  85   3   0  20 0.00  0.0    0  5.8 15 140   M    M   3 3      17 140
 8  94  74  84   2   0  19 0.00  0.0    0  6.3 20 200   M    M   5 3      26 220
 9  91  74  83   1   0  18    T  0.0    0  4.5 17 190   M    M   5 13     22 190
10  91  73  82   0   0  17 1.97  0.0    0  3.0 26 260   M    M   7 1238   32 250
11  90  72  81  -1   0  16 0.00  0.0    0  4.3 13 120   M    M   7 13     16 120
12  90  74  82   0   0  17 0.00  0.0    0  5.8 15  80   M    M   5        19 130
13  90  75  83   1   0  18    T  0.0    0  6.5 17 110   M    M   5 13     20 110
14  91  76  84   2   0  19    T  0.0    0  5.3 17  80   M    M   6        20  70
15  92  74  83   1   0  18 0.00  0.0    0  4.7 15 150   M    M   6 3      20  90
16  93  74  84   2   0  19 0.62  0.0    0  4.7 25 130   M    M   7 13     31 150
17  91  71  81  -1   0  16 1.01  0.0    0  2.9 33 120   M    M   7 13     44 110
18  89  73  81  -1   0  16 0.02  0.0    0  3.3 14  70   M    M   8 13     16  60
19  90  75  83   1   0  18 0.00  0.0    0  4.6 14  70   M    M   7 13     16  70
20  92  72  82   0   0  17 0.00  0.0    0  4.5 28 300   M    M   6 13     37 300
21  93  70  82   0   0  17 0.00  0.0    0  3.5 16 280   M    M   4        20 280
================================================================================
SM 1946 1549         0 387  3.91     0.0 102.1          M      120
================================================================================
AV 92.7 73.8                               4.9 FASTST   M    M   6    MAX(MPH)
                                 MISC ---->  # 33 120               # 44  110
================================================================================
NOTES:
# LAST OF SEVERAL OCCURRENCES

COLUMN 17 PEAK WIND IN M.P.H.

PRELIMINARY LOCAL CLIMATOLOGICAL DATA (WS FORM: F-6) , PAGE 2

                                          STATION:  JACKSONVILLE FL
                                          MONTH:    JULY
                                          YEAR:     2017
                                          LATITUDE:   30 30 N
                                          LONGITUDE:  81 42 W

[TEMPERATURE DATA]      [PRECIPITATION DATA]       SYMBOLS USED IN COLUMN 16

AVERAGE MONTHLY: 83.2   TOTAL FOR MONTH:   3.91    1 = FOG OR MIST
DPTR FM NORMAL:   1.2   DPTR FM NORMAL:   -0.52    2 = FOG REDUCING VISIBILITY
HIGHEST:    96 ON  6, 5 GRTST 24HR  1.97 ON 10-10      TO 1/4 MILE OR LESS
LOWEST:     70 ON 21                               3 = THUNDER
                        SNOW, ICE PELLETS, HAIL    4 = ICE PELLETS
                        TOTAL MONTH:   0.0 INCH    5 = HAIL
                        GRTST 24HR     0.0         6 = FREEZING RAIN OR DRIZZLE
                        GRTST DEPTH:   0           7 = DUSTSTORM OR SANDSTORM:
                                                       VSBY 1/2 MILE OR LESS
                                                   8 = SMOKE OR HAZE
[NO. OF DAYS WITH]      [WEATHER - DAYS WITH]      9 = BLOWING SNOW
                                                   X = TORNADO
MAX 32 OR BELOW:   0    0.01 INCH OR MORE:   5
MAX 90 OR ABOVE:  20    0.10 INCH OR MORE:   4
MIN 32 OR BELOW:   0    0.50 INCH OR MORE:   3
MIN  0 OR BELOW:   0    1.00 INCH OR MORE:   2

[HDD (BASE 65) ]
TOTAL THIS MO.     0    CLEAR  (SCALE 0-3)   2
DPTR FM NORMAL     0    PTCLDY (SCALE 4-7)  19
TOTAL FM JUL 1     0    CLOUDY (SCALE 8-10)  0
DPTR FM NORMAL     0

[CDD (BASE 65) ]
TOTAL THIS MO.   387
DPTR FM NORMAL    27    [PRESSURE DATA]
TOTAL FM JAN 1  1482    HIGHEST SLP M ON M
DPTR FM NORMAL   189    LOWEST  SLP 29.95 ON M

[REMARKS]
