000
CXUS54 KSJT 011511
CF6JCT

PRELIMINARY LOCAL CLIMATOLOGICAL DATA (WS FORM: F-6)

                                          STATION:   JUNCTION
                                          MONTH:     JANUARY
                                          YEAR:      2015
                                          LATITUDE:   30 18 N
                                          LONGITUDE:  99 28 W

  TEMPERATURE IN F:       :PCPN:    SNOW:  WIND      :SUNSHINE: SKY     :PK WND
================================================================================
1   2   3   4   5  6A  6B    7    8   9   10  11  12  13   14  15   16   17  18
                                     12Z  AVG MX 2MIN
DY MAX MIN AVG DEP HDD CDD  WTR  SNW DPTH SPD SPD DIR MIN PSBL S-S WX    SPD DR
================================================================================

 1  35  27  31 -15  34   0 0.01  0.0    0  5.0  9  40   M    M  10 16     12  40
 2  36  33  35 -11  30   0 0.39  0.0    0  5.6 20  60   M    M  10 13     24  70
 3  60  34  47   1  18   0 0.00  0.0    0  6.5 21 270   M    M   4 1      30 270
 4  49  27  38  -8  27   0 0.00  0.0    0  4.1 17  20   M    M   1        20  10
 5  58  21  40  -6  25   0 0.00  0.0    0  2.9 14 210   M    M   0        18 210
 6  74  30  52   6  13   0 0.00  0.0    0  2.8 10  70   M    M   0 8      15  80
 7  46  25  36 -10  29   0 0.00  0.0    0 11.2 28  30   M    M   1        34  40
 8  44  20  32 -14  33   0 0.00  0.0    0  4.7 16 200   M    M   3        19 200
 9  40  32  36 -10  29   0    T  0.0    0  9.1 24  50   M    M   9        31  40
10  35  29  32 -14  33   0 0.24  0.0    0  3.5  8  80   M    M  10 16      9  80
11  62  35  49   3  16   0    T  0.0    0  2.4 10 270   M    M   5 1      14 250
12  44  34  39  -8  26   0 0.00  0.0    0  9.3 18  20   M    M   6 1      23  30
13  38  30  34 -13  31   0 0.00  0.0    0  7.4 14  20   M    M  10 18     18  20
14  38  35  37 -10  28   0 0.00  0.0    0  3.7 10  50   M    M  10 1      13  60
15  57  32  45  -2  20   0 0.00  0.0    0  4.3 15 330   M    M   3 1      20 320
16  64  26  45  -2  20   0 0.00  0.0    0  2.9 12 260   M    M   0 1      23 210
17  68  32  50   3  15   0 0.00  0.0    0  5.0 18 250   M    M   0 18     24 250
18  71  28  50   3  15   0 0.00  0.0    0  4.9 15 210   M    M   0 8      21 170
19  77  30  54   7  11   0 0.00  0.0    0  5.0 17 250   M    M   0 8      23 250
20  82  31  57  10   8   0 0.00  0.0    0  6.7 20  20   M    M   0 8      25  30
21  54  42  48   0  17   0 0.31  0.0    0  9.0 17  70   M    M   8 18     22  60
22  47  38  43  -5  22   0 0.19  0.0    0 12.3 24  40   M    M  10 1      31  30
23  44  30  37 -11  28   0 0.17    T    0  7.1 16  10   M    M   8 1      20  10
24  63  27  45  -3  20   0 0.00  0.0    0  3.4 10 320   M    M   0 1      13 310
25  68  31  50   2  15   0 0.00  0.0    0  6.8 18 360   M    M   0        23 350
26  69  31  50   2  15   0 0.00  0.0    0  4.1 12 280   M    M   0        16 240
27  80  30  55   7  10   0 0.00  0.0    0  3.2 10 260   M    M   0 18     14 220
28  81  38  60  12   5   0 0.00  0.0    0  5.9 22 220   M    M   0        28 230
29  75  40  58  10   7   0 0.00  0.0    0  7.8 23  30   M    M   1 18     27  30
30  59  45  52   4  13   0 0.00  0.0    0  8.8 17  80   M    M   4        20  60
31  60  48  54   6  11   0 0.10  0.0    0  7.6 15 160   M    M  10 18     19 200
================================================================================
SM 1778  991       624   0  1.41    T    183.0          M      123
================================================================================
AV 57.4 32.0                               5.9 FASTST   M    M   4    MAX(MPH)
                                 MISC ---->  # 28  30               # 34   40
================================================================================
NOTES:
# LAST OF SEVERAL OCCURRENCES

COLUMN 17 PEAK WIND IN M.P.H.

PRELIMINARY LOCAL CLIMATOLOGICAL DATA (WS FORM: F-6) , PAGE 2

                                          STATION:  JUNCTION
                                          MONTH:    JANUARY
                                          YEAR:     2015
                                          LATITUDE:   30 18 N
                                          LONGITUDE:  99 28 W

[TEMPERATURE DATA]      [PRECIPITATION DATA]       SYMBOLS USED IN COLUMN 16

AVERAGE MONTHLY: 44.7   TOTAL FOR MONTH:   1.41    1 = FOG OR MIST
DPTR FM NORMAL:  -2.4   DPTR FM NORMAL:    0.55    2 = FOG REDUCING VISIBILITY
HIGHEST:    82 ON 20    GRTST 24HR  0.49 ON 21-22      TO 1/4 MILE OR LESS
LOWEST:     20 ON  8                               3 = THUNDER
                        SNOW, ICE PELLETS, HAIL    4 = ICE PELLETS
                        TOTAL MONTH:    T          5 = HAIL
                        GRTST 24HR    T  ON 23-23  6 = FREEZING RAIN OR DRIZZLE
                        GRTST DEPTH:   0           7 = DUSTSTORM OR SANDSTORM:
                                                       VSBY 1/2 MILE OR LESS
                                                   8 = SMOKE OR HAZE
[NO. OF DAYS WITH]      [WEATHER - DAYS WITH]      9 = BLOWING SNOW
                                                   X = TORNADO
MAX 32 OR BELOW:   0    0.01 INCH OR MORE:   7
MAX 90 OR ABOVE:   0    0.10 INCH OR MORE:   6
MIN 32 OR BELOW:  20    0.50 INCH OR MORE:   0
MIN  0 OR BELOW:   0    1.00 INCH OR MORE:   0

[HDD (BASE 65) ]
TOTAL THIS MO.   624    CLEAR  (SCALE 0-3)  17
DPTR FM NORMAL    67    PTCLDY (SCALE 4-7)   4
TOTAL FM JUL 1  1400    CLOUDY (SCALE 8-10) 10
DPTR FM NORMAL   -94

[CDD (BASE 65) ]
TOTAL THIS MO.     0
DPTR FM NORMAL    -1    [PRESSURE DATA]
TOTAL FM JAN 1     0    HIGHEST SLP 30.76 ON  7
DPTR FM NORMAL     0    LOWEST  SLP 29.81 ON 20

[REMARKS]
#FINAL-01-15#
