000
CXUS55 KBOI 191002
CF6JER
PRELIMINARY LOCAL CLIMATOLOGICAL DATA (WS FORM: F-6)

                                          STATION:   JEROME ID
                                          MONTH:     OCTOBER
                                          YEAR:      2017
                                          LATITUDE:   42 43 N
                                          LONGITUDE: 114 27 W

  TEMPERATURE IN F:       :PCPN:    SNOW:  WIND      :SUNSHINE: SKY     :PK WND
================================================================================
1   2   3   4   5  6A  6B    7    8   9   10  11  12  13   14  15   16   17  18
                                     12Z  AVG MX 2MIN
DY MAX MIN AVG DEP HDD CDD  WTR  SNW DPTH SPD SPD DIR MIN PSBL S-S WX    SPD DR
================================================================================

 1  56  36  46  -9  19   0 0.00    M    M 15.1 30 240   M    M   1        38 230
 2  51  34  43 -11  22   0    T    M    M  8.0 22  10   M    M   5        26 360
 3  59  29  44 -10  21   0 0.00    M    M 16.5 25  40   M    M   0        39  30
 4  50  39  45  -9  20   0 0.37    M    M  9.3 22  50   M    M   8 1      29  50
 5  59  34  47  -6  18   0 0.00    M    M  9.4 21  60   M    M   0        24  60
 6  66  37  52  -1  13   0 0.00    M    M  7.7 20 250   M    M   0        24 270
 7  67  46  57   5   8   0 0.00    M    M 12.2 22 250   M    M   0        32 250
 8  54  34  44  -8  21   0 0.00    M    M 16.7 29 240   M    M   2        35 250
 9  54  29  42 -10  23   0 0.00    M    M  6.6 16  70   M    M   0        22  70
10  65  34  50  -1  15   0 0.00    M    M 11.7 20  40   M    M   0        24  40
11  58  37  48  -3  17   0 0.00    M    M  9.4 20 260   M    M   1 8      26 250
12  50  30  40 -10  25   0 0.00    M    M  9.9 16 230   M    M   0        20 210
13  54  32  43  -7  22   0 0.02    M    M 10.9 25 260   M    M   5        32 250
14  47  28  38 -12  27   0 0.00    M    M 11.5 25 250   M    M   2        34 240
15  61  27  44  -5  21   0 0.00    M    M 13.3 24  60   M    M   0        29  50
16  64  31  48  -1  17   0 0.00    M    M  5.6 17  40   M    M   0        23  30
17  69  37  53   4  12   0 0.00    M    M  8.7 21  40   M    M   0 8      25  40
18  73  38  56   8   9   0 0.00    M    M  5.9 14  30   M    M   0        18  90
================================================================================
SM 1057  612       330   0  0.39    M    188.4          M       24
================================================================================
AV 58.7 34.0                              10.5 FASTST   M    M   1    MAX(MPH)
                                 MISC ---->  # 30 240               # 39   30
================================================================================
NOTES:
# LAST OF SEVERAL OCCURRENCES

COLUMN 17 PEAK WIND IN M.P.H.

PRELIMINARY LOCAL CLIMATOLOGICAL DATA (WS FORM: F-6) , PAGE 2

                                          STATION:  JEROME ID
                                          MONTH:    OCTOBER
                                          YEAR:     2017
                                          LATITUDE:   42 43 N
                                          LONGITUDE: 114 27 W

[TEMPERATURE DATA]      [PRECIPITATION DATA]       SYMBOLS USED IN COLUMN 16

AVERAGE MONTHLY: 46.4   TOTAL FOR MONTH:   0.39    1 = FOG OR MIST
DPTR FM NORMAL:  -5.1   DPTR FM NORMAL:   -0.04    2 = FOG REDUCING VISIBILITY
HIGHEST:    73 ON 18    GRTST 24HR  0.37 ON  4- 4      TO 1/4 MILE OR LESS
LOWEST:     27 ON 15                               3 = THUNDER
                        SNOW, ICE PELLETS, HAIL    4 = ICE PELLETS
                        TOTAL MONTH:    M          5 = HAIL
                        GRTST 24HR    M  ON   M    6 = FREEZING RAIN OR DRIZZLE
                        GRTST DEPTH:  M  ON   M    7 = DUSTSTORM OR SANDSTORM:
                                                       VSBY 1/2 MILE OR LESS
                                                   8 = SMOKE OR HAZE
[NO. OF DAYS WITH]      [WEATHER - DAYS WITH]      9 = BLOWING SNOW
                                                   X = TORNADO
MAX 32 OR BELOW:   0    0.01 INCH OR MORE:   2
MAX 90 OR ABOVE:   0    0.10 INCH OR MORE:   1
MIN 32 OR BELOW:   7    0.50 INCH OR MORE:   0
MIN  0 OR BELOW:   0    1.00 INCH OR MORE:   0

[HDD (BASE 65) ]
TOTAL THIS MO.   330    CLEAR  (SCALE 0-3)  15
DPTR FM NORMAL    85    PTCLDY (SCALE 4-7)   3
TOTAL FM JUL 1   541    CLOUDY (SCALE 8-10)  0
DPTR FM NORMAL    93

[CDD (BASE 65) ]
TOTAL THIS MO.     0
DPTR FM NORMAL     0    [PRESSURE DATA]
TOTAL FM JAN 1   929    HIGHEST SLP M ON M
DPTR FM NORMAL   420    LOWEST  SLP 29.74 ON 11

[REMARKS]
